{"id":599840,"date":"2026-07-21T13:00:52","date_gmt":"2026-07-21T13:00:52","guid":{"rendered":"http:\/\/cf-motors.de\/de\/listing\/mercedes-benz-amg-gt-r-1-of-750-carbon-cam-keramik\/"},"modified":"2026-07-21T13:00:52","modified_gmt":"2026-07-21T13:00:52","slug":"mercedes-benz-amg-gt-r-1-of-750-carbon-cam-keramik","status":"publish","type":"vehica_car","link":"https:\/\/cf-motors.de\/pt\/listing\/mercedes-benz-amg-gt-r-1-of-750-carbon-cam-keramik\/","title":{"rendered":"MERCEDES-BENZ AMG GT R 1 de 750, CARBONO, CAM, CER\u00c2MICA"},"content":{"rendered":"<p><strong>OBRIGADO PELO SEU INTERESSE NUM DOS NOSSOS VE\u00cdCULOS<\/strong><\/p>\n<hr\/>\n<p>Temos o prazer de lhe apresentar este AMG GT R Cabrio em excelente estado de conserva\u00e7\u00e3o. Com matr\u00edcula original e um historial verific\u00e1vel, este \u00e9 o companheiro perfeito para belos passeios de ver\u00e3o. Se tiver mais alguma d\u00favida, estamos \u00e0 sua disposi\u00e7\u00e3o a qualquer momento!<br \/>Equipamento especial:<br \/>AMG Track Pace (aplica\u00e7\u00e3o), Telefonia no autom\u00f3vel (m\u00f3dulo de telefone Bluetooth), Fun\u00e7\u00e3o de escrit\u00f3rio no ve\u00edculo, Soles das portas (AMG) iluminados, Pacote de assist\u00eancia \u00e0 condu\u00e7\u00e3o: faixa de rodagem, Sistema de assist\u00eancia \u00e0 condu\u00e7\u00e3o: assistente de m\u00e1ximos adaptativo, Sistema de assist\u00eancia \u00e0 condu\u00e7\u00e3o: Sistema de Informa\u00e7\u00e3o de Tr\u00e1fego Live Traffic, Configura\u00e7\u00e3o do Ve\u00edculo (Servi\u00e7os Online \/ Aplica\u00e7\u00f5es), Extintor, Sistema de trav\u00f5es cer\u00e2micos (AMG), Interface Multim\u00e9dia (Interface universal para iPod \/ AUX \/ USB \/ MP3), Cobertura do compartimento do motor em carbono, Pacote de Estacionamento, Kit de repara\u00e7\u00e3o de pneus (Tirefit), Bancos dianteiros aquecidos, Smartphone integrado, Pacote de Espelhos, Pr\u00e9-equipamento para servi\u00e7os de navega\u00e7\u00e3o, Defletor de ar em vidro (Airguide)<br \/>O que significa CF Automotive Services GmbH:<br \/>- Mais de 10 anos de experi\u00eancia em vendas mundiais de autom\u00f3veis de luxo<\/p>\n<ul>\n<li>)<\/li>\n<\/ul>\n<p>- Um correspondente competente desde a primeira pergunta at\u00e9 ao dia da entrega, claro que tamb\u00e9m estamos dispon\u00edveis ap\u00f3s a compra do seu carro de sonho<br \/>- Falamos fluentemente as seguintes l\u00ednguas: alem\u00e3o e ingl\u00eas<br \/>Pode tamb\u00e9m visitar-nos nas redes sociais - Instagram: cf_motors_international<br \/>Aguardamos o seu contacto!<br \/>Pode contactar-nos por telefone, correio ou enviar-nos uma mensagem atrav\u00e9s do WhatsApp.<br \/>- Por telefone: +49 1579 2372427<br \/>- Por correio eletr\u00f3nico: info(at)cf-motors.de<\/p>\n<hr\/>\n<p><strong>Sistemas de assist\u00eancia:<\/strong><\/p>\n<ul>\n<li>C\u00e2mara frontal<\/li>\n<li>Parktronic<\/li>\n<li>PDC (ajuda ao estacionamento)<\/li>\n<li>Sensor de chuva<\/li>\n<li>C\u00e2mara de vis\u00e3o traseira<\/li>\n<\/ul>\n<p><strong class='title'>Multim\u00e9dia e Infotainment:<\/strong><\/p>\n<ul>\n<li>Interface Bluetooth<\/li>\n<li>COMANDO Online<\/li>\n<li>Kit m\u00e3os livres<\/li>\n<li>Navega\u00e7\u00e3o \/ Navega\u00e7\u00e3o em linha<\/li>\n<li>R\u00e1dio<\/li>\n<li>Prepara\u00e7\u00e3o telef\u00f3nica com Bluetooth<\/li>\n<li>Interface\/liga\u00e7\u00e3o USB<\/li>\n<\/ul>\n<p><strong class='title'>Seguran\u00e7a e tecnologia:<\/strong><\/p>\n<ul>\n<li>Sistema de travagem antibloqueio (ABS)<\/li>\n<li>Airbag de passageiro<\/li>\n<li>Programa Electr\u00f3nico de Estabilidade (ESP)<\/li>\n<li>Airbag do condutor<\/li>\n<li>Sistema de travagem em cer\u00e2mica<\/li>\n<li>Sistema de airbag da cabe\u00e7a<\/li>\n<li>Chassis desportivo<\/li>\n<\/ul>\n<p><strong class='title'>Conforto e climatiza\u00e7\u00e3o:<\/strong><\/p>\n<ul>\n<li>Espelhos interiores\/exteriores com escurecimento autom\u00e1tico<\/li>\n<li>Fun\u00e7\u00e3o Keyless Go Start<\/li>\n<li>Controlo clim\u00e1tico autom\u00e1tico<\/li>\n<li>Direc\u00e7\u00e3o assistida<\/li>\n<li>Sistema de chamada telem\u00e1tica\/emerg\u00eancia (prepara\u00e7\u00e3o)<\/li>\n<\/ul>\n<p><strong class='title'>Exterior e design:<\/strong><\/p>\n<ul>\n<li>Sistema de escape AMG Performance<\/li>\n<li>Pacote exterior em carbono<\/li>\n<li>L\u00e1bio spoiler frontal de carbono<\/li>\n<li>Capas de espelho em carbono<\/li>\n<li>Spoiler traseiro<\/li>\n<li>Cobertura do motor em carbono<\/li>\n<li>Sistema de escape Titan \/ Silenciador traseiro<\/li>\n<\/ul>\n<p><strong class='title'>Interior e design:<\/strong><\/p>\n<ul>\n<li>Volante em Alc\u00e2ntara<\/li>\n<li>Guarni\u00e7\u00f5es da soleira da porta AMG<\/li>\n<li>Volante de direc\u00e7\u00e3o AMG Performance<\/li>\n<li>Aplica\u00e7\u00f5es interiores em carbono<\/li>\n<li>P\u00e1s de mudan\u00e7a de velocidades no volante<\/li>\n<li>Pedais desportivos em a\u00e7o inoxid\u00e1vel<\/li>\n<\/ul>\n<p><strong class='title'>Ambiente e tarifa\u00e7\u00e3o:<\/strong><\/p>\n<ul>\n<li>E10 adequado<\/li>\n<li>Catalisador<\/li>\n<\/ul>\n<p><strong class='title'>Caixa de velocidades:<\/strong><\/p>\n<ul>\n<li>AMG SPEEDSHIFT DCT<\/li>\n<\/ul>\n<p><strong class='title'>Mais informa\u00e7\u00f5es:<\/strong><\/p>\n<ul>\n<li>Primeira propriedade<\/li>\n<li>sem acidentes<\/li>\n<\/ul>\n<p><\/p>\n<hr\/>\n<p>Sujeito a venda pr\u00e9via e com exce\u00e7\u00e3o de erros. A descri\u00e7\u00e3o do ve\u00edculo serve exclusivamente para a identifica\u00e7\u00e3o geral do ve\u00edculo e n\u00e3o constitui uma garantia juridicamente vinculativa. Apenas os acordos constantes do contrato de compra e venda e da confirma\u00e7\u00e3o da encomenda s\u00e3o vinculativos. Por favor, tenha em aten\u00e7\u00e3o que determinados extras opcionais podem implicar custos adicionais. Informa\u00e7\u00f5es pormenorizadas sobre a gama de equipamento podem ser obtidas junto dos nossos vendedores.<\/p>","protected":false},"author":95,"featured_media":0,"template":"","vehica_6654":[2073],"vehica_17481":[2452],"vehica_6655":[2476],"vehica_6659":[2720],"vehica_6660":[2771],"vehica_6657":[],"vehica_6661":[],"vehica_6662":[2483],"vehica_6663":[2107],"vehica_12974":[],"vehica_6666":[2323],"vehica_12770":[],"vehica_6670":[],"vehica_12723":[],"vehica_18854":[],"class_list":["post-599840","vehica_car","type-vehica_car","status-publish","hentry","vehica_6654-used","vehica_17481-car","vehica_6655-car","vehica_6659-mercedes-benz","vehica_6660-amg-gt-r","vehica_6662-automatic_gear","vehica_6663-petrol","vehica_6666-grey"],"vehica_6656":{"vehica_currency_6656_2316":174930},"vehica_14696":"2019","vehica_6664":"43152","vehica_6665":"3982","vehica_6671":"","vehica_6673":["https:\/\/cf-motors.de\/wp-content\/uploads\/cars_pictures\/2571552_1.jpg","https:\/\/cf-motors.de\/wp-content\/uploads\/cars_pictures\/2571552_2.jpg","https:\/\/cf-motors.de\/wp-content\/uploads\/cars_pictures\/2571552_3.jpg","https:\/\/cf-motors.de\/wp-content\/uploads\/cars_pictures\/2571552_4.jpg","https:\/\/cf-motors.de\/wp-content\/uploads\/cars_pictures\/2571552_5.jpg","https:\/\/cf-motors.de\/wp-content\/uploads\/cars_pictures\/2571552_6.jpg","https:\/\/cf-motors.de\/wp-content\/uploads\/cars_pictures\/2571552_7.jpg","https:\/\/cf-motors.de\/wp-content\/uploads\/cars_pictures\/2571552_8.jpg","https:\/\/cf-motors.de\/wp-content\/uploads\/cars_pictures\/2571552_9.jpg","https:\/\/cf-motors.de\/wp-content\/uploads\/cars_pictures\/2571552_10.jpg","https:\/\/cf-motors.de\/wp-content\/uploads\/cars_pictures\/2571552_11.jpg","https:\/\/cf-motors.de\/wp-content\/uploads\/cars_pictures\/2571552_12.jpg","https:\/\/cf-motors.de\/wp-content\/uploads\/cars_pictures\/2571552_13.jpg","https:\/\/cf-motors.de\/wp-content\/uploads\/cars_pictures\/2571552_14.jpg","https:\/\/cf-motors.de\/wp-content\/uploads\/cars_pictures\/2571552_15.jpg","https:\/\/cf-motors.de\/wp-content\/uploads\/cars_pictures\/2571552_16.jpg","https:\/\/cf-motors.de\/wp-content\/uploads\/cars_pictures\/2571552_17.jpg","https:\/\/cf-motors.de\/wp-content\/uploads\/cars_pictures\/2571552_18.jpg","https:\/\/cf-motors.de\/wp-content\/uploads\/cars_pictures\/2571552_19.jpg","https:\/\/cf-motors.de\/wp-content\/uploads\/cars_pictures\/2571552_20.jpg","https:\/\/cf-motors.de\/wp-content\/uploads\/cars_pictures\/2571552_21.jpg","https:\/\/cf-motors.de\/wp-content\/uploads\/cars_pictures\/2571552_22.jpg","https:\/\/cf-motors.de\/wp-content\/uploads\/cars_pictures\/2571552_23.jpg","https:\/\/cf-motors.de\/wp-content\/uploads\/cars_pictures\/2571552_24.jpg","https:\/\/cf-motors.de\/wp-content\/uploads\/cars_pictures\/2571552_25.jpg","https:\/\/cf-motors.de\/wp-content\/uploads\/cars_pictures\/2571552_26.jpg","https:\/\/cf-motors.de\/wp-content\/uploads\/cars_pictures\/2571552_27.jpg","https:\/\/cf-motors.de\/wp-content\/uploads\/cars_pictures\/2571552_28.jpg"],"vehica_6674":{"embed":"","url":""},"vehica_16721":"","vehica_18845":"AMG_GTRJUL26","vehica_18846":"430 kW (585 PS)","vehica_18847":"","vehica_18848":"1","vehica_18849":"","vehica_18850":"19","vehica_18851":"","vehica_18852":"","vehica_18853":"","vehica_18855":"08\/2019","vehica_18856":"2019","vehica_18857":"","vehica_18858":"","vehica_22348":"1","vehica_22990":"585","vehica_346997":"0","vehica_437603":"G","vehica_439584":"","vehica_439585":"60;2556+127;5410+200;8520","vehica_439586":"1.85","vehica_439587":"2023","vehica_439588":"","vehica_439589":"3441","vehica_449495":"284","vehica_449496":"12.4","vehica_449497":"","vehica_454484":"","vehica_454485":"","vehica_454486":"","vehica_454487":"","vehica_454488":"12.4","vehica_472325":"","vehica_472326":"","vehica_472327":"","vehica_472328":"284","vehica_472329":"G","vehica_472330":"","vehica_472331":"","vehica_472332":"","vehica_472333":"","vehica_472366":"","vehica_597916":"","_links":{"self":[{"href":"https:\/\/cf-motors.de\/pt\/wp-json\/wp\/v2\/cars\/599840","targetHints":{"allow":["GET"]}}],"collection":[{"href":"https:\/\/cf-motors.de\/pt\/wp-json\/wp\/v2\/cars"}],"about":[{"href":"https:\/\/cf-motors.de\/pt\/wp-json\/wp\/v2\/types\/vehica_car"}],"author":[{"embeddable":true,"href":"https:\/\/cf-motors.de\/pt\/wp-json\/wp\/v2\/users\/95"}],"wp:attachment":[{"href":"https:\/\/cf-motors.de\/pt\/wp-json\/wp\/v2\/media?parent=599840"}],"wp:term":[{"taxonomy":"vehica_6654","embeddable":true,"href":"https:\/\/cf-motors.de\/pt\/wp-json\/wp\/v2\/vehica_6654?post=599840"},{"taxonomy":"vehica_17481","embeddable":true,"href":"https:\/\/cf-motors.de\/pt\/wp-json\/wp\/v2\/vehica_17481?post=599840"},{"taxonomy":"vehica_6655","embeddable":true,"href":"https:\/\/cf-motors.de\/pt\/wp-json\/wp\/v2\/vehica_6655?post=599840"},{"taxonomy":"vehica_6659","embeddable":true,"href":"https:\/\/cf-motors.de\/pt\/wp-json\/wp\/v2\/vehica_6659?post=599840"},{"taxonomy":"vehica_6660","embeddable":true,"href":"https:\/\/cf-motors.de\/pt\/wp-json\/wp\/v2\/vehica_6660?post=599840"},{"taxonomy":"vehica_6657","embeddable":true,"href":"https:\/\/cf-motors.de\/pt\/wp-json\/wp\/v2\/vehica_6657?post=599840"},{"taxonomy":"vehica_6661","embeddable":true,"href":"https:\/\/cf-motors.de\/pt\/wp-json\/wp\/v2\/vehica_6661?post=599840"},{"taxonomy":"vehica_6662","embeddable":true,"href":"https:\/\/cf-motors.de\/pt\/wp-json\/wp\/v2\/vehica_6662?post=599840"},{"taxonomy":"vehica_6663","embeddable":true,"href":"https:\/\/cf-motors.de\/pt\/wp-json\/wp\/v2\/vehica_6663?post=599840"},{"taxonomy":"vehica_12974","embeddable":true,"href":"https:\/\/cf-motors.de\/pt\/wp-json\/wp\/v2\/vehica_12974?post=599840"},{"taxonomy":"vehica_6666","embeddable":true,"href":"https:\/\/cf-motors.de\/pt\/wp-json\/wp\/v2\/vehica_6666?post=599840"},{"taxonomy":"vehica_12770","embeddable":true,"href":"https:\/\/cf-motors.de\/pt\/wp-json\/wp\/v2\/vehica_12770?post=599840"},{"taxonomy":"vehica_6670","embeddable":true,"href":"https:\/\/cf-motors.de\/pt\/wp-json\/wp\/v2\/vehica_6670?post=599840"},{"taxonomy":"vehica_12723","embeddable":true,"href":"https:\/\/cf-motors.de\/pt\/wp-json\/wp\/v2\/vehica_12723?post=599840"},{"taxonomy":"vehica_18854","embeddable":true,"href":"https:\/\/cf-motors.de\/pt\/wp-json\/wp\/v2\/vehica_18854?post=599840"}],"curies":[{"name":"wp","href":"https:\/\/api.w.org\/{rel}","templated":true}]}}

MERCEDES-BENZ AMG GT R 1 de 750, CARBONO, CAM, CERÂMICA

<p><strong>OBRIGADO PELO SEU INTERESSE NUM DOS NOSSOS VEÍCULOS</strong></p>
<hr/>
<p>Temos o prazer de lhe apresentar este AMG GT R Cabrio em excelente estado de conservação. Com matrícula original e um historial verificável, este é o companheiro perfeito para belos passeios de verão. Se tiver mais alguma dúvida, estamos à sua disposição a qualquer momento!<br />Equipamento especial:<br />AMG Track Pace (aplicação), Telefonia no automóvel (módulo de telefone Bluetooth), Função de escritório no veículo, Soles das portas (AMG) iluminados, Pacote de assistência à condução: faixa de rodagem, Sistema de assistência à condução: assistente de máximos adaptativo, Sistema de assistência à condução: Sistema de Informação de Tráfego Live Traffic, Configuração do Veículo (Serviços Online / Aplicações), Extintor, Sistema de travões cerâmicos (AMG), Interface Multimédia (Interface universal para iPod / AUX / USB / MP3), Cobertura do compartimento do motor em carbono, Pacote de Estacionamento, Kit de reparação de pneus (Tirefit), Bancos dianteiros aquecidos, Smartphone integrado, Pacote de Espelhos, Pré-equipamento para serviços de navegação, Defletor de ar em vidro (Airguide)<br />O que significa CF Automotive Services GmbH:<br />- Mais de 10 anos de experiência em vendas mundiais de automóveis de luxo</p>
<ul>
<li>)</li>
</ul>
<p>- Um correspondente competente desde a primeira pergunta até ao dia da entrega, claro que também estamos disponíveis após a compra do seu carro de sonho<br />- Falamos fluentemente as seguintes línguas: alemão e inglês<br />Pode também visitar-nos nas redes sociais - Instagram: cf_motors_international<br />Aguardamos o seu contacto!<br />Pode contactar-nos por telefone, correio ou enviar-nos uma mensagem através do WhatsApp.<br />- Por telefone: +49 1579 2372427<br />- Por correio eletrónico: info(at)cf-motors.de</p>
<hr/>
<p><strong>Sistemas de assistência:</strong></p>
<ul>
<li>Câmara frontal</li>
<li>Parktronic</li>
<li>PDC (ajuda ao estacionamento)</li>
<li>Sensor de chuva</li>
<li>Câmara de visão traseira</li>
</ul>
<p><strong class='title'>Multimédia e Infotainment:</strong></p>
<ul>
<li>Interface Bluetooth</li>
<li>COMANDO Online</li>
<li>Kit mãos livres</li>
<li>Navegação / Navegação em linha</li>
<li>Rádio</li>
<li>Preparação telefónica com Bluetooth</li>
<li>Interface/ligação USB</li>
</ul>
<p><strong class='title'>Segurança e tecnologia:</strong></p>
<ul>
<li>Sistema de travagem antibloqueio (ABS)</li>
<li>Airbag de passageiro</li>
<li>Programa Electrónico de Estabilidade (ESP)</li>
<li>Airbag do condutor</li>
<li>Sistema de travagem em cerâmica</li>
<li>Sistema de airbag da cabeça</li>
<li>Chassis desportivo</li>
</ul>
<p><strong class='title'>Conforto e climatização:</strong></p>
<ul>
<li>Espelhos interiores/exteriores com escurecimento automático</li>
<li>Função Keyless Go Start</li>
<li>Controlo climático automático</li>
<li>Direcção assistida</li>
<li>Sistema de chamada telemática/emergência (preparação)</li>
</ul>
<p><strong class='title'>Exterior e design:</strong></p>
<ul>
<li>Sistema de escape AMG Performance</li>
<li>Pacote exterior em carbono</li>
<li>Lábio spoiler frontal de carbono</li>
<li>Capas de espelho em carbono</li>
<li>Spoiler traseiro</li>
<li>Cobertura do motor em carbono</li>
<li>Sistema de escape Titan / Silenciador traseiro</li>
</ul>
<p><strong class='title'>Interior e design:</strong></p>
<ul>
<li>Volante em Alcântara</li>
<li>Guarnições da soleira da porta AMG</li>
<li>Volante de direcção AMG Performance</li>
<li>Aplicações interiores em carbono</li>
<li>Pás de mudança de velocidades no volante</li>
<li>Pedais desportivos em aço inoxidável</li>
</ul>
<p><strong class='title'>Ambiente e tarifação:</strong></p>
<ul>
<li>E10 adequado</li>
<li>Catalisador</li>
</ul>
<p><strong class='title'>Caixa de velocidades:</strong></p>
<ul>
<li>AMG SPEEDSHIFT DCT</li>
</ul>
<p><strong class='title'>Mais informações:</strong></p>
<ul>
<li>Primeira propriedade</li>
<li>sem acidentes</li>
</ul>
<p></p>
<hr/>
<p>Sujeito a venda prévia e com exceção de erros. A descrição do veículo serve exclusivamente para a identificação geral do veículo e não constitui uma garantia juridicamente vinculativa. Apenas os acordos constantes do contrato de compra e venda e da confirmação da encomenda são vinculativos. Por favor, tenha em atenção que determinados extras opcionais podem implicar custos adicionais. Informações pormenorizadas sobre a gama de equipamento podem ser obtidas junto dos nossos vendedores.</p>
