{"id":599569,"date":"2026-04-26T14:00:23","date_gmt":"2026-04-26T14:00:23","guid":{"rendered":"http:\/\/cf-motors.de\/de\/listing\/audi-r8-spyder-5-2-fsi-quattro-bo-carbon-ccb-cam\/"},"modified":"2026-04-26T14:00:23","modified_gmt":"2026-04-26T14:00:23","slug":"audi-r8-spyder-5-2-fsi-quattro-bo-carbon-ccb-cam","status":"publish","type":"vehica_car","link":"https:\/\/cf-motors.de\/pt\/listing\/audi-r8-spyder-5-2-fsi-quattro-bo-carbon-ccb-cam\/","title":{"rendered":"AUDI R8 Spyder 5.2 FSI quattro B&amp;O, CARBONO, CCB, CAM"},"content":{"rendered":"<p><strong>OBRIGADO PELO SEU INTERESSE NUM DOS NOSSOS VE\u00cdCULOS<\/strong><\/p>\n<hr\/>\n<p>Temos o prazer de lhe apresentar um Audi R8 Spyder muito bem conservado e com \u00f3ptimos extras. Se tiver mais alguma quest\u00e3o, n\u00e3o hesite em contactar-nos!<br \/>Equipamento especial:<br \/>Audi connect (servi\u00e7os baseados na Internet), Audi smartphone interface, Sistema m\u00e3os-livres Bluetooth com reconhecimento de voz (Audi Phone Box), Pin\u00e7as de trav\u00e3o pintadas de vermelho, Ajuda de estacionamento dianteira e traseira, visual com c\u00e2mara de marcha-atr\u00e1s (APS Advanced), Sistema de assist\u00eancia \u00e0 condu\u00e7\u00e3o: High beam assist, Acabamento interior: Embutidos em carbono de alto brilho alargado, Acabamento interior: Embutidos em laca de piano, preto, Acabamento interior: Sistema de trav\u00f5es de cer\u00e2mica \u00e0 frente e atr\u00e1s, Jantes dianteiras\/traseiras: 8,5\u00d720 \/ 11\u00d720 (10 raios, design em Y, para pneus de inverno), Jantes dianteiras\/traseiras: 8,5\u00d720 \/ 11\u00d720 (10 raios, design em Y, preto brilhante), elemento deflector de ar lateral Sideblade Mythos black metallic, pintura metalizada, pacote \u00f3tico Audi exclusive preto, rece\u00e7\u00e3o de r\u00e1dio digital (DAB), far\u00f3is LED com luz laser, transmissor para abertura de portas de garagem (integrado), sistema de escape desportivo<\/p>\n<hr\/>\n<p><strong>Garantia e selo de qualidade:<\/strong><\/p>\n<ul>\n<li>Garantia dos carros usados<\/li>\n<\/ul>\n<p><strong class='title'>Sistemas de assist\u00eancia:<\/strong><\/p>\n<ul>\n<li>Ajuda ao estacionamento plus com c\u00e2mara de marcha-atr\u00e1s<\/li>\n<li>Assistente de feixe alto<\/li>\n<li>Sensor de luz<\/li>\n<li>Controlo de velocidade de cruzeiro<\/li>\n<\/ul>\n<p><strong class='title'>Luz:<\/strong><\/p>\n<ul>\n<li>Luz laser<\/li>\n<li>Luzes traseiras (parciais) LED<\/li>\n<li>Farol LED<\/li>\n<li>Luz LED diurna cont\u00ednua<\/li>\n<\/ul>\n<p><strong class='title'>Multim\u00e9dia e Infotainment:<\/strong><\/p>\n<ul>\n<li>Audi connect<\/li>\n<li>Sistema \u00e1udio com capacidade para MP3<\/li>\n<li>Sistema de som Bang &amp; Olufsen<\/li>\n<li>MMI navigation plus com MMI touch<\/li>\n<\/ul>\n<p><strong class='title'>Seguran\u00e7a e tecnologia:<\/strong><\/p>\n<ul>\n<li>Sistema de travagem antibloqueio (ABS)<\/li>\n<li>Sistema de Controlo de Trac\u00e7\u00e3o (TCS)<\/li>\n<li>Airbag de passageiro<\/li>\n<li>Trav\u00e3o de carbono cer\u00e2mico (CCB)<\/li>\n<li>Programa Electr\u00f3nico de Estabilidade (ESP)<\/li>\n<li>Airbag do condutor<\/li>\n<li>Verifica\u00e7\u00e3o da fixa\u00e7\u00e3o dos cintos de seguran\u00e7a<\/li>\n<li>Passeio magn\u00e9tico<\/li>\n<li>Airbags laterais frontais<\/li>\n<li>Imobilizador<\/li>\n<\/ul>\n<p><strong class='title'>Conforto e climatiza\u00e7\u00e3o:<\/strong><\/p>\n<ul>\n<li>Cockpit virtual Audi<\/li>\n<li>Espelhos el\u00e9ctricos. aquecidos<\/li>\n<li>vidros el\u00e9ctricos<\/li>\n<li>Ajuste do banco el\u00e9ctrico condutor\/passageiro com mem\u00f3ria do condutor<\/li>\n<li>Abertura de porta de garagem<\/li>\n<li>Controlo clim\u00e1tico autom\u00e1tico<\/li>\n<li>Aquecimento dos bancos<\/li>\n<li>Assento(s) desportivo(s)<\/li>\n<li>Deflector de vento<\/li>\n<\/ul>\n<p><strong class='title'>Pneus e jantes:<\/strong><\/p>\n<ul>\n<li>Jantes de liga de 20 polegadas<\/li>\n<li>Controlo da press\u00e3o dos pneus<\/li>\n<\/ul>\n<p><strong class='title'>Exterior e design:<\/strong><\/p>\n<ul>\n<li>Pin\u00e7as de trav\u00e3o vermelhas<\/li>\n<li>Conjunto \u00f3tico preto<\/li>\n<li>Sistema de escape desportivo<\/li>\n<\/ul>\n<p><strong class='title'>Interior e design:<\/strong><\/p>\n<ul>\n<li>Aplica\u00e7\u00f5es interiores em carbono<\/li>\n<li>E-top<\/li>\n<li>Guarni\u00e7\u00f5es das soleiras das portas em alum\u00ednio\/(inser\u00e7\u00f5es em alum\u00ednio)<\/li>\n<li>Pacote leve<\/li>\n<li>Volante multifun\u00e7\u00f5es<\/li>\n<li>Volante em couro desportivo<\/li>\n<li>Pedais desportivos em a\u00e7o inoxid\u00e1vel<\/li>\n<li>Pacote de couro completo<\/li>\n<\/ul>\n<p><strong class='title'>Ambiente e tarifa\u00e7\u00e3o:<\/strong><\/p>\n<ul>\n<li>Efici\u00eancia classe G<\/li>\n<li>EURO VI<\/li>\n<li>Catalisador<\/li>\n<li>Recupera\u00e7\u00e3o<\/li>\n<li>Iniciar\/Pararar Autom\u00e1tico<\/li>\n<li>Distintivo ambiental 4<\/li>\n<\/ul>\n<p><strong class='title'>Caixa de velocidades:<\/strong><\/p>\n<ul>\n<li>S tr\u00f3nico<\/li>\n<\/ul>\n<p><strong class='title'>Mais informa\u00e7\u00f5es:<\/strong><\/p>\n<ul>\n<li>Em nome de um cliente<\/li>\n<li>Livro de cheques<\/li>\n<li>sem acidentes<\/li>\n<\/ul>\n<p><\/p>\n<hr\/>\n<p>Sujeito a venda pr\u00e9via e com exce\u00e7\u00e3o de erros. A descri\u00e7\u00e3o do ve\u00edculo serve exclusivamente para a identifica\u00e7\u00e3o geral do ve\u00edculo e n\u00e3o constitui uma garantia juridicamente vinculativa. Apenas os acordos constantes do contrato de compra e venda e da confirma\u00e7\u00e3o da encomenda s\u00e3o vinculativos. Por favor, tenha em aten\u00e7\u00e3o que determinados extras opcionais podem implicar custos adicionais. Informa\u00e7\u00f5es pormenorizadas sobre a gama de equipamento podem ser obtidas junto dos nossos vendedores.<\/p>","protected":false},"author":95,"featured_media":0,"template":"","vehica_6654":[2073],"vehica_17481":[2452],"vehica_6655":[2476],"vehica_6659":[2765],"vehica_6660":[2766],"vehica_6657":[],"vehica_6661":[],"vehica_6662":[2483],"vehica_6663":[2107],"vehica_12974":[],"vehica_6666":[2374],"vehica_12770":[],"vehica_6670":[],"vehica_12723":[],"vehica_18854":[2480],"class_list":["post-599569","vehica_car","type-vehica_car","status-publish","hentry","vehica_6654-used","vehica_17481-car","vehica_6655-car","vehica_6659-audi","vehica_6660-r8","vehica_6662-automatic_gear","vehica_6663-petrol","vehica_6666-black","vehica_18854-euro6"],"vehica_6656":{"vehica_currency_6656_2316":112900},"vehica_14696":"2017","vehica_6664":"42923","vehica_6665":"5204","vehica_6671":"","vehica_6673":["https:\/\/cf-motors.de\/wp-content\/uploads\/cars_pictures\/2325665_1.jpg","https:\/\/cf-motors.de\/wp-content\/uploads\/cars_pictures\/2325665_2.jpg","https:\/\/cf-motors.de\/wp-content\/uploads\/cars_pictures\/2325665_3.jpg","https:\/\/cf-motors.de\/wp-content\/uploads\/cars_pictures\/2325665_4.jpg","https:\/\/cf-motors.de\/wp-content\/uploads\/cars_pictures\/2325665_5.jpg","https:\/\/cf-motors.de\/wp-content\/uploads\/cars_pictures\/2325665_6.jpg","https:\/\/cf-motors.de\/wp-content\/uploads\/cars_pictures\/2325665_7.jpg","https:\/\/cf-motors.de\/wp-content\/uploads\/cars_pictures\/2325665_8.jpg","https:\/\/cf-motors.de\/wp-content\/uploads\/cars_pictures\/2325665_9.jpg","https:\/\/cf-motors.de\/wp-content\/uploads\/cars_pictures\/2325665_10.jpg","https:\/\/cf-motors.de\/wp-content\/uploads\/cars_pictures\/2325665_11.jpg","https:\/\/cf-motors.de\/wp-content\/uploads\/cars_pictures\/2325665_12.jpg","https:\/\/cf-motors.de\/wp-content\/uploads\/cars_pictures\/2325665_13.jpg","https:\/\/cf-motors.de\/wp-content\/uploads\/cars_pictures\/2325665_14.jpg","https:\/\/cf-motors.de\/wp-content\/uploads\/cars_pictures\/2325665_15.jpg"],"vehica_6674":{"embed":"","url":""},"vehica_16721":"","vehica_18845":"R8Spider_black_Sep24","vehica_18846":"397 kW (540 PS)","vehica_18847":"277","vehica_18848":"","vehica_18849":"11.7","vehica_18850":"","vehica_18851":"G","vehica_18852":"17","vehica_18853":"8.7","vehica_18855":"09\/2017","vehica_18856":"2017","vehica_18857":"","vehica_18858":"","vehica_22348":"3","vehica_22990":"540","vehica_346997":"0","vehica_437603":"","vehica_439584":"","vehica_439585":";+;+;","vehica_439586":"","vehica_439587":"","vehica_439588":"","vehica_439589":"","vehica_449495":"","vehica_449496":"","vehica_449497":"","vehica_454484":"","vehica_454485":"","vehica_454486":"","vehica_454487":"","vehica_454488":"","vehica_472325":"","vehica_472326":"","vehica_472327":"","vehica_472328":"","vehica_472329":"","vehica_472330":"","vehica_472331":"","vehica_472332":"","vehica_472333":"","vehica_472366":"","vehica_597916":"","_links":{"self":[{"href":"https:\/\/cf-motors.de\/pt\/wp-json\/wp\/v2\/cars\/599569","targetHints":{"allow":["GET"]}}],"collection":[{"href":"https:\/\/cf-motors.de\/pt\/wp-json\/wp\/v2\/cars"}],"about":[{"href":"https:\/\/cf-motors.de\/pt\/wp-json\/wp\/v2\/types\/vehica_car"}],"author":[{"embeddable":true,"href":"https:\/\/cf-motors.de\/pt\/wp-json\/wp\/v2\/users\/95"}],"wp:attachment":[{"href":"https:\/\/cf-motors.de\/pt\/wp-json\/wp\/v2\/media?parent=599569"}],"wp:term":[{"taxonomy":"vehica_6654","embeddable":true,"href":"https:\/\/cf-motors.de\/pt\/wp-json\/wp\/v2\/vehica_6654?post=599569"},{"taxonomy":"vehica_17481","embeddable":true,"href":"https:\/\/cf-motors.de\/pt\/wp-json\/wp\/v2\/vehica_17481?post=599569"},{"taxonomy":"vehica_6655","embeddable":true,"href":"https:\/\/cf-motors.de\/pt\/wp-json\/wp\/v2\/vehica_6655?post=599569"},{"taxonomy":"vehica_6659","embeddable":true,"href":"https:\/\/cf-motors.de\/pt\/wp-json\/wp\/v2\/vehica_6659?post=599569"},{"taxonomy":"vehica_6660","embeddable":true,"href":"https:\/\/cf-motors.de\/pt\/wp-json\/wp\/v2\/vehica_6660?post=599569"},{"taxonomy":"vehica_6657","embeddable":true,"href":"https:\/\/cf-motors.de\/pt\/wp-json\/wp\/v2\/vehica_6657?post=599569"},{"taxonomy":"vehica_6661","embeddable":true,"href":"https:\/\/cf-motors.de\/pt\/wp-json\/wp\/v2\/vehica_6661?post=599569"},{"taxonomy":"vehica_6662","embeddable":true,"href":"https:\/\/cf-motors.de\/pt\/wp-json\/wp\/v2\/vehica_6662?post=599569"},{"taxonomy":"vehica_6663","embeddable":true,"href":"https:\/\/cf-motors.de\/pt\/wp-json\/wp\/v2\/vehica_6663?post=599569"},{"taxonomy":"vehica_12974","embeddable":true,"href":"https:\/\/cf-motors.de\/pt\/wp-json\/wp\/v2\/vehica_12974?post=599569"},{"taxonomy":"vehica_6666","embeddable":true,"href":"https:\/\/cf-motors.de\/pt\/wp-json\/wp\/v2\/vehica_6666?post=599569"},{"taxonomy":"vehica_12770","embeddable":true,"href":"https:\/\/cf-motors.de\/pt\/wp-json\/wp\/v2\/vehica_12770?post=599569"},{"taxonomy":"vehica_6670","embeddable":true,"href":"https:\/\/cf-motors.de\/pt\/wp-json\/wp\/v2\/vehica_6670?post=599569"},{"taxonomy":"vehica_12723","embeddable":true,"href":"https:\/\/cf-motors.de\/pt\/wp-json\/wp\/v2\/vehica_12723?post=599569"},{"taxonomy":"vehica_18854","embeddable":true,"href":"https:\/\/cf-motors.de\/pt\/wp-json\/wp\/v2\/vehica_18854?post=599569"}],"curies":[{"name":"wp","href":"https:\/\/api.w.org\/{rel}","templated":true}]}}

<p><strong>OBRIGADO PELO SEU INTERESSE NUM DOS NOSSOS VEÍCULOS</strong></p>
<hr/>
<p>Temos o prazer de lhe apresentar um Audi R8 Spyder muito bem conservado e com óptimos extras. Se tiver mais alguma questão, não hesite em contactar-nos!<br />Equipamento especial:<br />Audi connect (serviços baseados na Internet), Audi smartphone interface, Sistema mãos-livres Bluetooth com reconhecimento de voz (Audi Phone Box), Pinças de travão pintadas de vermelho, Ajuda de estacionamento dianteira e traseira, visual com câmara de marcha-atrás (APS Advanced), Sistema de assistência à condução: High beam assist, Acabamento interior: Embutidos em carbono de alto brilho alargado, Acabamento interior: Embutidos em laca de piano, preto, Acabamento interior: Sistema de travões de cerâmica à frente e atrás, Jantes dianteiras/traseiras: 8,5×20 / 11×20 (10 raios, design em Y, para pneus de inverno), Jantes dianteiras/traseiras: 8,5×20 / 11×20 (10 raios, design em Y, preto brilhante), elemento deflector de ar lateral Sideblade Mythos black metallic, pintura metalizada, pacote ótico Audi exclusive preto, receção de rádio digital (DAB), faróis LED com luz laser, transmissor para abertura de portas de garagem (integrado), sistema de escape desportivo</p>
<hr/>
<p><strong>Garantia e selo de qualidade:</strong></p>
<ul>
<li>Garantia dos carros usados</li>
</ul>
<p><strong class='title'>Sistemas de assistência:</strong></p>
<ul>
<li>Ajuda ao estacionamento plus com câmara de marcha-atrás</li>
<li>Assistente de feixe alto</li>
<li>Sensor de luz</li>
<li>Controlo de velocidade de cruzeiro</li>
</ul>
<p><strong class='title'>Luz:</strong></p>
<ul>
<li>Luz laser</li>
<li>Luzes traseiras (parciais) LED</li>
<li>Farol LED</li>
<li>Luz LED diurna contínua</li>
</ul>
<p><strong class='title'>Multimédia e Infotainment:</strong></p>
<ul>
<li>Audi connect</li>
<li>Sistema áudio com capacidade para MP3</li>
<li>Sistema de som Bang &amp; Olufsen</li>
<li>MMI navigation plus com MMI touch</li>
</ul>
<p><strong class='title'>Segurança e tecnologia:</strong></p>
<ul>
<li>Sistema de travagem antibloqueio (ABS)</li>
<li>Sistema de Controlo de Tracção (TCS)</li>
<li>Airbag de passageiro</li>
<li>Travão de carbono cerâmico (CCB)</li>
<li>Programa Electrónico de Estabilidade (ESP)</li>
<li>Airbag do condutor</li>
<li>Verificação da fixação dos cintos de segurança</li>
<li>Passeio magnético</li>
<li>Airbags laterais frontais</li>
<li>Imobilizador</li>
</ul>
<p><strong class='title'>Conforto e climatização:</strong></p>
<ul>
<li>Cockpit virtual Audi</li>
<li>Espelhos eléctricos. aquecidos</li>
<li>vidros eléctricos</li>
<li>Ajuste do banco eléctrico condutor/passageiro com memória do condutor</li>
<li>Abertura de porta de garagem</li>
<li>Controlo climático automático</li>
<li>Aquecimento dos bancos</li>
<li>Assento(s) desportivo(s)</li>
<li>Deflector de vento</li>
</ul>
<p><strong class='title'>Pneus e jantes:</strong></p>
<ul>
<li>Jantes de liga de 20 polegadas</li>
<li>Controlo da pressão dos pneus</li>
</ul>
<p><strong class='title'>Exterior e design:</strong></p>
<ul>
<li>Pinças de travão vermelhas</li>
<li>Conjunto ótico preto</li>
<li>Sistema de escape desportivo</li>
</ul>
<p><strong class='title'>Interior e design:</strong></p>
<ul>
<li>Aplicações interiores em carbono</li>
<li>E-top</li>
<li>Guarnições das soleiras das portas em alumínio/(inserções em alumínio)</li>
<li>Pacote leve</li>
<li>Volante multifunções</li>
<li>Volante em couro desportivo</li>
<li>Pedais desportivos em aço inoxidável</li>
<li>Pacote de couro completo</li>
</ul>
<p><strong class='title'>Ambiente e tarifação:</strong></p>
<ul>
<li>Eficiência classe G</li>
<li>EURO VI</li>
<li>Catalisador</li>
<li>Recuperação</li>
<li>Iniciar/Pararar Automático</li>
<li>Distintivo ambiental 4</li>
</ul>
<p><strong class='title'>Caixa de velocidades:</strong></p>
<ul>
<li>S trónico</li>
</ul>
<p><strong class='title'>Mais informações:</strong></p>
<ul>
<li>Em nome de um cliente</li>
<li>Livro de cheques</li>
<li>sem acidentes</li>
</ul>
<p></p>
<hr/>
<p>Sujeito a venda prévia e com exceção de erros. A descrição do veículo serve exclusivamente para a identificação geral do veículo e não constitui uma garantia juridicamente vinculativa. Apenas os acordos constantes do contrato de compra e venda e da confirmação da encomenda são vinculativos. Por favor, tenha em atenção que determinados extras opcionais podem implicar custos adicionais. Informações pormenorizadas sobre a gama de equipamento podem ser obtidas junto dos nossos vendedores.</p>
