{"id":599397,"date":"2026-04-30T09:00:42","date_gmt":"2026-04-30T09:00:42","guid":{"rendered":"http:\/\/cf-motors.de\/de\/listing\/mercedes-benz-g-63-amg-carbon-a22-fond-ent-360-burmester\/"},"modified":"2026-04-30T09:00:42","modified_gmt":"2026-04-30T09:00:42","slug":"mercedes-benz-g-63-amg-carbon-a22-fond-ent-360-burmester","status":"publish","type":"vehica_car","link":"https:\/\/cf-motors.de\/pt\/listing\/mercedes-benz-g-63-amg-carbon-a22-fond-ent-360-burmester\/","title":{"rendered":"MERCEDES-BENZ G 63 AMG CARBON, A22, FOND ENT, 360, BURMESTER"},"content":{"rendered":"<p><strong>OBRIGADO PELO SEU INTERESSE NUM DOS NOSSOS VE\u00cdCULOS<\/strong><\/p>\n<hr\/>\n<p>Temos o prazer de lhe apresentar um G63 AMG MY26 totalmente equipado. Se tiver mais alguma quest\u00e3o e para obter a lista completa de equipamento, n\u00e3o hesite em contactar-nos!<br \/>Pacote AMG Noturno:<br \/>Grelha do radiador espec\u00edfica para AMG em cromado escuro<br \/>Caixa dos espelhos retrovisores exteriores em preto obsidiano<br \/>Inser\u00e7\u00e3o no para-choques em preto obsidiano<br \/>Aro da roda sobresselente pintado em preto obsidiano<br \/>Unidades de luz reguladas<br \/>Prote\u00e7\u00e3o inferior \u00f3tica em preto obsidiano<br \/>Pacote AMG Noturno II:<br \/>Bras\u00e3o AMG no capot em cromado escuro<br \/>Estrela Mercedes \u00e0 frente e atr\u00e1s em preto brilhante<br \/>Tipografia em preto brilhante<br \/>Pacote de desempenho AMG:<br \/>Jantes forjadas AMG de 55,9 cm (22\u201c) com design de raios m\u00faltiplos<br \/>Suspens\u00e3o AMG ACTIVE RIDE CONTROL<br \/>Pin\u00e7as de trav\u00e3o AMG \u00e0 frente e atr\u00e1s pintadas de vermelho<br \/>Pacote do condutor AMG<br \/>Extra digital: AMG TRACK PACE<br \/>Pacote de conforto:<br \/>Suporte para copos temperado<br \/>Abertura de porta de garagem<br \/>Sistema de carregamento sem fios para dispositivos m\u00f3veis \u00e0 frente<br \/>KEYLESS-GO<br \/>Interior da linha SUPERIOR<br \/>Painel de instrumentos em couro nappa<br \/>Exterior:<br \/>Sistema de escape espec\u00edfico AMG em preto<br \/>Embalagem com log\u00f3tipo MANUFAKTUR em preto<br \/>Projetor do log\u00f3tipo MANUFAKTUR no espelho retrovisor exterior<br \/>Ma\u00e7aneta da porta MANUFAKTUR em preto com log\u00f3tipo em relevo<br \/>Estribos de apoio MANUFAKTUR em preto<br \/>Interior:<br \/>Pack Assento Multicontorno Ativo Plus<br \/>Pacote ENERGIZING Plus<br \/>Volante AMG Performance em carbono \/ microfibra MICROCUT<br \/>Elementos de acabamento em fibra de carbono AMG<br \/>Aquecimento do apoio de bra\u00e7o para o condutor e passageiro da frente<br \/>MANUFAKTUR pimenta vermelha \/ preta<br \/>Pacote de conforto t\u00e9rmico<br \/>Para-brisas, aquecido<br \/>Aquecimento do volante<br \/>Elemento decorativo na pega com a inscri\u00e7\u00e3o \u201eMANUFAKTUR\u201c.<br \/>Entretenimento topo de gama para o banco traseiro MBUX<\/p>\n<hr\/>\n<p><strong>Pacotes de equipamento:<\/strong><\/p>\n<ul>\n<li>Pacote de Condutores AMG<\/li>\n<li>Pacote nocturno<\/li>\n<li>Pacote de desempenho<\/li>\n<\/ul>\n<p><strong class='title'>Garantia e selo de qualidade:<\/strong><\/p>\n<ul>\n<li>Garantia<\/li>\n<\/ul>\n<p><strong class='title'>Sistemas de assist\u00eancia:<\/strong><\/p>\n<ul>\n<li>Pacote de Assist\u00eancia \u00e0 Condu\u00e7\u00e3o<\/li>\n<li>Pacote de estacionamento com c\u00e2mara de 360 graus<\/li>\n<\/ul>\n<p><strong class='title'>Multim\u00e9dia e Infotainment:<\/strong><\/p>\n<ul>\n<li>Burmester\u00ae High-End Surround Sound System<\/li>\n<li>Entretenimento carinhoso<\/li>\n<\/ul>\n<p><strong class='title'>Seguran\u00e7a e tecnologia:<\/strong><\/p>\n<ul>\n<li>Assistente de travagem activo<\/li>\n<li>PR\u00c9-SAFE<\/li>\n<\/ul>\n<p><strong class='title'>Conforto e climatiza\u00e7\u00e3o:<\/strong><\/p>\n<ul>\n<li>Assentos activos (assentos com fun\u00e7\u00e3o de massagem)<\/li>\n<li>Controlo clim\u00e1tico autom\u00e1tico<\/li>\n<li>Assento(s) Multicontour<\/li>\n<li>Ventila\u00e7\u00e3o do assento<\/li>\n<li>Aquecimento dos bancos<\/li>\n<li>Vidros laminados repelentes de \u00e1gua e de absor\u00e7\u00e3o de som<\/li>\n<li>Cockpit de ecr\u00e3 panor\u00e2mico<\/li>\n<\/ul>\n<p><strong class='title'>Exterior e design:<\/strong><\/p>\n<ul>\n<li>Pin\u00e7as de trav\u00e3o AMG<\/li>\n<li>Sistema de travagem AMG de alto desempenho (composto)<\/li>\n<li>Sistema de escape AMG Performance<\/li>\n<li>Quadros de corrida<\/li>\n<\/ul>\n<p><strong class='title'>Interior e design:<\/strong><\/p>\n<ul>\n<li>Ilumina\u00e7\u00e3o ambiente<\/li>\n<li>Volante de direc\u00e7\u00e3o AMG Performance<\/li>\n<li>Aplica\u00e7\u00f5es interiores em carbono<\/li>\n<li>Telhado deslizante de vidro el\u00e9ctrico de eleva\u00e7\u00e3o<\/li>\n<li>Interior exclusivo<\/li>\n<li>Cintos de seguran\u00e7a vermelhos<\/li>\n<\/ul>\n<p><strong class='title'>Ambiente e tarifa\u00e7\u00e3o:<\/strong><\/p>\n<ul>\n<li>E10 adequado<\/li>\n<li>EURO 6d<\/li>\n<li>Catalisador<\/li>\n<li>Distintivo ambiental 4<\/li>\n<\/ul>\n<p><strong class='title'>Caixa de velocidades:<\/strong><\/p>\n<ul>\n<li>AMG SPEEDSHIFT TCT<\/li>\n<\/ul>\n<p><strong class='title'>Mais informa\u00e7\u00f5es:<\/strong><\/p>\n<ul>\n<li>Em nome de um cliente<\/li>\n<li>sem acidentes<\/li>\n<\/ul>\n<p><\/p>\n<hr\/>\n<p>Sujeito a venda pr\u00e9via e com exce\u00e7\u00e3o de erros. A descri\u00e7\u00e3o do ve\u00edculo serve exclusivamente para a identifica\u00e7\u00e3o geral do ve\u00edculo e n\u00e3o constitui uma garantia juridicamente vinculativa. Apenas os acordos constantes do contrato de compra e venda e da confirma\u00e7\u00e3o da encomenda s\u00e3o vinculativos. Por favor, tenha em aten\u00e7\u00e3o que determinados extras opcionais podem implicar custos adicionais. Informa\u00e7\u00f5es pormenorizadas sobre a gama de equipamento podem ser obtidas junto dos nossos vendedores.<\/p>","protected":false},"author":95,"featured_media":0,"template":"","vehica_6654":[2072],"vehica_17481":[2452],"vehica_6655":[2476],"vehica_6659":[2720],"vehica_6660":[2729],"vehica_6657":[],"vehica_6661":[],"vehica_6662":[2483],"vehica_6663":[2107],"vehica_12974":[],"vehica_6666":[2374],"vehica_12770":[],"vehica_6670":[],"vehica_12723":[],"vehica_18854":[2500],"class_list":["post-599397","vehica_car","type-vehica_car","status-publish","hentry","vehica_6654-new","vehica_17481-car","vehica_6655-car","vehica_6659-mercedes-benz","vehica_6660-g-63-amg","vehica_6662-automatic_gear","vehica_6663-petrol","vehica_6666-black","vehica_18854-euro6d"],"vehica_6656":{"vehica_currency_6656_2316":261800},"vehica_14696":"","vehica_6664":"0","vehica_6665":"3982","vehica_6671":"","vehica_6673":["https:\/\/cf-motors.de\/wp-content\/uploads\/cars_pictures\/2464797_1.jpg","https:\/\/cf-motors.de\/wp-content\/uploads\/cars_pictures\/2464797_2.jpg","https:\/\/cf-motors.de\/wp-content\/uploads\/cars_pictures\/2464797_3.jpg","https:\/\/cf-motors.de\/wp-content\/uploads\/cars_pictures\/2464797_4.jpg","https:\/\/cf-motors.de\/wp-content\/uploads\/cars_pictures\/2464797_5.jpg","https:\/\/cf-motors.de\/wp-content\/uploads\/cars_pictures\/2464797_6.jpg","https:\/\/cf-motors.de\/wp-content\/uploads\/cars_pictures\/2464797_7.jpg","https:\/\/cf-motors.de\/wp-content\/uploads\/cars_pictures\/2464797_8.jpg","https:\/\/cf-motors.de\/wp-content\/uploads\/cars_pictures\/2464797_9.jpg","https:\/\/cf-motors.de\/wp-content\/uploads\/cars_pictures\/2464797_10.jpg","https:\/\/cf-motors.de\/wp-content\/uploads\/cars_pictures\/2464797_11.jpg","https:\/\/cf-motors.de\/wp-content\/uploads\/cars_pictures\/2464797_12.jpg","https:\/\/cf-motors.de\/wp-content\/uploads\/cars_pictures\/2464797_13.jpg","https:\/\/cf-motors.de\/wp-content\/uploads\/cars_pictures\/2464797_14.jpg","https:\/\/cf-motors.de\/wp-content\/uploads\/cars_pictures\/2464797_15.jpg","https:\/\/cf-motors.de\/wp-content\/uploads\/cars_pictures\/2464797_16.jpg","https:\/\/cf-motors.de\/wp-content\/uploads\/cars_pictures\/2464797_17.jpg","https:\/\/cf-motors.de\/wp-content\/uploads\/cars_pictures\/2464797_18.jpg","https:\/\/cf-motors.de\/wp-content\/uploads\/cars_pictures\/2464797_19.jpg","https:\/\/cf-motors.de\/wp-content\/uploads\/cars_pictures\/2464797_20.jpg","https:\/\/cf-motors.de\/wp-content\/uploads\/cars_pictures\/2464797_21.jpg","https:\/\/cf-motors.de\/wp-content\/uploads\/cars_pictures\/2464797_22.jpg","https:\/\/cf-motors.de\/wp-content\/uploads\/cars_pictures\/2464797_23.jpg","https:\/\/cf-motors.de\/wp-content\/uploads\/cars_pictures\/2464797_24.jpg"],"vehica_6674":{"embed":"","url":""},"vehica_16721":"","vehica_18845":"G63_blackred_Okt25","vehica_18846":"430 kW (585 PS)","vehica_18847":"","vehica_18848":"","vehica_18849":"","vehica_18850":"19","vehica_18851":"","vehica_18852":"","vehica_18853":"","vehica_18855":"","vehica_18856":"","vehica_18857":"","vehica_18858":"","vehica_22348":"3","vehica_22990":"585","vehica_346997":"0","vehica_437603":"G","vehica_439584":"","vehica_439585":"50;2513+115;5779+190;9548","vehica_439586":"1.85","vehica_439587":"2023","vehica_439588":"900","vehica_439589":"4079","vehica_449495":"335","vehica_449496":"14.7","vehica_449497":"","vehica_454484":"","vehica_454485":"","vehica_454486":"","vehica_454487":"","vehica_454488":"14.7","vehica_472325":"","vehica_472326":"","vehica_472327":"","vehica_472328":"335","vehica_472329":"G","vehica_472330":"","vehica_472331":"","vehica_472332":"","vehica_472333":"","vehica_472366":"","vehica_597916":"","_links":{"self":[{"href":"https:\/\/cf-motors.de\/pt\/wp-json\/wp\/v2\/cars\/599397","targetHints":{"allow":["GET"]}}],"collection":[{"href":"https:\/\/cf-motors.de\/pt\/wp-json\/wp\/v2\/cars"}],"about":[{"href":"https:\/\/cf-motors.de\/pt\/wp-json\/wp\/v2\/types\/vehica_car"}],"author":[{"embeddable":true,"href":"https:\/\/cf-motors.de\/pt\/wp-json\/wp\/v2\/users\/95"}],"wp:attachment":[{"href":"https:\/\/cf-motors.de\/pt\/wp-json\/wp\/v2\/media?parent=599397"}],"wp:term":[{"taxonomy":"vehica_6654","embeddable":true,"href":"https:\/\/cf-motors.de\/pt\/wp-json\/wp\/v2\/vehica_6654?post=599397"},{"taxonomy":"vehica_17481","embeddable":true,"href":"https:\/\/cf-motors.de\/pt\/wp-json\/wp\/v2\/vehica_17481?post=599397"},{"taxonomy":"vehica_6655","embeddable":true,"href":"https:\/\/cf-motors.de\/pt\/wp-json\/wp\/v2\/vehica_6655?post=599397"},{"taxonomy":"vehica_6659","embeddable":true,"href":"https:\/\/cf-motors.de\/pt\/wp-json\/wp\/v2\/vehica_6659?post=599397"},{"taxonomy":"vehica_6660","embeddable":true,"href":"https:\/\/cf-motors.de\/pt\/wp-json\/wp\/v2\/vehica_6660?post=599397"},{"taxonomy":"vehica_6657","embeddable":true,"href":"https:\/\/cf-motors.de\/pt\/wp-json\/wp\/v2\/vehica_6657?post=599397"},{"taxonomy":"vehica_6661","embeddable":true,"href":"https:\/\/cf-motors.de\/pt\/wp-json\/wp\/v2\/vehica_6661?post=599397"},{"taxonomy":"vehica_6662","embeddable":true,"href":"https:\/\/cf-motors.de\/pt\/wp-json\/wp\/v2\/vehica_6662?post=599397"},{"taxonomy":"vehica_6663","embeddable":true,"href":"https:\/\/cf-motors.de\/pt\/wp-json\/wp\/v2\/vehica_6663?post=599397"},{"taxonomy":"vehica_12974","embeddable":true,"href":"https:\/\/cf-motors.de\/pt\/wp-json\/wp\/v2\/vehica_12974?post=599397"},{"taxonomy":"vehica_6666","embeddable":true,"href":"https:\/\/cf-motors.de\/pt\/wp-json\/wp\/v2\/vehica_6666?post=599397"},{"taxonomy":"vehica_12770","embeddable":true,"href":"https:\/\/cf-motors.de\/pt\/wp-json\/wp\/v2\/vehica_12770?post=599397"},{"taxonomy":"vehica_6670","embeddable":true,"href":"https:\/\/cf-motors.de\/pt\/wp-json\/wp\/v2\/vehica_6670?post=599397"},{"taxonomy":"vehica_12723","embeddable":true,"href":"https:\/\/cf-motors.de\/pt\/wp-json\/wp\/v2\/vehica_12723?post=599397"},{"taxonomy":"vehica_18854","embeddable":true,"href":"https:\/\/cf-motors.de\/pt\/wp-json\/wp\/v2\/vehica_18854?post=599397"}],"curies":[{"name":"wp","href":"https:\/\/api.w.org\/{rel}","templated":true}]}}

<p><strong>OBRIGADO PELO SEU INTERESSE NUM DOS NOSSOS VEÍCULOS</strong></p>
<hr/>
<p>Temos o prazer de lhe apresentar um G63 AMG MY26 totalmente equipado. Se tiver mais alguma questão e para obter a lista completa de equipamento, não hesite em contactar-nos!<br />Pacote AMG Noturno:<br />Grelha do radiador específica para AMG em cromado escuro<br />Caixa dos espelhos retrovisores exteriores em preto obsidiano<br />Inserção no para-choques em preto obsidiano<br />Aro da roda sobresselente pintado em preto obsidiano<br />Unidades de luz reguladas<br />Proteção inferior ótica em preto obsidiano<br />Pacote AMG Noturno II:<br />Brasão AMG no capot em cromado escuro<br />Estrela Mercedes à frente e atrás em preto brilhante<br />Tipografia em preto brilhante<br />Pacote de desempenho AMG:<br />Jantes forjadas AMG de 55,9 cm (22“) com design de raios múltiplos<br />Suspensão AMG ACTIVE RIDE CONTROL<br />Pinças de travão AMG à frente e atrás pintadas de vermelho<br />Pacote do condutor AMG<br />Extra digital: AMG TRACK PACE<br />Pacote de conforto:<br />Suporte para copos temperado<br />Abertura de porta de garagem<br />Sistema de carregamento sem fios para dispositivos móveis à frente<br />KEYLESS-GO<br />Interior da linha SUPERIOR<br />Painel de instrumentos em couro nappa<br />Exterior:<br />Sistema de escape específico AMG em preto<br />Embalagem com logótipo MANUFAKTUR em preto<br />Projetor do logótipo MANUFAKTUR no espelho retrovisor exterior<br />Maçaneta da porta MANUFAKTUR em preto com logótipo em relevo<br />Estribos de apoio MANUFAKTUR em preto<br />Interior:<br />Pack Assento Multicontorno Ativo Plus<br />Pacote ENERGIZING Plus<br />Volante AMG Performance em carbono / microfibra MICROCUT<br />Elementos de acabamento em fibra de carbono AMG<br />Aquecimento do apoio de braço para o condutor e passageiro da frente<br />MANUFAKTUR pimenta vermelha / preta<br />Pacote de conforto térmico<br />Para-brisas, aquecido<br />Aquecimento do volante<br />Elemento decorativo na pega com a inscrição „MANUFAKTUR“.<br />Entretenimento topo de gama para o banco traseiro MBUX</p>
<hr/>
<p><strong>Pacotes de equipamento:</strong></p>
<ul>
<li>Pacote de Condutores AMG</li>
<li>Pacote nocturno</li>
<li>Pacote de desempenho</li>
</ul>
<p><strong class='title'>Garantia e selo de qualidade:</strong></p>
<ul>
<li>Garantia</li>
</ul>
<p><strong class='title'>Sistemas de assistência:</strong></p>
<ul>
<li>Pacote de Assistência à Condução</li>
<li>Pacote de estacionamento com câmara de 360 graus</li>
</ul>
<p><strong class='title'>Multimédia e Infotainment:</strong></p>
<ul>
<li>Burmester® High-End Surround Sound System</li>
<li>Entretenimento carinhoso</li>
</ul>
<p><strong class='title'>Segurança e tecnologia:</strong></p>
<ul>
<li>Assistente de travagem activo</li>
<li>PRÉ-SAFE</li>
</ul>
<p><strong class='title'>Conforto e climatização:</strong></p>
<ul>
<li>Assentos activos (assentos com função de massagem)</li>
<li>Controlo climático automático</li>
<li>Assento(s) Multicontour</li>
<li>Ventilação do assento</li>
<li>Aquecimento dos bancos</li>
<li>Vidros laminados repelentes de água e de absorção de som</li>
<li>Cockpit de ecrã panorâmico</li>
</ul>
<p><strong class='title'>Exterior e design:</strong></p>
<ul>
<li>Pinças de travão AMG</li>
<li>Sistema de travagem AMG de alto desempenho (composto)</li>
<li>Sistema de escape AMG Performance</li>
<li>Quadros de corrida</li>
</ul>
<p><strong class='title'>Interior e design:</strong></p>
<ul>
<li>Iluminação ambiente</li>
<li>Volante de direcção AMG Performance</li>
<li>Aplicações interiores em carbono</li>
<li>Telhado deslizante de vidro eléctrico de elevação</li>
<li>Interior exclusivo</li>
<li>Cintos de segurança vermelhos</li>
</ul>
<p><strong class='title'>Ambiente e tarifação:</strong></p>
<ul>
<li>E10 adequado</li>
<li>EURO 6d</li>
<li>Catalisador</li>
<li>Distintivo ambiental 4</li>
</ul>
<p><strong class='title'>Caixa de velocidades:</strong></p>
<ul>
<li>AMG SPEEDSHIFT TCT</li>
</ul>
<p><strong class='title'>Mais informações:</strong></p>
<ul>
<li>Em nome de um cliente</li>
<li>sem acidentes</li>
</ul>
<p></p>
<hr/>
<p>Sujeito a venda prévia e com exceção de erros. A descrição do veículo serve exclusivamente para a identificação geral do veículo e não constitui uma garantia juridicamente vinculativa. Apenas os acordos constantes do contrato de compra e venda e da confirmação da encomenda são vinculativos. Por favor, tenha em atenção que determinados extras opcionais podem implicar custos adicionais. Informações pormenorizadas sobre a gama de equipamento podem ser obtidas junto dos nossos vendedores.</p>
