{"id":599340,"date":"2026-05-01T06:00:30","date_gmt":"2026-05-01T06:00:30","guid":{"rendered":"http:\/\/cf-motors.de\/de\/listing\/mercedes-benz-g-63-amg-my24-carbon-sr2-360-burmester\/"},"modified":"2026-05-01T06:00:30","modified_gmt":"2026-05-01T06:00:30","slug":"mercedes-benz-g-63-amg-my24-carbon-sr2-360-burmester","status":"publish","type":"vehica_car","link":"https:\/\/cf-motors.de\/pt\/listing\/mercedes-benz-g-63-amg-my24-carbon-sr2-360-burmester\/","title":{"rendered":"MERCEDES-BENZ G 63 AMG MY24, CARBONO, SR2, 360, BURMESTER"},"content":{"rendered":"<p>##P5TANK PARA O SEU INTERESSE NUM DOS NOSSOS VE\u00cdCULOS##<br \/>Temos o prazer de lhe apresentar um novo MY24 G63 AMG. Se tiver mais perguntas e para obter a lista completa de equipamento, n\u00e3o hesite em contactar-nos!<br \/><strong class='title'>Excerto da vasta gama de extras opcionais:<\/strong><\/p>\n<ul>\n<li>Pack Assento Multicontorno Ativo Plus<\/li>\n<li>Pack Assento Multicontorno Ativo Plus<\/li>\n<li>Grelha do radiador espec\u00edfica para AMG<\/li>\n<li>Pacote do condutor AMG<\/li>\n<li>Cobertura do motor em carbono AMG<\/li>\n<li>Pacote AMG Noturno II<\/li>\n<li>Volante AMG Performance em carbono \/ microfibra DINAMICA<\/li>\n<li>Elementos de acabamento em fibra de carbono AMG<\/li>\n<li>Sistema de som surround Burmester\u00ae.<\/li>\n<li>Abertura de porta de garagem<\/li>\n<li>Prote\u00e7\u00e3o do ve\u00edculo Guard 360 Plus<\/li>\n<li>Preto brilhante<\/li>\n<li>Painel de instrumentos em couro nappa<\/li>\n<li>Ioniza\u00e7\u00e3o do ar interior<\/li>\n<li>Estrela da Mercedes \u00e0 frente e atr\u00e1s em preto brilhante Tipografia em<\/li>\n<li>Pacote noturno<\/li>\n<li>Pacote de desempenho<\/li>\n<li>Teto de abrir<\/li>\n<li>Interior da linha SUPERIOR<\/li>\n<\/ul>\n<p><strong>OBRIGADO PELO SEU INTERESSE NUM DOS NOSSOS VE\u00cdCULOS<\/strong><\/p>\n<hr\/>\n<p><strong>Pacotes de equipamento:<\/strong><\/p>\n<ul>\n<li>Pacote de Condutores AMG<\/li>\n<li>Pacote nocturno<\/li>\n<li>Pacote de desempenho<\/li>\n<\/ul>\n<p><strong class='title'>Garantia e selo de qualidade:<\/strong><\/p>\n<ul>\n<li>Garantia<\/li>\n<\/ul>\n<p><strong class='title'>Sistemas de assist\u00eancia:<\/strong><\/p>\n<ul>\n<li>Controlo de cruzeiro adaptativo (Distronic)<\/li>\n<li>Sensor de luz<\/li>\n<li>Pacote de estacionamento com c\u00e2mara de 360 graus<\/li>\n<li>Parktronic<\/li>\n<li>Sensor de chuva<\/li>\n<li>C\u00e2mara de vis\u00e3o traseira<\/li>\n<li>Assist\u00eancia na faixa de rodagem<\/li>\n<li>Assist\u00eancia aos pontos cegos<\/li>\n<li>Reconhecimento de sinais de tr\u00e2nsito<\/li>\n<\/ul>\n<p><strong class='title'>Luz:<\/strong><\/p>\n<ul>\n<li>Farol multi-feixe de LED<\/li>\n<\/ul>\n<p><strong class='title'>Multim\u00e9dia e Infotainment:<\/strong><\/p>\n<ul>\n<li>Sistema de som Burmester Surround<\/li>\n<li>COMANDO Online<\/li>\n<li>Sintonizador DAB<\/li>\n<li>Kit m\u00e3os livres<\/li>\n<li>Interface iPod\u00ae\/iPhone\u00ae\/Android<\/li>\n<li>Navega\u00e7\u00e3o \/ Navega\u00e7\u00e3o em linha<\/li>\n<li>R\u00e1dio<\/li>\n<li>Controlo\/opera\u00e7\u00e3o por voz<\/li>\n<\/ul>\n<p><strong class='title'>Seguran\u00e7a e tecnologia:<\/strong><\/p>\n<ul>\n<li>Assistente de travagem activo<\/li>\n<li>Sistema de alarme<\/li>\n<li>Sistema de travagem antibloqueio (ABS)<\/li>\n<li>Sistema de Controlo de Trac\u00e7\u00e3o (TCS)<\/li>\n<li>Airbag de passageiro<\/li>\n<li>Sistema de detec\u00e7\u00e3o de roubo<\/li>\n<li>Seletor de modo de condu\u00e7\u00e3o DYNAMIC SELECT<\/li>\n<li>Programa Electr\u00f3nico de Estabilidade (ESP)<\/li>\n<li>Airbag do condutor<\/li>\n<li>Sistema de airbag da cabe\u00e7a<\/li>\n<li>Pelvisbag<\/li>\n<li>PR\u00c9-SAFE<\/li>\n<li>Airbags laterais frontais<\/li>\n<li>Prote\u00e7\u00e3o contra impactos laterais<\/li>\n<li>Cintos de seguran\u00e7a com tensores de cinto<\/li>\n<li>Chassis desportivo<\/li>\n<li>Imobilizador<\/li>\n<\/ul>\n<p><strong class='title'>Conforto e climatiza\u00e7\u00e3o:<\/strong><\/p>\n<ul>\n<li>4x Aquecimento de assento<\/li>\n<li>Tomada de 12V<\/li>\n<li>Assentos activos (assentos com fun\u00e7\u00e3o de massagem)<\/li>\n<li>Rel\u00f3gio anal\u00f3gico<\/li>\n<li>Indicador com interruptor de ponta de conforto<\/li>\n<li>Interruptor de fecho central<\/li>\n<li>Espelhos el\u00e9ctricos. aquecidos<\/li>\n<li>vidros el\u00e9ctricos<\/li>\n<li>Limpa-vidros traseiro<\/li>\n<li>Ionizador<\/li>\n<li>Fun\u00e7\u00e3o Keyless Go Start<\/li>\n<li>Controlo clim\u00e1tico autom\u00e1tico<\/li>\n<li>Conforto no fecho\/abertura das janelas<\/li>\n<li>Assento(s) Multicontour<\/li>\n<li>Pacote tecnol\u00f3gico<\/li>\n<li>Sistema de chamada telem\u00e1tica\/emerg\u00eancia (prepara\u00e7\u00e3o)<\/li>\n<li>Vidros laminados repelentes de \u00e1gua e de absor\u00e7\u00e3o de som<\/li>\n<li>Cockpit de ecr\u00e3 panor\u00e2mico<\/li>\n<li>Fecho centralizado com controlo remoto<\/li>\n<\/ul>\n<p><strong class='title'>Pneus e jantes:<\/strong><\/p>\n<ul>\n<li>Jantes de liga de 22 polegadas<\/li>\n<li>Cobertura da roda sobresselente<\/li>\n<\/ul>\n<p><strong class='title'>Exterior e design:<\/strong><\/p>\n<ul>\n<li>Sistema de escape com controlo de flap<\/li>\n<li>Sistema de travagem AMG de alto desempenho (composto)<\/li>\n<li>Sistema de escape AMG Performance<\/li>\n<li>Pin\u00e7as de trav\u00e3o vermelhas<\/li>\n<li>Quadros de corrida<\/li>\n<li>Pr\u00e9-instala\u00e7\u00e3o de barras de reboque<\/li>\n<\/ul>\n<p><strong class='title'>Interior e design:<\/strong><\/p>\n<ul>\n<li>Ilumina\u00e7\u00e3o ambiente<\/li>\n<li>Guarni\u00e7\u00f5es da soleira da porta AMG<\/li>\n<li>Volante de direc\u00e7\u00e3o AMG Performance<\/li>\n<li>Aplica\u00e7\u00f5es interiores em carbono<\/li>\n<li>soleiras das portas iluminadas<\/li>\n<li>Cabe\u00e7alho em microfibra Dinamica<\/li>\n<li>Telhado deslizante de vidro el\u00e9ctrico de eleva\u00e7\u00e3o<\/li>\n<li>Porta-copos<\/li>\n<li>Costura contrastada<\/li>\n<li>Leitura de luz(s)<\/li>\n<li>Volante multifun\u00e7\u00f5es<\/li>\n<\/ul>\n<p><strong class='title'>Bagagem \/ ajudas de carga:<\/strong><\/p>\n<ul>\n<li>Tampa do compartimento de carga EASY-PACK<\/li>\n<\/ul>\n<p><strong class='title'>Ambiente e tarifa\u00e7\u00e3o:<\/strong><\/p>\n<ul>\n<li>Efici\u00eancia classe F<\/li>\n<li>EURO 6d<\/li>\n<li>Catalisador<\/li>\n<li>Iniciar\/Pararar Autom\u00e1tico<\/li>\n<li>Distintivo ambiental 4<\/li>\n<\/ul>\n<p><strong class='title'>Caixa de velocidades:<\/strong><\/p>\n<ul>\n<li>AMG SPEEDSHIFT TCT<\/li>\n<\/ul>\n<p><strong class='title'>Mais informa\u00e7\u00f5es:<\/strong><\/p>\n<ul>\n<li>Em nome de um cliente<\/li>\n<li>Tanque de combust\u00edvel ampliado<\/li>\n<li>Livro de cheques<\/li>\n<li>sem acidentes<\/li>\n<\/ul>\n<p><\/p>\n<hr\/>\n<p>Sujeito a venda pr\u00e9via e com exce\u00e7\u00e3o de erros. A descri\u00e7\u00e3o do ve\u00edculo serve exclusivamente para a identifica\u00e7\u00e3o geral do ve\u00edculo e n\u00e3o constitui uma garantia juridicamente vinculativa. Apenas os acordos constantes do contrato de compra e venda e da confirma\u00e7\u00e3o da encomenda s\u00e3o vinculativos. Por favor, tenha em aten\u00e7\u00e3o que determinados extras opcionais podem implicar custos adicionais. Informa\u00e7\u00f5es pormenorizadas sobre a gama de equipamento podem ser obtidas junto dos nossos vendedores.<\/p>","protected":false},"author":95,"featured_media":0,"template":"","vehica_6654":[2072],"vehica_17481":[2452],"vehica_6655":[2476],"vehica_6659":[2720],"vehica_6660":[2729],"vehica_6657":[],"vehica_6661":[],"vehica_6662":[2483],"vehica_6663":[2107],"vehica_12974":[],"vehica_6666":[2374],"vehica_12770":[],"vehica_6670":[],"vehica_12723":[],"vehica_18854":[2500],"class_list":["post-599340","vehica_car","type-vehica_car","status-publish","hentry","vehica_6654-new","vehica_17481-car","vehica_6655-car","vehica_6659-mercedes-benz","vehica_6660-g-63-amg","vehica_6662-automatic_gear","vehica_6663-petrol","vehica_6666-black","vehica_18854-euro6d"],"vehica_6656":{"vehica_currency_6656_2316":238000},"vehica_14696":"","vehica_6664":"0","vehica_6665":"3982","vehica_6671":"","vehica_6673":["https:\/\/cf-motors.de\/wp-content\/uploads\/cars_pictures\/2244286_1.jpg","https:\/\/cf-motors.de\/wp-content\/uploads\/cars_pictures\/2244286_2.jpg","https:\/\/cf-motors.de\/wp-content\/uploads\/cars_pictures\/2244286_3.jpg","https:\/\/cf-motors.de\/wp-content\/uploads\/cars_pictures\/2244286_4.jpg","https:\/\/cf-motors.de\/wp-content\/uploads\/cars_pictures\/2244286_5.jpg","https:\/\/cf-motors.de\/wp-content\/uploads\/cars_pictures\/2244286_6.jpg","https:\/\/cf-motors.de\/wp-content\/uploads\/cars_pictures\/2244286_7.jpg","https:\/\/cf-motors.de\/wp-content\/uploads\/cars_pictures\/2244286_8.jpg","https:\/\/cf-motors.de\/wp-content\/uploads\/cars_pictures\/2244286_9.jpg","https:\/\/cf-motors.de\/wp-content\/uploads\/cars_pictures\/2244286_10.jpg","https:\/\/cf-motors.de\/wp-content\/uploads\/cars_pictures\/2244286_11.jpg","https:\/\/cf-motors.de\/wp-content\/uploads\/cars_pictures\/2244286_12.jpg","https:\/\/cf-motors.de\/wp-content\/uploads\/cars_pictures\/2244286_13.jpg","https:\/\/cf-motors.de\/wp-content\/uploads\/cars_pictures\/2244286_14.jpg","https:\/\/cf-motors.de\/wp-content\/uploads\/cars_pictures\/2244286_15.jpg"],"vehica_6674":{"embed":"","url":""},"vehica_16721":"","vehica_18845":"G63blackred_Jan24","vehica_18846":"430 kW (585 PS)","vehica_18847":"341","vehica_18848":"","vehica_18849":"14.4","vehica_18850":"19","vehica_18851":"F","vehica_18852":"17.1","vehica_18853":"12.9","vehica_18855":"","vehica_18856":"","vehica_18857":"","vehica_18858":"","vehica_22348":"3","vehica_22990":"585","vehica_346997":"0","vehica_437603":"G","vehica_439584":"","vehica_439585":"50;2558+115;5882+190;9719","vehica_439586":"1.85","vehica_439587":"2023","vehica_439588":"924","vehica_439589":"3996","vehica_449495":"341","vehica_449496":"14.4","vehica_449497":"","vehica_454484":"","vehica_454485":"","vehica_454486":"","vehica_454487":"","vehica_454488":"14.4","vehica_472325":"","vehica_472326":"","vehica_472327":"","vehica_472328":"341","vehica_472329":"G","vehica_472330":"","vehica_472331":"","vehica_472332":"","vehica_472333":"","vehica_472366":"","vehica_597916":"","_links":{"self":[{"href":"https:\/\/cf-motors.de\/pt\/wp-json\/wp\/v2\/cars\/599340","targetHints":{"allow":["GET"]}}],"collection":[{"href":"https:\/\/cf-motors.de\/pt\/wp-json\/wp\/v2\/cars"}],"about":[{"href":"https:\/\/cf-motors.de\/pt\/wp-json\/wp\/v2\/types\/vehica_car"}],"author":[{"embeddable":true,"href":"https:\/\/cf-motors.de\/pt\/wp-json\/wp\/v2\/users\/95"}],"wp:attachment":[{"href":"https:\/\/cf-motors.de\/pt\/wp-json\/wp\/v2\/media?parent=599340"}],"wp:term":[{"taxonomy":"vehica_6654","embeddable":true,"href":"https:\/\/cf-motors.de\/pt\/wp-json\/wp\/v2\/vehica_6654?post=599340"},{"taxonomy":"vehica_17481","embeddable":true,"href":"https:\/\/cf-motors.de\/pt\/wp-json\/wp\/v2\/vehica_17481?post=599340"},{"taxonomy":"vehica_6655","embeddable":true,"href":"https:\/\/cf-motors.de\/pt\/wp-json\/wp\/v2\/vehica_6655?post=599340"},{"taxonomy":"vehica_6659","embeddable":true,"href":"https:\/\/cf-motors.de\/pt\/wp-json\/wp\/v2\/vehica_6659?post=599340"},{"taxonomy":"vehica_6660","embeddable":true,"href":"https:\/\/cf-motors.de\/pt\/wp-json\/wp\/v2\/vehica_6660?post=599340"},{"taxonomy":"vehica_6657","embeddable":true,"href":"https:\/\/cf-motors.de\/pt\/wp-json\/wp\/v2\/vehica_6657?post=599340"},{"taxonomy":"vehica_6661","embeddable":true,"href":"https:\/\/cf-motors.de\/pt\/wp-json\/wp\/v2\/vehica_6661?post=599340"},{"taxonomy":"vehica_6662","embeddable":true,"href":"https:\/\/cf-motors.de\/pt\/wp-json\/wp\/v2\/vehica_6662?post=599340"},{"taxonomy":"vehica_6663","embeddable":true,"href":"https:\/\/cf-motors.de\/pt\/wp-json\/wp\/v2\/vehica_6663?post=599340"},{"taxonomy":"vehica_12974","embeddable":true,"href":"https:\/\/cf-motors.de\/pt\/wp-json\/wp\/v2\/vehica_12974?post=599340"},{"taxonomy":"vehica_6666","embeddable":true,"href":"https:\/\/cf-motors.de\/pt\/wp-json\/wp\/v2\/vehica_6666?post=599340"},{"taxonomy":"vehica_12770","embeddable":true,"href":"https:\/\/cf-motors.de\/pt\/wp-json\/wp\/v2\/vehica_12770?post=599340"},{"taxonomy":"vehica_6670","embeddable":true,"href":"https:\/\/cf-motors.de\/pt\/wp-json\/wp\/v2\/vehica_6670?post=599340"},{"taxonomy":"vehica_12723","embeddable":true,"href":"https:\/\/cf-motors.de\/pt\/wp-json\/wp\/v2\/vehica_12723?post=599340"},{"taxonomy":"vehica_18854","embeddable":true,"href":"https:\/\/cf-motors.de\/pt\/wp-json\/wp\/v2\/vehica_18854?post=599340"}],"curies":[{"name":"wp","href":"https:\/\/api.w.org\/{rel}","templated":true}]}}

<p>##P5TANK PARA O SEU INTERESSE NUM DOS NOSSOS VEÍCULOS##<br />Temos o prazer de lhe apresentar um novo MY24 G63 AMG. Se tiver mais perguntas e para obter a lista completa de equipamento, não hesite em contactar-nos!<br /><strong class='title'>Excerto da vasta gama de extras opcionais:</strong></p>
<ul>
<li>Pack Assento Multicontorno Ativo Plus</li>
<li>Pack Assento Multicontorno Ativo Plus</li>
<li>Grelha do radiador específica para AMG</li>
<li>Pacote do condutor AMG</li>
<li>Cobertura do motor em carbono AMG</li>
<li>Pacote AMG Noturno II</li>
<li>Volante AMG Performance em carbono / microfibra DINAMICA</li>
<li>Elementos de acabamento em fibra de carbono AMG</li>
<li>Sistema de som surround Burmester®.</li>
<li>Abertura de porta de garagem</li>
<li>Proteção do veículo Guard 360 Plus</li>
<li>Preto brilhante</li>
<li>Painel de instrumentos em couro nappa</li>
<li>Ionização do ar interior</li>
<li>Estrela da Mercedes à frente e atrás em preto brilhante Tipografia em</li>
<li>Pacote noturno</li>
<li>Pacote de desempenho</li>
<li>Teto de abrir</li>
<li>Interior da linha SUPERIOR</li>
</ul>
<p><strong>OBRIGADO PELO SEU INTERESSE NUM DOS NOSSOS VEÍCULOS</strong></p>
<hr/>
<p><strong>Pacotes de equipamento:</strong></p>
<ul>
<li>Pacote de Condutores AMG</li>
<li>Pacote nocturno</li>
<li>Pacote de desempenho</li>
</ul>
<p><strong class='title'>Garantia e selo de qualidade:</strong></p>
<ul>
<li>Garantia</li>
</ul>
<p><strong class='title'>Sistemas de assistência:</strong></p>
<ul>
<li>Controlo de cruzeiro adaptativo (Distronic)</li>
<li>Sensor de luz</li>
<li>Pacote de estacionamento com câmara de 360 graus</li>
<li>Parktronic</li>
<li>Sensor de chuva</li>
<li>Câmara de visão traseira</li>
<li>Assistência na faixa de rodagem</li>
<li>Assistência aos pontos cegos</li>
<li>Reconhecimento de sinais de trânsito</li>
</ul>
<p><strong class='title'>Luz:</strong></p>
<ul>
<li>Farol multi-feixe de LED</li>
</ul>
<p><strong class='title'>Multimédia e Infotainment:</strong></p>
<ul>
<li>Sistema de som Burmester Surround</li>
<li>COMANDO Online</li>
<li>Sintonizador DAB</li>
<li>Kit mãos livres</li>
<li>Interface iPod®/iPhone®/Android</li>
<li>Navegação / Navegação em linha</li>
<li>Rádio</li>
<li>Controlo/operação por voz</li>
</ul>
<p><strong class='title'>Segurança e tecnologia:</strong></p>
<ul>
<li>Assistente de travagem activo</li>
<li>Sistema de alarme</li>
<li>Sistema de travagem antibloqueio (ABS)</li>
<li>Sistema de Controlo de Tracção (TCS)</li>
<li>Airbag de passageiro</li>
<li>Sistema de detecção de roubo</li>
<li>Seletor de modo de condução DYNAMIC SELECT</li>
<li>Programa Electrónico de Estabilidade (ESP)</li>
<li>Airbag do condutor</li>
<li>Sistema de airbag da cabeça</li>
<li>Pelvisbag</li>
<li>PRÉ-SAFE</li>
<li>Airbags laterais frontais</li>
<li>Proteção contra impactos laterais</li>
<li>Cintos de segurança com tensores de cinto</li>
<li>Chassis desportivo</li>
<li>Imobilizador</li>
</ul>
<p><strong class='title'>Conforto e climatização:</strong></p>
<ul>
<li>4x Aquecimento de assento</li>
<li>Tomada de 12V</li>
<li>Assentos activos (assentos com função de massagem)</li>
<li>Relógio analógico</li>
<li>Indicador com interruptor de ponta de conforto</li>
<li>Interruptor de fecho central</li>
<li>Espelhos eléctricos. aquecidos</li>
<li>vidros eléctricos</li>
<li>Limpa-vidros traseiro</li>
<li>Ionizador</li>
<li>Função Keyless Go Start</li>
<li>Controlo climático automático</li>
<li>Conforto no fecho/abertura das janelas</li>
<li>Assento(s) Multicontour</li>
<li>Pacote tecnológico</li>
<li>Sistema de chamada telemática/emergência (preparação)</li>
<li>Vidros laminados repelentes de água e de absorção de som</li>
<li>Cockpit de ecrã panorâmico</li>
<li>Fecho centralizado com controlo remoto</li>
</ul>
<p><strong class='title'>Pneus e jantes:</strong></p>
<ul>
<li>Jantes de liga de 22 polegadas</li>
<li>Cobertura da roda sobresselente</li>
</ul>
<p><strong class='title'>Exterior e design:</strong></p>
<ul>
<li>Sistema de escape com controlo de flap</li>
<li>Sistema de travagem AMG de alto desempenho (composto)</li>
<li>Sistema de escape AMG Performance</li>
<li>Pinças de travão vermelhas</li>
<li>Quadros de corrida</li>
<li>Pré-instalação de barras de reboque</li>
</ul>
<p><strong class='title'>Interior e design:</strong></p>
<ul>
<li>Iluminação ambiente</li>
<li>Guarnições da soleira da porta AMG</li>
<li>Volante de direcção AMG Performance</li>
<li>Aplicações interiores em carbono</li>
<li>soleiras das portas iluminadas</li>
<li>Cabeçalho em microfibra Dinamica</li>
<li>Telhado deslizante de vidro eléctrico de elevação</li>
<li>Porta-copos</li>
<li>Costura contrastada</li>
<li>Leitura de luz(s)</li>
<li>Volante multifunções</li>
</ul>
<p><strong class='title'>Bagagem / ajudas de carga:</strong></p>
<ul>
<li>Tampa do compartimento de carga EASY-PACK</li>
</ul>
<p><strong class='title'>Ambiente e tarifação:</strong></p>
<ul>
<li>Eficiência classe F</li>
<li>EURO 6d</li>
<li>Catalisador</li>
<li>Iniciar/Pararar Automático</li>
<li>Distintivo ambiental 4</li>
</ul>
<p><strong class='title'>Caixa de velocidades:</strong></p>
<ul>
<li>AMG SPEEDSHIFT TCT</li>
</ul>
<p><strong class='title'>Mais informações:</strong></p>
<ul>
<li>Em nome de um cliente</li>
<li>Tanque de combustível ampliado</li>
<li>Livro de cheques</li>
<li>sem acidentes</li>
</ul>
<p></p>
<hr/>
<p>Sujeito a venda prévia e com exceção de erros. A descrição do veículo serve exclusivamente para a identificação geral do veículo e não constitui uma garantia juridicamente vinculativa. Apenas os acordos constantes do contrato de compra e venda e da confirmação da encomenda são vinculativos. Por favor, tenha em atenção que determinados extras opcionais podem implicar custos adicionais. Informações pormenorizadas sobre a gama de equipamento podem ser obtidas junto dos nossos vendedores.</p>
