{"id":599114,"date":"2026-04-26T14:00:15","date_gmt":"2026-04-26T14:00:15","guid":{"rendered":"http:\/\/cf-motors.de\/de\/listing\/ferrari-488-spider-jbl-lift-cam-leds\/"},"modified":"2026-04-26T14:00:15","modified_gmt":"2026-04-26T14:00:15","slug":"ferrari-488-spider-jbl-lift-cam-leds","status":"publish","type":"vehica_car","link":"https:\/\/cf-motors.de\/pt\/listing\/ferrari-488-spider-jbl-lift-cam-leds\/","title":{"rendered":"FERRARI 488 Spider JBL, LIFT, CAM, LEDS"},"content":{"rendered":"<p><strong>OBRIGADO PELO SEU INTERESSE NUM DOS NOSSOS VE\u00cdCULOS<\/strong><\/p>\n<hr\/>\n<p>Obrigado pelo seu interesse no nosso bem conservado Ferrari 488 Spider. O ve\u00edculo tem uma garantia de pot\u00eancia at\u00e9 02\/2026 e est\u00e1 totalmente reparado. Se tiver mais alguma quest\u00e3o, n\u00e3o hesite em contactar-nos!<br \/>Op\u00e7\u00e3o de c\u00f3digo:<br \/>AFS1 - SISTEMA DE ILUMINA\u00c7\u00c3O FRONTAL ADAPTATIVO<br \/>BIC2 - PINTURA CORPORAL EM DOIS TONS (NERO DS 1250)<br \/>CALY - PIN\u00c7AS DE TRAV\u00c3O AMARELAS<br \/>CIDL - ZONA DO CONDUTOR EM FIBRA DE CARBONO + LEDS<br \/>CILR - PONTE CENTRAL EM FIBRA DE CARBONO<br \/>DAYT - BANCOS ESTILO DAYTONA<br \/>ELEV - LEVANTADOR DE SUSPENS\u00c3O<br \/>HELE - ALTA EMO\u00c7\u00c3O BAIXA EMISS\u00c3O<br \/>LOG\u00d3TIPO - ESCUDOS DA SCUDERIA FERRARI<br \/>PAC3 - C\u00c2MARAS DE ESTACIONAMENTO DIANTEIRAS E TRASEIRAS<br \/>PAR2 - SENSORES DE ESTACIONAMENTO \u00c0 FRENTE E ATR\u00c1S<br \/>RPMY - CONTADOR DE ROTA\u00c7\u00d5ES AMARELO CONTADOR<br \/>RSFE - BANCOS TOTALMENTE EL\u00c9CTRICOS<br \/>SNDH - SISTEMA HI-FI PREMIUM<br \/>STC1 - COSTURA STANDARD COLORIDA O.R. BIANCO 2000<\/p>\n<hr\/>\n<p><strong>Garantia e selo de qualidade:<\/strong><\/p>\n<ul>\n<li>Garantia dos carros usados<\/li>\n<\/ul>\n<p><strong class='title'>Sistemas de assist\u00eancia:<\/strong><\/p>\n<ul>\n<li>C\u00e2mara frontal<\/li>\n<li>PDC (ajuda ao estacionamento)<\/li>\n<li>C\u00e2mara de vis\u00e3o traseira<\/li>\n<\/ul>\n<p><strong class='title'>Luz:<\/strong><\/p>\n<ul>\n<li>Luzes traseiras (parciais) LED<\/li>\n<li>Luz LED diurna cont\u00ednua<\/li>\n<\/ul>\n<p><strong class='title'>Multim\u00e9dia e Infotainment:<\/strong><\/p>\n<ul>\n<li>Navega\u00e7\u00e3o \/ Navega\u00e7\u00e3o em linha<\/li>\n<li>Sistema de som JBL<\/li>\n<li>Prepara\u00e7\u00e3o telef\u00f3nica com Bluetooth<\/li>\n<\/ul>\n<p><strong class='title'>Seguran\u00e7a e tecnologia:<\/strong><\/p>\n<ul>\n<li>Trav\u00e3o de carbono cer\u00e2mico (CCB)<\/li>\n<li>Sistema de eleva\u00e7\u00e3o<\/li>\n<\/ul>\n<p><strong class='title'>Conforto e climatiza\u00e7\u00e3o:<\/strong><\/p>\n<ul>\n<li>Ajuste de assento el\u00e9ctrico condutor\/passageiro<\/li>\n<li>Controlo clim\u00e1tico autom\u00e1tico<\/li>\n<li>Design do banco Daytona<\/li>\n<\/ul>\n<p><strong class='title'>Exterior e design:<\/strong><\/p>\n<ul>\n<li>Pin\u00e7as de trav\u00e3o amarelas<\/li>\n<li>Emblemas de Scuderia<\/li>\n<\/ul>\n<p><strong class='title'>Interior e design:<\/strong><\/p>\n<ul>\n<li>Aplica\u00e7\u00f5es interiores em carbono<\/li>\n<li>Ecr\u00e3 do passageiro<\/li>\n<li>Cavallino rampante sobre os encostos de cabe\u00e7a<\/li>\n<li>Tac\u00f3metro em Giallo<\/li>\n<li>Costura contrastada<\/li>\n<li>painel de instrumentos coberto de couro<\/li>\n<li>Volante em couro com carbono e LEDs<\/li>\n<li>Teto r\u00edgido retr\u00e1til totalmente autom\u00e1tico<\/li>\n<\/ul>\n<p><strong class='title'>Ambiente e tarifa\u00e7\u00e3o:<\/strong><\/p>\n<ul>\n<li>E10 adequado<\/li>\n<li>EURO VI<\/li>\n<li>Catalisador<\/li>\n<li>Distintivo ambiental 4<\/li>\n<\/ul>\n<p><strong class='title'>Caixa de velocidades:<\/strong><\/p>\n<ul>\n<li>Dupla transmiss\u00e3o de embraiagem<\/li>\n<\/ul>\n<p><strong class='title'>Mais informa\u00e7\u00f5es:<\/strong><\/p>\n<ul>\n<li>Em nome de um cliente<\/li>\n<li>Livro de cheques<\/li>\n<li>sem acidentes<\/li>\n<\/ul>\n<p><\/p>\n<hr\/>\n<p>Sujeito a venda pr\u00e9via e com exce\u00e7\u00e3o de erros. A descri\u00e7\u00e3o do ve\u00edculo serve exclusivamente para a identifica\u00e7\u00e3o geral do ve\u00edculo e n\u00e3o constitui uma garantia juridicamente vinculativa. Apenas os acordos constantes do contrato de compra e venda e da confirma\u00e7\u00e3o da encomenda s\u00e3o vinculativos. Por favor, tenha em aten\u00e7\u00e3o que determinados extras opcionais podem implicar custos adicionais. Informa\u00e7\u00f5es pormenorizadas sobre a gama de equipamento podem ser obtidas junto dos nossos vendedores.<\/p>","protected":false},"author":95,"featured_media":0,"template":"","vehica_6654":[2073],"vehica_17481":[2452],"vehica_6655":[2476],"vehica_6659":[2716],"vehica_6660":[2758],"vehica_6657":[],"vehica_6661":[],"vehica_6662":[2483],"vehica_6663":[2107],"vehica_12974":[],"vehica_6666":[2323],"vehica_12770":[],"vehica_6670":[],"vehica_12723":[],"vehica_18854":[2480],"class_list":["post-599114","vehica_car","type-vehica_car","status-publish","hentry","vehica_6654-used","vehica_17481-car","vehica_6655-car","vehica_6659-ferrari","vehica_6660-488-spider","vehica_6662-automatic_gear","vehica_6663-petrol","vehica_6666-grey","vehica_18854-euro6"],"vehica_6656":{"vehica_currency_6656_2316":268900},"vehica_14696":"2018","vehica_6664":"9088","vehica_6665":"3902","vehica_6671":"","vehica_6673":["https:\/\/cf-motors.de\/wp-content\/uploads\/cars_pictures\/2409439_1.jpg","https:\/\/cf-motors.de\/wp-content\/uploads\/cars_pictures\/2409439_2.jpg","https:\/\/cf-motors.de\/wp-content\/uploads\/cars_pictures\/2409439_3.jpg","https:\/\/cf-motors.de\/wp-content\/uploads\/cars_pictures\/2409439_4.jpg","https:\/\/cf-motors.de\/wp-content\/uploads\/cars_pictures\/2409439_5.jpg","https:\/\/cf-motors.de\/wp-content\/uploads\/cars_pictures\/2409439_6.jpg","https:\/\/cf-motors.de\/wp-content\/uploads\/cars_pictures\/2409439_7.jpg","https:\/\/cf-motors.de\/wp-content\/uploads\/cars_pictures\/2409439_8.jpg","https:\/\/cf-motors.de\/wp-content\/uploads\/cars_pictures\/2409439_9.jpg","https:\/\/cf-motors.de\/wp-content\/uploads\/cars_pictures\/2409439_10.jpg","https:\/\/cf-motors.de\/wp-content\/uploads\/cars_pictures\/2409439_11.jpg","https:\/\/cf-motors.de\/wp-content\/uploads\/cars_pictures\/2409439_12.jpg","https:\/\/cf-motors.de\/wp-content\/uploads\/cars_pictures\/2409439_13.jpg","https:\/\/cf-motors.de\/wp-content\/uploads\/cars_pictures\/2409439_14.jpg","https:\/\/cf-motors.de\/wp-content\/uploads\/cars_pictures\/2409439_15.jpg","https:\/\/cf-motors.de\/wp-content\/uploads\/cars_pictures\/2409439_16.jpg","https:\/\/cf-motors.de\/wp-content\/uploads\/cars_pictures\/2409439_17.jpg","https:\/\/cf-motors.de\/wp-content\/uploads\/cars_pictures\/2409439_18.jpg","https:\/\/cf-motors.de\/wp-content\/uploads\/cars_pictures\/2409439_19.jpg"],"vehica_6674":{"embed":"","url":""},"vehica_16721":"","vehica_18845":"488Spider_grey","vehica_18846":"493 kW (670 PS)","vehica_18847":"","vehica_18848":"","vehica_18849":"","vehica_18850":"19","vehica_18851":"","vehica_18852":"","vehica_18853":"","vehica_18855":"04\/2018","vehica_18856":"2018","vehica_18857":"","vehica_18858":"","vehica_22348":"3","vehica_22990":"670","vehica_346997":"0","vehica_437603":"","vehica_439584":"","vehica_439585":";+;+;","vehica_439586":"","vehica_439587":"","vehica_439588":"","vehica_439589":"","vehica_449495":"","vehica_449496":"","vehica_449497":"","vehica_454484":"","vehica_454485":"","vehica_454486":"","vehica_454487":"","vehica_454488":"","vehica_472325":"","vehica_472326":"","vehica_472327":"","vehica_472328":"","vehica_472329":"","vehica_472330":"","vehica_472331":"","vehica_472332":"","vehica_472333":"","vehica_472366":"","vehica_597916":"","_links":{"self":[{"href":"https:\/\/cf-motors.de\/pt\/wp-json\/wp\/v2\/cars\/599114","targetHints":{"allow":["GET"]}}],"collection":[{"href":"https:\/\/cf-motors.de\/pt\/wp-json\/wp\/v2\/cars"}],"about":[{"href":"https:\/\/cf-motors.de\/pt\/wp-json\/wp\/v2\/types\/vehica_car"}],"author":[{"embeddable":true,"href":"https:\/\/cf-motors.de\/pt\/wp-json\/wp\/v2\/users\/95"}],"wp:attachment":[{"href":"https:\/\/cf-motors.de\/pt\/wp-json\/wp\/v2\/media?parent=599114"}],"wp:term":[{"taxonomy":"vehica_6654","embeddable":true,"href":"https:\/\/cf-motors.de\/pt\/wp-json\/wp\/v2\/vehica_6654?post=599114"},{"taxonomy":"vehica_17481","embeddable":true,"href":"https:\/\/cf-motors.de\/pt\/wp-json\/wp\/v2\/vehica_17481?post=599114"},{"taxonomy":"vehica_6655","embeddable":true,"href":"https:\/\/cf-motors.de\/pt\/wp-json\/wp\/v2\/vehica_6655?post=599114"},{"taxonomy":"vehica_6659","embeddable":true,"href":"https:\/\/cf-motors.de\/pt\/wp-json\/wp\/v2\/vehica_6659?post=599114"},{"taxonomy":"vehica_6660","embeddable":true,"href":"https:\/\/cf-motors.de\/pt\/wp-json\/wp\/v2\/vehica_6660?post=599114"},{"taxonomy":"vehica_6657","embeddable":true,"href":"https:\/\/cf-motors.de\/pt\/wp-json\/wp\/v2\/vehica_6657?post=599114"},{"taxonomy":"vehica_6661","embeddable":true,"href":"https:\/\/cf-motors.de\/pt\/wp-json\/wp\/v2\/vehica_6661?post=599114"},{"taxonomy":"vehica_6662","embeddable":true,"href":"https:\/\/cf-motors.de\/pt\/wp-json\/wp\/v2\/vehica_6662?post=599114"},{"taxonomy":"vehica_6663","embeddable":true,"href":"https:\/\/cf-motors.de\/pt\/wp-json\/wp\/v2\/vehica_6663?post=599114"},{"taxonomy":"vehica_12974","embeddable":true,"href":"https:\/\/cf-motors.de\/pt\/wp-json\/wp\/v2\/vehica_12974?post=599114"},{"taxonomy":"vehica_6666","embeddable":true,"href":"https:\/\/cf-motors.de\/pt\/wp-json\/wp\/v2\/vehica_6666?post=599114"},{"taxonomy":"vehica_12770","embeddable":true,"href":"https:\/\/cf-motors.de\/pt\/wp-json\/wp\/v2\/vehica_12770?post=599114"},{"taxonomy":"vehica_6670","embeddable":true,"href":"https:\/\/cf-motors.de\/pt\/wp-json\/wp\/v2\/vehica_6670?post=599114"},{"taxonomy":"vehica_12723","embeddable":true,"href":"https:\/\/cf-motors.de\/pt\/wp-json\/wp\/v2\/vehica_12723?post=599114"},{"taxonomy":"vehica_18854","embeddable":true,"href":"https:\/\/cf-motors.de\/pt\/wp-json\/wp\/v2\/vehica_18854?post=599114"}],"curies":[{"name":"wp","href":"https:\/\/api.w.org\/{rel}","templated":true}]}}

<p><strong>OBRIGADO PELO SEU INTERESSE NUM DOS NOSSOS VEÍCULOS</strong></p>
<hr/>
<p>Obrigado pelo seu interesse no nosso bem conservado Ferrari 488 Spider. O veículo tem uma garantia de potência até 02/2026 e está totalmente reparado. Se tiver mais alguma questão, não hesite em contactar-nos!<br />Opção de código:<br />AFS1 - SISTEMA DE ILUMINAÇÃO FRONTAL ADAPTATIVO<br />BIC2 - PINTURA CORPORAL EM DOIS TONS (NERO DS 1250)<br />CALY - PINÇAS DE TRAVÃO AMARELAS<br />CIDL - ZONA DO CONDUTOR EM FIBRA DE CARBONO + LEDS<br />CILR - PONTE CENTRAL EM FIBRA DE CARBONO<br />DAYT - BANCOS ESTILO DAYTONA<br />ELEV - LEVANTADOR DE SUSPENSÃO<br />HELE - ALTA EMOÇÃO BAIXA EMISSÃO<br />LOGÓTIPO - ESCUDOS DA SCUDERIA FERRARI<br />PAC3 - CÂMARAS DE ESTACIONAMENTO DIANTEIRAS E TRASEIRAS<br />PAR2 - SENSORES DE ESTACIONAMENTO À FRENTE E ATRÁS<br />RPMY - CONTADOR DE ROTAÇÕES AMARELO CONTADOR<br />RSFE - BANCOS TOTALMENTE ELÉCTRICOS<br />SNDH - SISTEMA HI-FI PREMIUM<br />STC1 - COSTURA STANDARD COLORIDA O.R. BIANCO 2000</p>
<hr/>
<p><strong>Garantia e selo de qualidade:</strong></p>
<ul>
<li>Garantia dos carros usados</li>
</ul>
<p><strong class='title'>Sistemas de assistência:</strong></p>
<ul>
<li>Câmara frontal</li>
<li>PDC (ajuda ao estacionamento)</li>
<li>Câmara de visão traseira</li>
</ul>
<p><strong class='title'>Luz:</strong></p>
<ul>
<li>Luzes traseiras (parciais) LED</li>
<li>Luz LED diurna contínua</li>
</ul>
<p><strong class='title'>Multimédia e Infotainment:</strong></p>
<ul>
<li>Navegação / Navegação em linha</li>
<li>Sistema de som JBL</li>
<li>Preparação telefónica com Bluetooth</li>
</ul>
<p><strong class='title'>Segurança e tecnologia:</strong></p>
<ul>
<li>Travão de carbono cerâmico (CCB)</li>
<li>Sistema de elevação</li>
</ul>
<p><strong class='title'>Conforto e climatização:</strong></p>
<ul>
<li>Ajuste de assento eléctrico condutor/passageiro</li>
<li>Controlo climático automático</li>
<li>Design do banco Daytona</li>
</ul>
<p><strong class='title'>Exterior e design:</strong></p>
<ul>
<li>Pinças de travão amarelas</li>
<li>Emblemas de Scuderia</li>
</ul>
<p><strong class='title'>Interior e design:</strong></p>
<ul>
<li>Aplicações interiores em carbono</li>
<li>Ecrã do passageiro</li>
<li>Cavallino rampante sobre os encostos de cabeça</li>
<li>Tacómetro em Giallo</li>
<li>Costura contrastada</li>
<li>painel de instrumentos coberto de couro</li>
<li>Volante em couro com carbono e LEDs</li>
<li>Teto rígido retrátil totalmente automático</li>
</ul>
<p><strong class='title'>Ambiente e tarifação:</strong></p>
<ul>
<li>E10 adequado</li>
<li>EURO VI</li>
<li>Catalisador</li>
<li>Distintivo ambiental 4</li>
</ul>
<p><strong class='title'>Caixa de velocidades:</strong></p>
<ul>
<li>Dupla transmissão de embraiagem</li>
</ul>
<p><strong class='title'>Mais informações:</strong></p>
<ul>
<li>Em nome de um cliente</li>
<li>Livro de cheques</li>
<li>sem acidentes</li>
</ul>
<p></p>
<hr/>
<p>Sujeito a venda prévia e com exceção de erros. A descrição do veículo serve exclusivamente para a identificação geral do veículo e não constitui uma garantia juridicamente vinculativa. Apenas os acordos constantes do contrato de compra e venda e da confirmação da encomenda são vinculativos. Por favor, tenha em atenção que determinados extras opcionais podem implicar custos adicionais. Informações pormenorizadas sobre a gama de equipamento podem ser obtidas junto dos nossos vendedores.</p>
