{"id":598223,"date":"2026-04-27T12:00:44","date_gmt":"2026-04-27T12:00:44","guid":{"rendered":"http:\/\/cf-motors.de\/de\/listing\/ford-gt-carbon-series-limited-edition-brand-new\/"},"modified":"2026-04-27T12:00:45","modified_gmt":"2026-04-27T12:00:45","slug":"ford-gt-carbon-series-limited-edition-brand-new","status":"publish","type":"vehica_car","link":"https:\/\/cf-motors.de\/pt\/listing\/ford-gt-carbon-series-limited-edition-brand-new\/","title":{"rendered":"FORD GT Carbon Series LIMITED EDITION, NOVO"},"content":{"rendered":"<p><strong>OBRIGADO PELO SEU INTERESSE NUM DOS NOSSOS VE\u00cdCULOS<\/strong><\/p>\n<hr\/>\n<p>Temos o prazer de lhe apresentar um novo Ford GT Carbon Series.<br \/>Caracter\u00edsticas do equipamento:<br \/>- Concha do passageiro estrutural em fibra de carbono, pain\u00e9is da carro\u00e7aria e elementos aerodin\u00e2micos activos<br \/>- Motor 3.5L EcoBoost V6 GTDI montado a meio<br \/>- Transmiss\u00e3o manual automatizada de 7 velocidades e dupla embraiagem<br \/>- Suspens\u00e3o independente dianteira e traseira com altura de condu\u00e7\u00e3o vari\u00e1vel e modos de condu\u00e7\u00e3o seleccion\u00e1veis - Trav\u00f5es Brembo em cer\u00e2mica de carbono<\/p>\n<hr\/>\n<p><strong>Garantia e selo de qualidade:<\/strong><\/p>\n<ul>\n<li>Garantia<\/li>\n<li>Garantia dos carros usados<\/li>\n<\/ul>\n<p><strong class='title'>Seguran\u00e7a e tecnologia:<\/strong><\/p>\n<ul>\n<li>Trav\u00e3o de carbono cer\u00e2mico (CCB)<\/li>\n<\/ul>\n<p><strong class='title'>Conforto e climatiza\u00e7\u00e3o:<\/strong><\/p>\n<ul>\n<li>Direc\u00e7\u00e3o assistida<\/li>\n<\/ul>\n<p><strong class='title'>Pneus e jantes:<\/strong><\/p>\n<ul>\n<li>Jantes de carbono<\/li>\n<\/ul>\n<p><strong class='title'>Exterior e design:<\/strong><\/p>\n<ul>\n<li>Sistema de trav\u00f5es Brembo<\/li>\n<li>Pin\u00e7as de trav\u00e3o vermelhas<\/li>\n<li>L\u00e1bio spoiler frontal de carbono<\/li>\n<li>Difusor traseiro de carbono<\/li>\n<li>Capas de espelho em carbono<\/li>\n<\/ul>\n<p><strong class='title'>Interior e design:<\/strong><\/p>\n<ul>\n<li>Volante em Alc\u00e2ntara<\/li>\n<\/ul>\n<p><strong class='title'>Ambiente e tarifa\u00e7\u00e3o:<\/strong><\/p>\n<ul>\n<li>Efici\u00eancia classe G<\/li>\n<li>EURO 6c<\/li>\n<li>Catalisador<\/li>\n<li>Distintivo ambiental 4<\/li>\n<\/ul>\n<p><strong class='title'>Caixa de velocidades:<\/strong><\/p>\n<ul>\n<li>Dupla transmiss\u00e3o de embraiagem<\/li>\n<\/ul>\n<p><strong class='title'>Mais informa\u00e7\u00f5es:<\/strong><\/p>\n<ul>\n<li>Em nome de um cliente<\/li>\n<\/ul>\n<p><\/p>\n<hr\/>\n<p>Sujeito a venda pr\u00e9via e com exce\u00e7\u00e3o de erros. A descri\u00e7\u00e3o do ve\u00edculo serve exclusivamente para a identifica\u00e7\u00e3o geral do ve\u00edculo e n\u00e3o constitui uma garantia juridicamente vinculativa. Apenas os acordos constantes do contrato de compra e venda e da confirma\u00e7\u00e3o da encomenda s\u00e3o vinculativos. Por favor, tenha em aten\u00e7\u00e3o que determinados extras opcionais podem implicar custos adicionais. Informa\u00e7\u00f5es pormenorizadas sobre a gama de equipamento podem ser obtidas junto dos nossos vendedores.<\/p>","protected":false},"author":95,"featured_media":0,"template":"","vehica_6654":[2072],"vehica_17481":[2452],"vehica_6655":[2476],"vehica_6659":[2727],"vehica_6660":[2728],"vehica_6657":[],"vehica_6661":[],"vehica_6662":[2483],"vehica_6663":[2107],"vehica_12974":[],"vehica_6666":[],"vehica_12770":[],"vehica_6670":[2691],"vehica_12723":[],"vehica_18854":[2547],"class_list":["post-598223","vehica_car","type-vehica_car","status-publish","hentry","vehica_6654-new","vehica_17481-car","vehica_6655-car","vehica_6659-ford","vehica_6660-gt","vehica_6662-automatic_gear","vehica_6663-petrol","vehica_6670-brembo-bremsanlagealcantara-lenkradcarbon-heckdiffusorbremssaettel-rotcarbon-spiegelkappenkatalysatorcarbonfelgengebrauchtwagengarantiegarantieservolenkungim-kundenauftrag","vehica_18854-euro6c"],"vehica_6656":{"vehica_currency_6656_2316":821100},"vehica_14696":"","vehica_6664":"0","vehica_6665":"3496","vehica_6671":"","vehica_6673":["https:\/\/cf-motors.de\/wp-content\/uploads\/cars_pictures\/2259122_1.jpg","https:\/\/cf-motors.de\/wp-content\/uploads\/cars_pictures\/2259122_2.jpg","https:\/\/cf-motors.de\/wp-content\/uploads\/cars_pictures\/2259122_3.jpg","https:\/\/cf-motors.de\/wp-content\/uploads\/cars_pictures\/2259122_4.jpg","https:\/\/cf-motors.de\/wp-content\/uploads\/cars_pictures\/2259122_5.jpg","https:\/\/cf-motors.de\/wp-content\/uploads\/cars_pictures\/2259122_6.jpg","https:\/\/cf-motors.de\/wp-content\/uploads\/cars_pictures\/2259122_7.jpg","https:\/\/cf-motors.de\/wp-content\/uploads\/cars_pictures\/2259122_8.jpg","https:\/\/cf-motors.de\/wp-content\/uploads\/cars_pictures\/2259122_9.jpg","https:\/\/cf-motors.de\/wp-content\/uploads\/cars_pictures\/2259122_10.jpg","https:\/\/cf-motors.de\/wp-content\/uploads\/cars_pictures\/2259122_11.jpg","https:\/\/cf-motors.de\/wp-content\/uploads\/cars_pictures\/2259122_12.jpg","https:\/\/cf-motors.de\/wp-content\/uploads\/cars_pictures\/2259122_13.jpg","https:\/\/cf-motors.de\/wp-content\/uploads\/cars_pictures\/2259122_14.jpg"],"vehica_6674":{"embed":"","url":""},"vehica_16721":"","vehica_18845":"FordGTCarbonSeriesFeb24","vehica_18846":"463 kW (629 PS)","vehica_18847":"315","vehica_18848":"","vehica_18849":"14.7","vehica_18850":"19","vehica_18851":"G","vehica_18852":"25.2","vehica_18853":"11.4","vehica_18855":"","vehica_18856":"","vehica_18857":"","vehica_18858":"","vehica_22348":"1","vehica_22990":"629","vehica_346997":"0","vehica_437603":"G","vehica_439584":"","vehica_439585":"50;2363+115;5434+190;8978","vehica_439586":"","vehica_439587":"2023","vehica_439588":"810","vehica_439589":"","vehica_449495":"315","vehica_449496":"13.7","vehica_449497":"","vehica_454484":"25.2","vehica_454485":"14.7","vehica_454486":"11.4","vehica_454487":"11","vehica_454488":"13.7","vehica_472325":"","vehica_472326":"","vehica_472327":"","vehica_472328":"315","vehica_472329":"G","vehica_472330":"","vehica_472331":"","vehica_472332":"","vehica_472333":"","vehica_472366":"","vehica_597916":"","_links":{"self":[{"href":"https:\/\/cf-motors.de\/pt\/wp-json\/wp\/v2\/cars\/598223","targetHints":{"allow":["GET"]}}],"collection":[{"href":"https:\/\/cf-motors.de\/pt\/wp-json\/wp\/v2\/cars"}],"about":[{"href":"https:\/\/cf-motors.de\/pt\/wp-json\/wp\/v2\/types\/vehica_car"}],"author":[{"embeddable":true,"href":"https:\/\/cf-motors.de\/pt\/wp-json\/wp\/v2\/users\/95"}],"wp:attachment":[{"href":"https:\/\/cf-motors.de\/pt\/wp-json\/wp\/v2\/media?parent=598223"}],"wp:term":[{"taxonomy":"vehica_6654","embeddable":true,"href":"https:\/\/cf-motors.de\/pt\/wp-json\/wp\/v2\/vehica_6654?post=598223"},{"taxonomy":"vehica_17481","embeddable":true,"href":"https:\/\/cf-motors.de\/pt\/wp-json\/wp\/v2\/vehica_17481?post=598223"},{"taxonomy":"vehica_6655","embeddable":true,"href":"https:\/\/cf-motors.de\/pt\/wp-json\/wp\/v2\/vehica_6655?post=598223"},{"taxonomy":"vehica_6659","embeddable":true,"href":"https:\/\/cf-motors.de\/pt\/wp-json\/wp\/v2\/vehica_6659?post=598223"},{"taxonomy":"vehica_6660","embeddable":true,"href":"https:\/\/cf-motors.de\/pt\/wp-json\/wp\/v2\/vehica_6660?post=598223"},{"taxonomy":"vehica_6657","embeddable":true,"href":"https:\/\/cf-motors.de\/pt\/wp-json\/wp\/v2\/vehica_6657?post=598223"},{"taxonomy":"vehica_6661","embeddable":true,"href":"https:\/\/cf-motors.de\/pt\/wp-json\/wp\/v2\/vehica_6661?post=598223"},{"taxonomy":"vehica_6662","embeddable":true,"href":"https:\/\/cf-motors.de\/pt\/wp-json\/wp\/v2\/vehica_6662?post=598223"},{"taxonomy":"vehica_6663","embeddable":true,"href":"https:\/\/cf-motors.de\/pt\/wp-json\/wp\/v2\/vehica_6663?post=598223"},{"taxonomy":"vehica_12974","embeddable":true,"href":"https:\/\/cf-motors.de\/pt\/wp-json\/wp\/v2\/vehica_12974?post=598223"},{"taxonomy":"vehica_6666","embeddable":true,"href":"https:\/\/cf-motors.de\/pt\/wp-json\/wp\/v2\/vehica_6666?post=598223"},{"taxonomy":"vehica_12770","embeddable":true,"href":"https:\/\/cf-motors.de\/pt\/wp-json\/wp\/v2\/vehica_12770?post=598223"},{"taxonomy":"vehica_6670","embeddable":true,"href":"https:\/\/cf-motors.de\/pt\/wp-json\/wp\/v2\/vehica_6670?post=598223"},{"taxonomy":"vehica_12723","embeddable":true,"href":"https:\/\/cf-motors.de\/pt\/wp-json\/wp\/v2\/vehica_12723?post=598223"},{"taxonomy":"vehica_18854","embeddable":true,"href":"https:\/\/cf-motors.de\/pt\/wp-json\/wp\/v2\/vehica_18854?post=598223"}],"curies":[{"name":"wp","href":"https:\/\/api.w.org\/{rel}","templated":true}]}}

<p><strong>OBRIGADO PELO SEU INTERESSE NUM DOS NOSSOS VEÍCULOS</strong></p>
<hr/>
<p>Temos o prazer de lhe apresentar um novo Ford GT Carbon Series.<br />Características do equipamento:<br />- Concha do passageiro estrutural em fibra de carbono, painéis da carroçaria e elementos aerodinâmicos activos<br />- Motor 3.5L EcoBoost V6 GTDI montado a meio<br />- Transmissão manual automatizada de 7 velocidades e dupla embraiagem<br />- Suspensão independente dianteira e traseira com altura de condução variável e modos de condução seleccionáveis - Travões Brembo em cerâmica de carbono</p>
<hr/>
<p><strong>Garantia e selo de qualidade:</strong></p>
<ul>
<li>Garantia</li>
<li>Garantia dos carros usados</li>
</ul>
<p><strong class='title'>Segurança e tecnologia:</strong></p>
<ul>
<li>Travão de carbono cerâmico (CCB)</li>
</ul>
<p><strong class='title'>Conforto e climatização:</strong></p>
<ul>
<li>Direcção assistida</li>
</ul>
<p><strong class='title'>Pneus e jantes:</strong></p>
<ul>
<li>Jantes de carbono</li>
</ul>
<p><strong class='title'>Exterior e design:</strong></p>
<ul>
<li>Sistema de travões Brembo</li>
<li>Pinças de travão vermelhas</li>
<li>Lábio spoiler frontal de carbono</li>
<li>Difusor traseiro de carbono</li>
<li>Capas de espelho em carbono</li>
</ul>
<p><strong class='title'>Interior e design:</strong></p>
<ul>
<li>Volante em Alcântara</li>
</ul>
<p><strong class='title'>Ambiente e tarifação:</strong></p>
<ul>
<li>Eficiência classe G</li>
<li>EURO 6c</li>
<li>Catalisador</li>
<li>Distintivo ambiental 4</li>
</ul>
<p><strong class='title'>Caixa de velocidades:</strong></p>
<ul>
<li>Dupla transmissão de embraiagem</li>
</ul>
<p><strong class='title'>Mais informações:</strong></p>
<ul>
<li>Em nome de um cliente</li>
</ul>
<p></p>
<hr/>
<p>Sujeito a venda prévia e com exceção de erros. A descrição do veículo serve exclusivamente para a identificação geral do veículo e não constitui uma garantia juridicamente vinculativa. Apenas os acordos constantes do contrato de compra e venda e da confirmação da encomenda são vinculativos. Por favor, tenha em atenção que determinados extras opcionais podem implicar custos adicionais. Informações pormenorizadas sobre a gama de equipamento podem ser obtidas junto dos nossos vendedores.</p>
