{"id":598210,"date":"2026-05-01T06:00:38","date_gmt":"2026-05-01T06:00:38","guid":{"rendered":"http:\/\/cf-motors.de\/de\/listing\/ferrari-296-gtb-novitec-lift-cam-pdis-racing-seats\/"},"modified":"2026-05-01T06:00:38","modified_gmt":"2026-05-01T06:00:38","slug":"ferrari-296-gtb-novitec-lift-cam-pdis-racing-seats","status":"publish","type":"vehica_car","link":"https:\/\/cf-motors.de\/pt\/listing\/ferrari-296-gtb-novitec-lift-cam-pdis-racing-seats\/","title":{"rendered":"FERRARI 296 GTB NOVITEC, LIFT, CAM, PDIS, BANCOS DE CORRIDA"},"content":{"rendered":"<p><strong>OBRIGADO PELO SEU INTERESSE NUM DOS NOSSOS VE\u00cdCULOS<\/strong><\/p>\n<hr\/>\n<p>Temos o prazer de apresentar este Ferrari 296 GTB \u00fanico com pe\u00e7as Novitec. Se tiver mais alguma quest\u00e3o e para obter a lista completa de equipamento, n\u00e3o hesite em contactar-nos!<br \/>Convers\u00f5es originais Novitec:<br \/>- F4 296 Kit de molas de suspens\u00e3o (rebaixamento)<br \/>- Novitec Switchtronic F1 296 (sistema de flaps de escape com controlo remoto)<br \/>- Tubos de escape Novitec e grelha do avental traseiro<br \/>- Jantes Novitec NF10 ZV Look forjadas 21'\/22'J<br \/>C\u00f3digo\/Op\u00e7\u00e3o:<br \/>ACPL - Apple CarPlay<br \/>AFS1 - Sistema de far\u00f3is adaptativos<br \/>CALR - Pin\u00e7as de trav\u00e3o em Rosso Corsa<br \/>CITTZ - T\u00fanel central em carbono<br \/>CLDT - Riscas nos bancos em vermelho<br \/>CRPN - Carpete em pele\/Alcantara preto<br \/>CSB1 - Cintos de seguran\u00e7a em vermelho<br \/>ELEV - Sistema de eleva\u00e7\u00e3o<br \/>EMPH - Cavallino nos apoios de cabe\u00e7a em vermelho<br \/>FLMA - Tapetes de ch\u00e3o com letras<br \/>- LEDS - Volante com fibra de carbono e LEDs<br \/>LOGO - Emblemas da Scuderia Ferrari<br \/>MIR3 - Espelho retrovisor exterior com escurecimento autom\u00e1tico<br \/>PAC1 - C\u00e2mara de vis\u00e3o traseira<br \/>PAR2 - Sensores de estacionamento dianteiros e traseiros<br \/>PIP5 - Inser\u00e7\u00e3o do painel de instrumentos Alcantara Rosso<br \/>Aplica\u00e7\u00e3o PIPS - Alcantara Nero<br \/>RSCH - Assentos de corrida em carbono<br \/>RSES - Elevador de assento de corrida<br \/>SNDH - Sistema HiFi Premium<br \/>STC2 - Costuras refor\u00e7adas em vermelho<br \/>TIWN - Parafusos de roda em tit\u00e2nio<br \/>WIRE - Carregador sem fios<\/p>\n<hr\/>\n<p><strong>Garantia e selo de qualidade:<\/strong><\/p>\n<ul>\n<li>Garantia dos carros usados<\/li>\n<\/ul>\n<p><strong class='title'>Multim\u00e9dia e Infotainment:<\/strong><\/p>\n<ul>\n<li>Interface iPod\u00ae\/iPhone\u00ae\/Android<\/li>\n<li>Navega\u00e7\u00e3o \/ Navega\u00e7\u00e3o em linha<\/li>\n<li>Sistema de som JBL<\/li>\n<\/ul>\n<p><strong class='title'>Seguran\u00e7a e tecnologia:<\/strong><\/p>\n<ul>\n<li>Trav\u00e3o de carbono cer\u00e2mico (CCB)<\/li>\n<li>Configura\u00e7\u00e3o ajust\u00e1vel da din\u00e2mica de condu\u00e7\u00e3o<\/li>\n<li>Sistema de eleva\u00e7\u00e3o<\/li>\n<li>Chassis desportivo<\/li>\n<\/ul>\n<p><strong class='title'>Conforto e climatiza\u00e7\u00e3o:<\/strong><\/p>\n<ul>\n<li>Controlo clim\u00e1tico autom\u00e1tico<\/li>\n<li>Bancos de corrida<\/li>\n<\/ul>\n<p><strong class='title'>Exterior e design:<\/strong><\/p>\n<ul>\n<li>Pin\u00e7as de trav\u00e3o vermelhas<\/li>\n<li>Emblemas de Scuderia<\/li>\n<li>Sistema de escape desportivo<\/li>\n<\/ul>\n<p><strong class='title'>Interior e design:<\/strong><\/p>\n<ul>\n<li>Aplica\u00e7\u00f5es interiores em carbono<\/li>\n<li>Ecr\u00e3 do passageiro<\/li>\n<li>Cavallino rampante sobre os encostos de cabe\u00e7a<\/li>\n<li>Volante em carbono com LEDs<\/li>\n<li>instrumentos virtuais<\/li>\n<\/ul>\n<p><strong class='title'>Ambiente e tarifa\u00e7\u00e3o:<\/strong><\/p>\n<ul>\n<li>Efici\u00eancia classe F<\/li>\n<li>EURO 6d<\/li>\n<li>Iniciar\/Pararar Autom\u00e1tico<\/li>\n<li>Distintivo ambiental 4<\/li>\n<\/ul>\n<p><strong class='title'>Caixa de velocidades:<\/strong><\/p>\n<ul>\n<li>Dupla transmiss\u00e3o de embraiagem<\/li>\n<\/ul>\n<p><strong class='title'>Mais informa\u00e7\u00f5es:<\/strong><\/p>\n<ul>\n<li>Em nome de um cliente<\/li>\n<li>Livro de cheques<\/li>\n<li>sem acidentes<\/li>\n<\/ul>\n<p><\/p>\n<hr\/>\n<p>Sujeito a venda pr\u00e9via e com exce\u00e7\u00e3o de erros. A descri\u00e7\u00e3o do ve\u00edculo serve exclusivamente para a identifica\u00e7\u00e3o geral do ve\u00edculo e n\u00e3o constitui uma garantia juridicamente vinculativa. Apenas os acordos constantes do contrato de compra e venda e da confirma\u00e7\u00e3o da encomenda s\u00e3o vinculativos. Por favor, tenha em aten\u00e7\u00e3o que determinados extras opcionais podem implicar custos adicionais. Informa\u00e7\u00f5es pormenorizadas sobre a gama de equipamento podem ser obtidas junto dos nossos vendedores.<\/p>","protected":false},"author":95,"featured_media":0,"template":"","vehica_6654":[2073],"vehica_17481":[2452],"vehica_6655":[2476],"vehica_6659":[2716],"vehica_6660":[2726],"vehica_6657":[],"vehica_6661":[],"vehica_6662":[2483],"vehica_6663":[2620],"vehica_12974":[],"vehica_6666":[2374],"vehica_12770":[],"vehica_6670":[],"vehica_12723":[],"vehica_18854":[2500],"class_list":["post-598210","vehica_car","type-vehica_car","status-publish","hentry","vehica_6654-used","vehica_17481-car","vehica_6655-car","vehica_6659-ferrari","vehica_6660-296-gtb","vehica_6662-automatic_gear","vehica_6663-hybrid","vehica_6666-black","vehica_18854-euro6d"],"vehica_6656":{"vehica_currency_6656_2316":287980},"vehica_14696":"2023","vehica_6664":"4200","vehica_6665":"2992","vehica_6671":"","vehica_6673":["https:\/\/cf-motors.de\/wp-content\/uploads\/cars_pictures\/2243882_1.jpg","https:\/\/cf-motors.de\/wp-content\/uploads\/cars_pictures\/2243882_2.jpg","https:\/\/cf-motors.de\/wp-content\/uploads\/cars_pictures\/2243882_3.jpg","https:\/\/cf-motors.de\/wp-content\/uploads\/cars_pictures\/2243882_4.jpg","https:\/\/cf-motors.de\/wp-content\/uploads\/cars_pictures\/2243882_5.jpg","https:\/\/cf-motors.de\/wp-content\/uploads\/cars_pictures\/2243882_6.jpg","https:\/\/cf-motors.de\/wp-content\/uploads\/cars_pictures\/2243882_7.jpg","https:\/\/cf-motors.de\/wp-content\/uploads\/cars_pictures\/2243882_8.jpg","https:\/\/cf-motors.de\/wp-content\/uploads\/cars_pictures\/2243882_9.jpg","https:\/\/cf-motors.de\/wp-content\/uploads\/cars_pictures\/2243882_10.jpg","https:\/\/cf-motors.de\/wp-content\/uploads\/cars_pictures\/2243882_11.jpg","https:\/\/cf-motors.de\/wp-content\/uploads\/cars_pictures\/2243882_12.jpg"],"vehica_6674":{"embed":"","url":""},"vehica_16721":"","vehica_18845":"296GTB_Novi_24","vehica_18846":"610 kW (829 PS)","vehica_18847":"205","vehica_18848":"","vehica_18849":"6.4","vehica_18850":"19","vehica_18851":"F","vehica_18852":"7","vehica_18853":"6.2","vehica_18855":"04\/2023","vehica_18856":"2023","vehica_18857":"","vehica_18858":"","vehica_22348":"3","vehica_22990":"829","vehica_346997":"0","vehica_437603":"E","vehica_439584":"","vehica_439585":"50;1118+115;2570+190;4247","vehica_439586":"1.85","vehica_439587":"2023","vehica_439588":"","vehica_439589":"1776","vehica_449495":"149","vehica_449496":"6.4","vehica_449497":"","vehica_454484":"","vehica_454485":"","vehica_454486":"","vehica_454487":"","vehica_454488":"6.4","vehica_472325":"","vehica_472326":"","vehica_472327":"","vehica_472328":"149","vehica_472329":"E","vehica_472330":"","vehica_472331":"","vehica_472332":"","vehica_472333":"","vehica_472366":"","vehica_597916":"","_links":{"self":[{"href":"https:\/\/cf-motors.de\/pt\/wp-json\/wp\/v2\/cars\/598210","targetHints":{"allow":["GET"]}}],"collection":[{"href":"https:\/\/cf-motors.de\/pt\/wp-json\/wp\/v2\/cars"}],"about":[{"href":"https:\/\/cf-motors.de\/pt\/wp-json\/wp\/v2\/types\/vehica_car"}],"author":[{"embeddable":true,"href":"https:\/\/cf-motors.de\/pt\/wp-json\/wp\/v2\/users\/95"}],"wp:attachment":[{"href":"https:\/\/cf-motors.de\/pt\/wp-json\/wp\/v2\/media?parent=598210"}],"wp:term":[{"taxonomy":"vehica_6654","embeddable":true,"href":"https:\/\/cf-motors.de\/pt\/wp-json\/wp\/v2\/vehica_6654?post=598210"},{"taxonomy":"vehica_17481","embeddable":true,"href":"https:\/\/cf-motors.de\/pt\/wp-json\/wp\/v2\/vehica_17481?post=598210"},{"taxonomy":"vehica_6655","embeddable":true,"href":"https:\/\/cf-motors.de\/pt\/wp-json\/wp\/v2\/vehica_6655?post=598210"},{"taxonomy":"vehica_6659","embeddable":true,"href":"https:\/\/cf-motors.de\/pt\/wp-json\/wp\/v2\/vehica_6659?post=598210"},{"taxonomy":"vehica_6660","embeddable":true,"href":"https:\/\/cf-motors.de\/pt\/wp-json\/wp\/v2\/vehica_6660?post=598210"},{"taxonomy":"vehica_6657","embeddable":true,"href":"https:\/\/cf-motors.de\/pt\/wp-json\/wp\/v2\/vehica_6657?post=598210"},{"taxonomy":"vehica_6661","embeddable":true,"href":"https:\/\/cf-motors.de\/pt\/wp-json\/wp\/v2\/vehica_6661?post=598210"},{"taxonomy":"vehica_6662","embeddable":true,"href":"https:\/\/cf-motors.de\/pt\/wp-json\/wp\/v2\/vehica_6662?post=598210"},{"taxonomy":"vehica_6663","embeddable":true,"href":"https:\/\/cf-motors.de\/pt\/wp-json\/wp\/v2\/vehica_6663?post=598210"},{"taxonomy":"vehica_12974","embeddable":true,"href":"https:\/\/cf-motors.de\/pt\/wp-json\/wp\/v2\/vehica_12974?post=598210"},{"taxonomy":"vehica_6666","embeddable":true,"href":"https:\/\/cf-motors.de\/pt\/wp-json\/wp\/v2\/vehica_6666?post=598210"},{"taxonomy":"vehica_12770","embeddable":true,"href":"https:\/\/cf-motors.de\/pt\/wp-json\/wp\/v2\/vehica_12770?post=598210"},{"taxonomy":"vehica_6670","embeddable":true,"href":"https:\/\/cf-motors.de\/pt\/wp-json\/wp\/v2\/vehica_6670?post=598210"},{"taxonomy":"vehica_12723","embeddable":true,"href":"https:\/\/cf-motors.de\/pt\/wp-json\/wp\/v2\/vehica_12723?post=598210"},{"taxonomy":"vehica_18854","embeddable":true,"href":"https:\/\/cf-motors.de\/pt\/wp-json\/wp\/v2\/vehica_18854?post=598210"}],"curies":[{"name":"wp","href":"https:\/\/api.w.org\/{rel}","templated":true}]}}

<p><strong>OBRIGADO PELO SEU INTERESSE NUM DOS NOSSOS VEÍCULOS</strong></p>
<hr/>
<p>Temos o prazer de apresentar este Ferrari 296 GTB único com peças Novitec. Se tiver mais alguma questão e para obter a lista completa de equipamento, não hesite em contactar-nos!<br />Conversões originais Novitec:<br />- F4 296 Kit de molas de suspensão (rebaixamento)<br />- Novitec Switchtronic F1 296 (sistema de flaps de escape com controlo remoto)<br />- Tubos de escape Novitec e grelha do avental traseiro<br />- Jantes Novitec NF10 ZV Look forjadas 21'/22'J<br />Código/Opção:<br />ACPL - Apple CarPlay<br />AFS1 - Sistema de faróis adaptativos<br />CALR - Pinças de travão em Rosso Corsa<br />CITTZ - Túnel central em carbono<br />CLDT - Riscas nos bancos em vermelho<br />CRPN - Carpete em pele/Alcantara preto<br />CSB1 - Cintos de segurança em vermelho<br />ELEV - Sistema de elevação<br />EMPH - Cavallino nos apoios de cabeça em vermelho<br />FLMA - Tapetes de chão com letras<br />- LEDS - Volante com fibra de carbono e LEDs<br />LOGO - Emblemas da Scuderia Ferrari<br />MIR3 - Espelho retrovisor exterior com escurecimento automático<br />PAC1 - Câmara de visão traseira<br />PAR2 - Sensores de estacionamento dianteiros e traseiros<br />PIP5 - Inserção do painel de instrumentos Alcantara Rosso<br />Aplicação PIPS - Alcantara Nero<br />RSCH - Assentos de corrida em carbono<br />RSES - Elevador de assento de corrida<br />SNDH - Sistema HiFi Premium<br />STC2 - Costuras reforçadas em vermelho<br />TIWN - Parafusos de roda em titânio<br />WIRE - Carregador sem fios</p>
<hr/>
<p><strong>Garantia e selo de qualidade:</strong></p>
<ul>
<li>Garantia dos carros usados</li>
</ul>
<p><strong class='title'>Multimédia e Infotainment:</strong></p>
<ul>
<li>Interface iPod®/iPhone®/Android</li>
<li>Navegação / Navegação em linha</li>
<li>Sistema de som JBL</li>
</ul>
<p><strong class='title'>Segurança e tecnologia:</strong></p>
<ul>
<li>Travão de carbono cerâmico (CCB)</li>
<li>Configuração ajustável da dinâmica de condução</li>
<li>Sistema de elevação</li>
<li>Chassis desportivo</li>
</ul>
<p><strong class='title'>Conforto e climatização:</strong></p>
<ul>
<li>Controlo climático automático</li>
<li>Bancos de corrida</li>
</ul>
<p><strong class='title'>Exterior e design:</strong></p>
<ul>
<li>Pinças de travão vermelhas</li>
<li>Emblemas de Scuderia</li>
<li>Sistema de escape desportivo</li>
</ul>
<p><strong class='title'>Interior e design:</strong></p>
<ul>
<li>Aplicações interiores em carbono</li>
<li>Ecrã do passageiro</li>
<li>Cavallino rampante sobre os encostos de cabeça</li>
<li>Volante em carbono com LEDs</li>
<li>instrumentos virtuais</li>
</ul>
<p><strong class='title'>Ambiente e tarifação:</strong></p>
<ul>
<li>Eficiência classe F</li>
<li>EURO 6d</li>
<li>Iniciar/Pararar Automático</li>
<li>Distintivo ambiental 4</li>
</ul>
<p><strong class='title'>Caixa de velocidades:</strong></p>
<ul>
<li>Dupla transmissão de embraiagem</li>
</ul>
<p><strong class='title'>Mais informações:</strong></p>
<ul>
<li>Em nome de um cliente</li>
<li>Livro de cheques</li>
<li>sem acidentes</li>
</ul>
<p></p>
<hr/>
<p>Sujeito a venda prévia e com exceção de erros. A descrição do veículo serve exclusivamente para a identificação geral do veículo e não constitui uma garantia juridicamente vinculativa. Apenas os acordos constantes do contrato de compra e venda e da confirmação da encomenda são vinculativos. Por favor, tenha em atenção que determinados extras opcionais podem implicar custos adicionais. Informações pormenorizadas sobre a gama de equipamento podem ser obtidas junto dos nossos vendedores.</p>
