{"id":18676,"date":"2021-04-27T16:02:24","date_gmt":"2021-04-27T16:02:24","guid":{"rendered":"https:\/\/cf-motors.de\/?page_id=18676"},"modified":"2023-03-14T10:37:31","modified_gmt":"2023-03-14T10:37:31","slug":"impressum","status":"publish","type":"page","link":"https:\/\/cf-motors.de\/fr\/impressum\/","title":{"rendered":"Impression"},"content":{"rendered":"<div data-elementor-type=\"wp-page\" data-elementor-id=\"18676\" class=\"elementor elementor-18676\" data-elementor-post-type=\"page\">\n\t\t\t\t\t\t<section class=\"elementor-section elementor-top-section elementor-element elementor-element-537ab81 elementor-section-boxed elementor-section-height-default elementor-section-height-default\" data-id=\"537ab81\" data-element_type=\"section\" data-e-type=\"section\">\n\t\t\t\t\t\t<div class=\"elementor-container elementor-column-gap-default\">\n\t\t\t\t\t<div class=\"elementor-column elementor-col-100 elementor-top-column elementor-element elementor-element-acb99d7\" data-id=\"acb99d7\" data-element_type=\"column\" data-e-type=\"column\">\n\t\t\t<div class=\"elementor-widget-wrap elementor-element-populated\">\n\t\t\t\t\t\t<div class=\"elementor-element elementor-element-361423d elementor-widget elementor-widget-heading\" data-id=\"361423d\" data-element_type=\"widget\" data-e-type=\"widget\" data-widget_type=\"heading.default\">\n\t\t\t\t<div class=\"elementor-widget-container\">\n\t\t\t\t\t<h2 class=\"elementor-heading-title elementor-size-default\">Impression<\/h2>\t\t\t\t<\/div>\n\t\t\t\t<\/div>\n\t\t\t\t<div class=\"elementor-element elementor-element-74ea431 elementor-widget elementor-widget-text-editor\" data-id=\"74ea431\" data-element_type=\"widget\" data-e-type=\"widget\" data-widget_type=\"text-editor.default\">\n\t\t\t\t<div class=\"elementor-widget-container\">\n\t\t\t\t\t\t\t\t\t<h1>Informations selon le \u00a7 5 TMG<br \/>CF Automotive Services GmbH<br \/>Wiebestra\u00dfe 36-37<br \/>10553 Berlin<\/h1><p>Registre du commerce : 198363<br \/>Tribunal d'enregistrement : Tribunal local de Berlin Charlottenburg<\/p><p><strong>Repr\u00e9sent\u00e9s par les directeurs g\u00e9n\u00e9raux :<\/strong><br \/>Christian Hilbig, Florian Krayl<\/p><h2><strong>Contact<\/strong><\/h2><p>T\u00e9l\u00e9phone : +(49) 173 86 26 313<br \/>Courriel : info@cf-motors.de<\/p><h2><strong>Taxe de vente<\/strong><\/h2><p>Num\u00e9ro d'identification de la taxe sur les ventes conform\u00e9ment \u00e0 l'article 27 de la loi sur la taxe sur les ventes :<br \/>DE319083719<\/p><h2><strong>R\u00e9solution des litiges<\/strong><\/h2><p>La Commission europ\u00e9enne met \u00e0 disposition une plateforme de r\u00e9solution des conflits en ligne (OS) :\u00a0<a href=\"https:\/\/ec.europa.eu\/consumers\/odr\" target=\"_blank\" rel=\"noopener noreferrer nofollow\">https:\/\/ec.europa.eu\/consumers\/odr<\/a>.<br \/>Vous trouverez notre adresse \u00e9lectronique dans l'impressum ci-dessus.<\/p><p>Nous ne sommes pas dispos\u00e9s ou oblig\u00e9s de participer \u00e0 une proc\u00e9dure de r\u00e8glement des litiges devant une commission d'arbitrage des consommateurs.<\/p><h3><strong>Responsabilit\u00e9 du contenu<\/strong><\/h3><p>En tant que prestataire de services, nous sommes responsables de nos propres contenus sur ces pages conform\u00e9ment aux lois g\u00e9n\u00e9rales en vertu de l'article 7 alin\u00e9a 1 TMG. Conform\u00e9ment aux articles 8 \u00e0 10 du TMG, nous ne sommes toutefois pas tenus, en tant que prestataire de services, de surveiller les informations transmises ou stock\u00e9es par des tiers ou d'enqu\u00eater sur des circonstances qui indiquent une activit\u00e9 ill\u00e9gale.<\/p><p>Les obligations de supprimer ou de bloquer l'utilisation des informations conform\u00e9ment aux lois g\u00e9n\u00e9rales ne sont pas affect\u00e9es par cette disposition. Toutefois, la responsabilit\u00e9 \u00e0 cet \u00e9gard n'est possible qu'\u00e0 partir du moment o\u00f9 l'on a connaissance d'une infraction concr\u00e8te. Si nous avons connaissance de telles infractions, nous retirerons ce contenu imm\u00e9diatement.<\/p><h3><strong>Responsabilit\u00e9 pour les liens<\/strong><\/h3><p>Notre offre contient des liens vers des sites externes de tiers, sur le contenu desquels nous n'avons aucune influence. Par cons\u00e9quent, nous ne pouvons assumer aucune responsabilit\u00e9 pour ces contenus externes. Le fournisseur ou l'exploitant respectif des pages est toujours responsable du contenu des pages li\u00e9es. Les pages li\u00e9es ont \u00e9t\u00e9 v\u00e9rifi\u00e9es au moment de l'\u00e9tablissement du lien afin de d\u00e9tecter d'\u00e9ventuelles violations de la loi. Les contenus ill\u00e9gaux n'\u00e9taient pas reconnaissables au moment de l'\u00e9tablissement du lien.<\/p><p>Cependant, un contr\u00f4le permanent du contenu des pages li\u00e9es n'est pas raisonnable sans preuve concr\u00e8te d'une violation de la loi. Si nous avons connaissance d'infractions, nous supprimerons imm\u00e9diatement ces liens.<\/p><h3><strong>Copyright<\/strong><\/h3><p>Les contenus et les \u0153uvres cr\u00e9\u00e9s par les exploitants du site sur ces pages sont soumis \u00e0 la l\u00e9gislation allemande sur le droit d'auteur. La reproduction, le traitement, la distribution et tout type d'exploitation en dehors des limites du droit d'auteur n\u00e9cessitent le consentement \u00e9crit de l'auteur ou du cr\u00e9ateur respectif. Les t\u00e9l\u00e9chargements et les copies de ce site ne sont autoris\u00e9s que pour un usage priv\u00e9 et non commercial.<\/p><p>Dans la mesure o\u00f9 le contenu de cette page n'a pas \u00e9t\u00e9 cr\u00e9\u00e9 par l'op\u00e9rateur, les droits d'auteur des tiers sont respect\u00e9s. En particulier, les contenus de tiers sont identifi\u00e9s comme tels. Si vous avez n\u00e9anmoins connaissance d'une violation du droit d'auteur, veuillez nous en informer. Si nous avons connaissance d'infractions, nous supprimerons imm\u00e9diatement ce contenu.<\/p><p>Source :\u00a0<a href=\"https:\/\/www.e-recht24.de\/\" rel=\"nofollow noopener\" target=\"_blank\">eRecht24<\/a><\/p>\t\t\t\t\t\t\t\t<\/div>\n\t\t\t\t<\/div>\n\t\t\t\t\t<\/div>\n\t\t<\/div>\n\t\t\t\t\t<\/div>\n\t\t<\/section>\n\t\t\t\t<\/div>","protected":false},"excerpt":{"rendered":"<p>Impressum Angaben gem\u00e4\u00df \u00a7 5 TMG CF Automotive Services GmbH Wiebestra\u00dfe 36-37 10553 Berlin Handelsregister: 198363 Registergericht: Amtsgericht Berlin Charlottenburg Vertreten durch die Gesch\u00e4ftsf\u00fchrer: Christian Hilbig, Florian Krayl Kontakt Telefon: +(49) 173 86 26 313 E-Mail: info@cf-motors.de Umsatzsteuer Umsatzsteuer-Identifikationsnummer gem\u00e4\u00df \u00a727 a Umsatzsteuergesetz: DE319083719 Streitschlichtung Die Europ\u00e4ische Kommission stellt eine Plattform zur Online-Streitbeilegung (OS) bereit:&nbsp;https:\/\/ec.europa.eu\/consumers\/odr. [&hellip;]<\/p>\n","protected":false},"author":1,"featured_media":0,"parent":0,"menu_order":0,"comment_status":"closed","ping_status":"closed","template":"","meta":{"footnotes":""},"class_list":["post-18676","page","type-page","status-publish","hentry"],"_links":{"self":[{"href":"https:\/\/cf-motors.de\/fr\/wp-json\/wp\/v2\/pages\/18676","targetHints":{"allow":["GET"]}}],"collection":[{"href":"https:\/\/cf-motors.de\/fr\/wp-json\/wp\/v2\/pages"}],"about":[{"href":"https:\/\/cf-motors.de\/fr\/wp-json\/wp\/v2\/types\/page"}],"author":[{"embeddable":true,"href":"https:\/\/cf-motors.de\/fr\/wp-json\/wp\/v2\/users\/1"}],"replies":[{"embeddable":true,"href":"https:\/\/cf-motors.de\/fr\/wp-json\/wp\/v2\/comments?post=18676"}],"version-history":[{"count":1,"href":"https:\/\/cf-motors.de\/fr\/wp-json\/wp\/v2\/pages\/18676\/revisions"}],"predecessor-version":[{"id":37375,"href":"https:\/\/cf-motors.de\/fr\/wp-json\/wp\/v2\/pages\/18676\/revisions\/37375"}],"wp:attachment":[{"href":"https:\/\/cf-motors.de\/fr\/wp-json\/wp\/v2\/media?parent=18676"}],"curies":[{"name":"wp","href":"https:\/\/api.w.org\/{rel}","templated":true}]}}

<div data-elementor-type="wp-page" data-elementor-id="18676" class="elementor elementor-18676" data-elementor-post-type="page">
						<section class="elementor-section elementor-top-section elementor-element elementor-element-537ab81 elementor-section-boxed elementor-section-height-default elementor-section-height-default" data-id="537ab81" data-element_type="section" data-e-type="section">
						<div class="elementor-container elementor-column-gap-default">
					<div class="elementor-column elementor-col-100 elementor-top-column elementor-element elementor-element-acb99d7" data-id="acb99d7" data-element_type="column" data-e-type="column">
			<div class="elementor-widget-wrap elementor-element-populated">
						<div class="elementor-element elementor-element-361423d elementor-widget elementor-widget-heading" data-id="361423d" data-element_type="widget" data-e-type="widget" data-widget_type="heading.default">
				<div class="elementor-widget-container">
					<h2 class="elementor-heading-title elementor-size-default">Impression</h2>				</div>
				</div>
				<div class="elementor-element elementor-element-74ea431 elementor-widget elementor-widget-text-editor" data-id="74ea431" data-element_type="widget" data-e-type="widget" data-widget_type="text-editor.default">
				<div class="elementor-widget-container">
									<h1>Informations selon le § 5 TMG<br />CF Automotive Services GmbH<br />Wiebestraße 36-37<br />10553 Berlin</h1><p>Registre du commerce : 198363<br />Tribunal d'enregistrement : Tribunal local de Berlin Charlottenburg</p><p><strong>Représentés par les directeurs généraux :</strong><br />Christian Hilbig, Florian Krayl</p><h2><strong>Contact</strong></h2><p>Téléphone : +(49) 173 86 26 313<br />Courriel : info@cf-motors.de</p><h2><strong>Taxe de vente</strong></h2><p>Numéro d'identification de la taxe sur les ventes conformément à l'article 27 de la loi sur la taxe sur les ventes :<br />DE319083719</p><h2><strong>Résolution des litiges</strong></h2><p>La Commission européenne met à disposition une plateforme de résolution des conflits en ligne (OS) : <a href="https://ec.europa.eu/consumers/odr" target="_blank" rel="noopener noreferrer nofollow">https://ec.europa.eu/consumers/odr</a>.<br />Vous trouverez notre adresse électronique dans l'impressum ci-dessus.</p><p>Nous ne sommes pas disposés ou obligés de participer à une procédure de règlement des litiges devant une commission d'arbitrage des consommateurs.</p><h3><strong>Responsabilité du contenu</strong></h3><p>En tant que prestataire de services, nous sommes responsables de nos propres contenus sur ces pages conformément aux lois générales en vertu de l'article 7 alinéa 1 TMG. Conformément aux articles 8 à 10 du TMG, nous ne sommes toutefois pas tenus, en tant que prestataire de services, de surveiller les informations transmises ou stockées par des tiers ou d'enquêter sur des circonstances qui indiquent une activité illégale.</p><p>Les obligations de supprimer ou de bloquer l'utilisation des informations conformément aux lois générales ne sont pas affectées par cette disposition. Toutefois, la responsabilité à cet égard n'est possible qu'à partir du moment où l'on a connaissance d'une infraction concrète. Si nous avons connaissance de telles infractions, nous retirerons ce contenu immédiatement.</p><h3><strong>Responsabilité pour les liens</strong></h3><p>Notre offre contient des liens vers des sites externes de tiers, sur le contenu desquels nous n'avons aucune influence. Par conséquent, nous ne pouvons assumer aucune responsabilité pour ces contenus externes. Le fournisseur ou l'exploitant respectif des pages est toujours responsable du contenu des pages liées. Les pages liées ont été vérifiées au moment de l'établissement du lien afin de détecter d'éventuelles violations de la loi. Les contenus illégaux n'étaient pas reconnaissables au moment de l'établissement du lien.</p><p>Cependant, un contrôle permanent du contenu des pages liées n'est pas raisonnable sans preuve concrète d'une violation de la loi. Si nous avons connaissance d'infractions, nous supprimerons immédiatement ces liens.</p><h3><strong>Copyright</strong></h3><p>Les contenus et les œuvres créés par les exploitants du site sur ces pages sont soumis à la législation allemande sur le droit d'auteur. La reproduction, le traitement, la distribution et tout type d'exploitation en dehors des limites du droit d'auteur nécessitent le consentement écrit de l'auteur ou du créateur respectif. Les téléchargements et les copies de ce site ne sont autorisés que pour un usage privé et non commercial.</p><p>Dans la mesure où le contenu de cette page n'a pas été créé par l'opérateur, les droits d'auteur des tiers sont respectés. En particulier, les contenus de tiers sont identifiés comme tels. Si vous avez néanmoins connaissance d'une violation du droit d'auteur, veuillez nous en informer. Si nous avons connaissance d'infractions, nous supprimerons immédiatement ce contenu.</p><p>Source : <a href="https://www.e-recht24.de/" rel="nofollow noopener" target="_blank">eRecht24</a></p>								</div>
				</div>
					</div>
		</div>
					</div>
		</section>
				</div>

<p>Impressum Angaben gemäß § 5 TMG CF Automotive Services GmbH Wiebestraße 36-37 10553 Berlin Handelsregister: 198363 Registergericht: Amtsgericht Berlin Charlottenburg Vertreten durch die Geschäftsführer: Christian Hilbig, Florian Krayl Kontakt Telefon: +(49) 173 86 26 313 E-Mail: info@cf-motors.de Umsatzsteuer Umsatzsteuer-Identifikationsnummer gemäß §27 a Umsatzsteuergesetz: DE319083719 Streitschlichtung Die Europäische Kommission stellt eine Plattform zur Online-Streitbeilegung (OS) bereit:&nbsp;https://ec.europa.eu/consumers/odr. [&hellip;]</p>
