{"id":599397,"date":"2026-04-25T05:00:33","date_gmt":"2026-04-25T05:00:33","guid":{"rendered":"http:\/\/cf-motors.de\/de\/listing\/mercedes-benz-g-63-amg-carbon-a22-fond-ent-360-burmester\/"},"modified":"2026-04-25T05:00:34","modified_gmt":"2026-04-25T05:00:34","slug":"mercedes-benz-g-63-amg-carbon-a22-fond-ent-360-burmester","status":"publish","type":"vehica_car","link":"https:\/\/cf-motors.de\/fr\/listing\/mercedes-benz-g-63-amg-carbon-a22-fond-ent-360-burmester\/","title":{"rendered":"MERCEDES-BENZ G 63 AMG CARBON, A22, FOND ENT, 360, BURMESTER"},"content":{"rendered":"<p><strong>MERCI DE VOTRE INT\u00c9R\u00caT POUR L'UN DE NOS V\u00c9HICULES<\/strong><\/p>\n<hr\/>\n<p>Nous avons le plaisir de vous pr\u00e9senter une G63 AMG MY26 enti\u00e8rement \u00e9quip\u00e9e. N'h\u00e9sitez pas \u00e0 nous contacter pour toute question suppl\u00e9mentaire ou pour obtenir la liste compl\u00e8te des \u00e9quipements !<br \/>Pack Nuit AMG :<br \/>Habillage de radiateur sp\u00e9cifique AMG en Dark Chrome<br \/>Coques de r\u00e9troviseurs ext\u00e9rieurs en noir obsidienne<br \/>Inserts dans les pare-chocs en noir obsidienne<br \/>Anneau de roue de secours peint en noir obsidienne<br \/>Unit\u00e9s d'\u00e9clairage assombries<br \/>Sous-protection optique en noir obsidienne<br \/>Pack Nuit AMG II :<br \/>Ecusson AMG sur le capot moteur en Dark Chrome<br \/>Mercedes Stern vorne und hinten in Hochglanzschwarz<br \/>Typographie in Hochglanzschwarz<br \/>AMG Performance-Paket:<br \/>55,9 cm (22&#8220;) AMG Schmieder\u00e4der im Vielspeichen-Design<br \/>AMG ACTIVE RIDE CONTROL Fahrwerk<br \/>AMG Bremss\u00e4ttel vorn und hinten rot lackiert<br \/>AMG Driver's Package<br \/>Digitales Extra: AMG TRACK PACE<br \/>Komfort-Paket:<br \/>Cupholder temperiert<br \/>Ouvreur de porte de garage<br \/>Kabelloses Ladesystem f\u00fcr mobile Endger\u00e4te vorn<br \/>KEYLESS-GO<br \/>Int\u00e9rieur de la ligne SUPERIOR<br \/>Tableau de bord en cuir Nappa<br \/>Ext\u00e9rieur :<br \/>AMG spezifische Abgasanlage in Schwarz<br \/>MANUFAKTUR Logo-Paket in Schwarz<br \/>MANUFAKTUR Logoprojektor im Au\u00dfenspiegel<br \/>MANUFAKTUR T\u00fcrknopf in Schwarz mit Logo-Pr\u00e4gung<br \/>MANUFAKTUR Trittbretter in Schwarz<br \/>Int\u00e9rieur :<br \/>Pack Si\u00e8ge multicontours actif Plus<br \/>ENERGIZING Paket Plus<br \/>AMG Performance Lenkrad in Carbon-Design \/ Mikrofaser MICROCUT<br \/>Inserts d\u00e9coratifs AMG en carbone<br \/>Armlehnenheizung f\u00fcr Fahrer und Beifahrer<br \/>MANUFAKTUR red pepper \/ schwarz<br \/>W\u00e4rme-Komfort-Paket<br \/>Frontscheibe, beheizt<br \/>Chauffage du volant<br \/>Zierelement im Haltegriff mit &#8222;MANUFAKTUR&#8220;-Schriftzug<br \/>MBUX High-End Fond-Entertainment<\/p>\n<hr\/>\n<p><strong>Packs d'\u00e9quipement :<\/strong><\/p>\n<ul>\n<li>Ensemble conducteur AMG<\/li>\n<li>Forfait de nuit<\/li>\n<li>Pack Performance<\/li>\n<\/ul>\n<p><strong class='title'>Garantie &amp; label de qualit\u00e9 :<\/strong><\/p>\n<ul>\n<li>Garantie<\/li>\n<\/ul>\n<p><strong class='title'>Syst\u00e8mes d'assistance :<\/strong><\/p>\n<ul>\n<li>Groupe d'aide \u00e0 la conduite<\/li>\n<li>Pack stationnement avec cam\u00e9ra \u00e0 360 degr\u00e9s<\/li>\n<\/ul>\n<p><strong class='title'>M\u00e9dias et infodivertissement :<\/strong><\/p>\n<ul>\n<li>Syst\u00e8me audio Burmester\u00ae haut de gamme Surround<\/li>\n<li>Divertissement arri\u00e8re<\/li>\n<\/ul>\n<p><strong class='title'>S\u00e9curit\u00e9 et technique :<\/strong><\/p>\n<ul>\n<li>assistant de freinage actif<\/li>\n<li>PRE-SAFE<\/li>\n<\/ul>\n<p><strong class='title'>Confort et climat :<\/strong><\/p>\n<ul>\n<li>Si\u00e8ges actifs (si\u00e8ges avec fonction de massage)<\/li>\n<li>Climatisation automatique<\/li>\n<li>Si\u00e8ge(s) multicontour<\/li>\n<li>Ventilation du si\u00e8ge<\/li>\n<li>Chauffage des si\u00e8ges<\/li>\n<li>Vitrages feuillet\u00e9s hydrofuges et insonorisants<\/li>\n<li>Cockpit \u00e0 \u00e9cran large<\/li>\n<\/ul>\n<p><strong class='title'>Ext\u00e9rieur &amp; design :<\/strong><\/p>\n<ul>\n<li>\u00c9triers de frein AMG<\/li>\n<li>Syst\u00e8me de freinage AMG haute performance (composite)<\/li>\n<li>Syst\u00e8me d'\u00e9chappement AMG Performance<\/li>\n<li>Marchepieds<\/li>\n<\/ul>\n<p><strong class='title'>Int\u00e9rieur &amp; Design :<\/strong><\/p>\n<ul>\n<li>\u00c9clairage d'ambiance<\/li>\n<li>Volant Performance AMG<\/li>\n<li>Applications int\u00e9rieures en carbone<\/li>\n<li>toit ouvrant vitr\u00e9 \u00e0 \u00e9l\u00e9vation \u00e9lectrique<\/li>\n<li>Int\u00e9rieur exclusif<\/li>\n<li>Ceintures de s\u00e9curit\u00e9 rouges<\/li>\n<\/ul>\n<p><strong class='title'>Environnement &amp; magasin :<\/strong><\/p>\n<ul>\n<li>E10 convient<\/li>\n<li>EURO 6d<\/li>\n<li>Catalyseur<\/li>\n<li>Insigne de l'environnement 4<\/li>\n<\/ul>\n<p><strong class='title'>Bo\u00eete de vitesses :<\/strong><\/p>\n<ul>\n<li>AMG SPEEDSHIFT TCT<\/li>\n<\/ul>\n<p><strong class='title'>Plus d'informations :<\/strong><\/p>\n<ul>\n<li>Sur commande du client<\/li>\n<li>sans accident<\/li>\n<\/ul>\n<p><\/p>\n<hr\/>\n<p>Sous r\u00e9serve de vente interm\u00e9diaire et d'erreurs. La description du v\u00e9hicule sert uniquement \u00e0 l'identification g\u00e9n\u00e9rale du v\u00e9hicule et ne constitue pas une garantie juridiquement contraignante. Seuls les accords figurant dans le contrat de vente et la confirmation de commande sont contraignants. Veuillez noter que certains \u00e9quipements sp\u00e9ciaux peuvent entra\u00eener des co\u00fbts suppl\u00e9mentaires. Vous obtiendrez des informations d\u00e9taill\u00e9es sur l'\u00e9tendue des \u00e9quipements aupr\u00e8s de notre personnel de vente.<\/p>","protected":false},"author":95,"featured_media":0,"template":"","vehica_6654":[2072],"vehica_17481":[2452],"vehica_6655":[2476],"vehica_6659":[2720],"vehica_6660":[2729],"vehica_6657":[],"vehica_6661":[],"vehica_6662":[2483],"vehica_6663":[2107],"vehica_12974":[],"vehica_6666":[2374],"vehica_12770":[],"vehica_6670":[],"vehica_12723":[],"vehica_18854":[2500],"class_list":["post-599397","vehica_car","type-vehica_car","status-publish","hentry","vehica_6654-new","vehica_17481-car","vehica_6655-car","vehica_6659-mercedes-benz","vehica_6660-g-63-amg","vehica_6662-automatic_gear","vehica_6663-petrol","vehica_6666-black","vehica_18854-euro6d"],"vehica_6656":{"vehica_currency_6656_2316":261800},"vehica_14696":"","vehica_6664":"0","vehica_6665":"3982","vehica_6671":"","vehica_6673":["https:\/\/cf-motors.de\/wp-content\/uploads\/cars_pictures\/2464797_1.jpg","https:\/\/cf-motors.de\/wp-content\/uploads\/cars_pictures\/2464797_2.jpg","https:\/\/cf-motors.de\/wp-content\/uploads\/cars_pictures\/2464797_3.jpg","https:\/\/cf-motors.de\/wp-content\/uploads\/cars_pictures\/2464797_4.jpg","https:\/\/cf-motors.de\/wp-content\/uploads\/cars_pictures\/2464797_5.jpg","https:\/\/cf-motors.de\/wp-content\/uploads\/cars_pictures\/2464797_6.jpg","https:\/\/cf-motors.de\/wp-content\/uploads\/cars_pictures\/2464797_7.jpg","https:\/\/cf-motors.de\/wp-content\/uploads\/cars_pictures\/2464797_8.jpg","https:\/\/cf-motors.de\/wp-content\/uploads\/cars_pictures\/2464797_9.jpg","https:\/\/cf-motors.de\/wp-content\/uploads\/cars_pictures\/2464797_10.jpg","https:\/\/cf-motors.de\/wp-content\/uploads\/cars_pictures\/2464797_11.jpg","https:\/\/cf-motors.de\/wp-content\/uploads\/cars_pictures\/2464797_12.jpg","https:\/\/cf-motors.de\/wp-content\/uploads\/cars_pictures\/2464797_13.jpg","https:\/\/cf-motors.de\/wp-content\/uploads\/cars_pictures\/2464797_14.jpg","https:\/\/cf-motors.de\/wp-content\/uploads\/cars_pictures\/2464797_15.jpg","https:\/\/cf-motors.de\/wp-content\/uploads\/cars_pictures\/2464797_16.jpg","https:\/\/cf-motors.de\/wp-content\/uploads\/cars_pictures\/2464797_17.jpg","https:\/\/cf-motors.de\/wp-content\/uploads\/cars_pictures\/2464797_18.jpg","https:\/\/cf-motors.de\/wp-content\/uploads\/cars_pictures\/2464797_19.jpg","https:\/\/cf-motors.de\/wp-content\/uploads\/cars_pictures\/2464797_20.jpg","https:\/\/cf-motors.de\/wp-content\/uploads\/cars_pictures\/2464797_21.jpg","https:\/\/cf-motors.de\/wp-content\/uploads\/cars_pictures\/2464797_22.jpg","https:\/\/cf-motors.de\/wp-content\/uploads\/cars_pictures\/2464797_23.jpg","https:\/\/cf-motors.de\/wp-content\/uploads\/cars_pictures\/2464797_24.jpg"],"vehica_6674":{"embed":"","url":""},"vehica_16721":"","vehica_18845":"G63_blackred_Okt25","vehica_18846":"430 kW (585 PS)","vehica_18847":"","vehica_18848":"","vehica_18849":"","vehica_18850":"19","vehica_18851":"","vehica_18852":"","vehica_18853":"","vehica_18855":"","vehica_18856":"","vehica_18857":"","vehica_18858":"","vehica_22348":"3","vehica_22990":"585","vehica_346997":"0","vehica_437603":"G","vehica_439584":"","vehica_439585":"50;2513+115;5779+190;9548","vehica_439586":"1.85","vehica_439587":"2023","vehica_439588":"900","vehica_439589":"4079","vehica_449495":"335","vehica_449496":"14.7","vehica_449497":"","vehica_454484":"","vehica_454485":"","vehica_454486":"","vehica_454487":"","vehica_454488":"14.7","vehica_472325":"","vehica_472326":"","vehica_472327":"","vehica_472328":"335","vehica_472329":"G","vehica_472330":"","vehica_472331":"","vehica_472332":"","vehica_472333":"","vehica_472366":"","vehica_597916":"","_links":{"self":[{"href":"https:\/\/cf-motors.de\/fr\/wp-json\/wp\/v2\/cars\/599397","targetHints":{"allow":["GET"]}}],"collection":[{"href":"https:\/\/cf-motors.de\/fr\/wp-json\/wp\/v2\/cars"}],"about":[{"href":"https:\/\/cf-motors.de\/fr\/wp-json\/wp\/v2\/types\/vehica_car"}],"author":[{"embeddable":true,"href":"https:\/\/cf-motors.de\/fr\/wp-json\/wp\/v2\/users\/95"}],"wp:attachment":[{"href":"https:\/\/cf-motors.de\/fr\/wp-json\/wp\/v2\/media?parent=599397"}],"wp:term":[{"taxonomy":"vehica_6654","embeddable":true,"href":"https:\/\/cf-motors.de\/fr\/wp-json\/wp\/v2\/vehica_6654?post=599397"},{"taxonomy":"vehica_17481","embeddable":true,"href":"https:\/\/cf-motors.de\/fr\/wp-json\/wp\/v2\/vehica_17481?post=599397"},{"taxonomy":"vehica_6655","embeddable":true,"href":"https:\/\/cf-motors.de\/fr\/wp-json\/wp\/v2\/vehica_6655?post=599397"},{"taxonomy":"vehica_6659","embeddable":true,"href":"https:\/\/cf-motors.de\/fr\/wp-json\/wp\/v2\/vehica_6659?post=599397"},{"taxonomy":"vehica_6660","embeddable":true,"href":"https:\/\/cf-motors.de\/fr\/wp-json\/wp\/v2\/vehica_6660?post=599397"},{"taxonomy":"vehica_6657","embeddable":true,"href":"https:\/\/cf-motors.de\/fr\/wp-json\/wp\/v2\/vehica_6657?post=599397"},{"taxonomy":"vehica_6661","embeddable":true,"href":"https:\/\/cf-motors.de\/fr\/wp-json\/wp\/v2\/vehica_6661?post=599397"},{"taxonomy":"vehica_6662","embeddable":true,"href":"https:\/\/cf-motors.de\/fr\/wp-json\/wp\/v2\/vehica_6662?post=599397"},{"taxonomy":"vehica_6663","embeddable":true,"href":"https:\/\/cf-motors.de\/fr\/wp-json\/wp\/v2\/vehica_6663?post=599397"},{"taxonomy":"vehica_12974","embeddable":true,"href":"https:\/\/cf-motors.de\/fr\/wp-json\/wp\/v2\/vehica_12974?post=599397"},{"taxonomy":"vehica_6666","embeddable":true,"href":"https:\/\/cf-motors.de\/fr\/wp-json\/wp\/v2\/vehica_6666?post=599397"},{"taxonomy":"vehica_12770","embeddable":true,"href":"https:\/\/cf-motors.de\/fr\/wp-json\/wp\/v2\/vehica_12770?post=599397"},{"taxonomy":"vehica_6670","embeddable":true,"href":"https:\/\/cf-motors.de\/fr\/wp-json\/wp\/v2\/vehica_6670?post=599397"},{"taxonomy":"vehica_12723","embeddable":true,"href":"https:\/\/cf-motors.de\/fr\/wp-json\/wp\/v2\/vehica_12723?post=599397"},{"taxonomy":"vehica_18854","embeddable":true,"href":"https:\/\/cf-motors.de\/fr\/wp-json\/wp\/v2\/vehica_18854?post=599397"}],"curies":[{"name":"wp","href":"https:\/\/api.w.org\/{rel}","templated":true}]}}

<p><strong>MERCI DE VOTRE INTÉRÊT POUR L'UN DE NOS VÉHICULES</strong></p>
<hr/>
<p>Nous avons le plaisir de vous présenter une G63 AMG MY26 entièrement équipée. N'hésitez pas à nous contacter pour toute question supplémentaire ou pour obtenir la liste complète des équipements !<br />Pack Nuit AMG :<br />Habillage de radiateur spécifique AMG en Dark Chrome<br />Coques de rétroviseurs extérieurs en noir obsidienne<br />Inserts dans les pare-chocs en noir obsidienne<br />Anneau de roue de secours peint en noir obsidienne<br />Unités d'éclairage assombries<br />Sous-protection optique en noir obsidienne<br />Pack Nuit AMG II :<br />Ecusson AMG sur le capot moteur en Dark Chrome<br />Mercedes Stern vorne und hinten in Hochglanzschwarz<br />Typographie in Hochglanzschwarz<br />AMG Performance-Paket:<br />55,9 cm (22&#8220;) AMG Schmiederäder im Vielspeichen-Design<br />AMG ACTIVE RIDE CONTROL Fahrwerk<br />AMG Bremssättel vorn und hinten rot lackiert<br />AMG Driver's Package<br />Digitales Extra: AMG TRACK PACE<br />Komfort-Paket:<br />Cupholder temperiert<br />Ouvreur de porte de garage<br />Kabelloses Ladesystem für mobile Endgeräte vorn<br />KEYLESS-GO<br />Intérieur de la ligne SUPERIOR<br />Tableau de bord en cuir Nappa<br />Extérieur :<br />AMG spezifische Abgasanlage in Schwarz<br />MANUFAKTUR Logo-Paket in Schwarz<br />MANUFAKTUR Logoprojektor im Außenspiegel<br />MANUFAKTUR Türknopf in Schwarz mit Logo-Prägung<br />MANUFAKTUR Trittbretter in Schwarz<br />Intérieur :<br />Pack Siège multicontours actif Plus<br />ENERGIZING Paket Plus<br />AMG Performance Lenkrad in Carbon-Design / Mikrofaser MICROCUT<br />Inserts décoratifs AMG en carbone<br />Armlehnenheizung für Fahrer und Beifahrer<br />MANUFAKTUR red pepper / schwarz<br />Wärme-Komfort-Paket<br />Frontscheibe, beheizt<br />Chauffage du volant<br />Zierelement im Haltegriff mit &#8222;MANUFAKTUR&#8220;-Schriftzug<br />MBUX High-End Fond-Entertainment</p>
<hr/>
<p><strong>Packs d'équipement :</strong></p>
<ul>
<li>Ensemble conducteur AMG</li>
<li>Forfait de nuit</li>
<li>Pack Performance</li>
</ul>
<p><strong class='title'>Garantie &amp; label de qualité :</strong></p>
<ul>
<li>Garantie</li>
</ul>
<p><strong class='title'>Systèmes d'assistance :</strong></p>
<ul>
<li>Groupe d'aide à la conduite</li>
<li>Pack stationnement avec caméra à 360 degrés</li>
</ul>
<p><strong class='title'>Médias et infodivertissement :</strong></p>
<ul>
<li>Système audio Burmester® haut de gamme Surround</li>
<li>Divertissement arrière</li>
</ul>
<p><strong class='title'>Sécurité et technique :</strong></p>
<ul>
<li>assistant de freinage actif</li>
<li>PRE-SAFE</li>
</ul>
<p><strong class='title'>Confort et climat :</strong></p>
<ul>
<li>Sièges actifs (sièges avec fonction de massage)</li>
<li>Climatisation automatique</li>
<li>Siège(s) multicontour</li>
<li>Ventilation du siège</li>
<li>Chauffage des sièges</li>
<li>Vitrages feuilletés hydrofuges et insonorisants</li>
<li>Cockpit à écran large</li>
</ul>
<p><strong class='title'>Extérieur &amp; design :</strong></p>
<ul>
<li>Étriers de frein AMG</li>
<li>Système de freinage AMG haute performance (composite)</li>
<li>Système d'échappement AMG Performance</li>
<li>Marchepieds</li>
</ul>
<p><strong class='title'>Intérieur &amp; Design :</strong></p>
<ul>
<li>Éclairage d'ambiance</li>
<li>Volant Performance AMG</li>
<li>Applications intérieures en carbone</li>
<li>toit ouvrant vitré à élévation électrique</li>
<li>Intérieur exclusif</li>
<li>Ceintures de sécurité rouges</li>
</ul>
<p><strong class='title'>Environnement &amp; magasin :</strong></p>
<ul>
<li>E10 convient</li>
<li>EURO 6d</li>
<li>Catalyseur</li>
<li>Insigne de l'environnement 4</li>
</ul>
<p><strong class='title'>Boîte de vitesses :</strong></p>
<ul>
<li>AMG SPEEDSHIFT TCT</li>
</ul>
<p><strong class='title'>Plus d'informations :</strong></p>
<ul>
<li>Sur commande du client</li>
<li>sans accident</li>
</ul>
<p></p>
<hr/>
<p>Sous réserve de vente intermédiaire et d'erreurs. La description du véhicule sert uniquement à l'identification générale du véhicule et ne constitue pas une garantie juridiquement contraignante. Seuls les accords figurant dans le contrat de vente et la confirmation de commande sont contraignants. Veuillez noter que certains équipements spéciaux peuvent entraîner des coûts supplémentaires. Vous obtiendrez des informations détaillées sur l'étendue des équipements auprès de notre personnel de vente.</p>
