{"id":599114,"date":"2026-04-26T14:00:15","date_gmt":"2026-04-26T14:00:15","guid":{"rendered":"http:\/\/cf-motors.de\/de\/listing\/ferrari-488-spider-jbl-lift-cam-leds\/"},"modified":"2026-04-26T14:00:15","modified_gmt":"2026-04-26T14:00:15","slug":"ferrari-488-spider-jbl-lift-cam-leds","status":"publish","type":"vehica_car","link":"https:\/\/cf-motors.de\/fr\/listing\/ferrari-488-spider-jbl-lift-cam-leds\/","title":{"rendered":"FERRARI 488 Spider JBL, LIFT, CAM, LEDS"},"content":{"rendered":"<p><strong>MERCI DE VOTRE INT\u00c9R\u00caT POUR L'UN DE NOS V\u00c9HICULES<\/strong><\/p>\n<hr\/>\n<p>Nous vous remercions de votre int\u00e9r\u00eat pour notre Ferrari 488 Spider parfaitement entretenue. Le v\u00e9hicule a une garantie Power jusqu'\u00e0 02\/2026 et est entretenu avec un carnet de contr\u00f4le. Nous sommes \u00e0 votre disposition pour toute question suppl\u00e9mentaire !<br \/>Code - Option :<br \/>AFS1 - SYST\u00c8ME D'\u00c9CLAIRAGE AVANT ADAPTATIF<br \/>BIC2 - TWO TONE BODY PAINTING (NERO DS 1250)<br \/>CALY - YELLOW BRAKE CALLIPERS<br \/>CIDL - CARBON FIBRE DRIVER ZONE + LEDS<br \/>CILR - PONT CENTRAL EN FIBRE DE CARBONE<br \/>DAYT - SI\u00c8GES DE STYLE DAYTONA<br \/>ELEV - SUSPENSION LIFTER<br \/>HELE - HIGH EMOTION LOW EMISSION<br \/>LOGO - SCUDERIA FERRARI SHIELDS<br \/>PAC3 - CAM\u00c9RAS DE PARKING AVANT ET ARRI\u00c8RE<br \/>PAR2 - CAPTEURS DE STATIONNEMENT AVANT ET ARRI\u00c8RE<br \/>RPMY - JAUNE REV. COUNTER<br \/>RSFE - SI\u00c8GES ENTI\u00c8REMENT \u00c9LECTRIQUES<br \/>SNDH - SYST\u00c8ME HI-FI PREMIUM<br \/>STC1 - COLOURED STANDARD STITCHING O.R. BIANCO 2000<\/p>\n<hr\/>\n<p><strong>Garantie &amp; label de qualit\u00e9 :<\/strong><\/p>\n<ul>\n<li>Garantie voiture d'occasion<\/li>\n<\/ul>\n<p><strong class='title'>Syst\u00e8mes d'assistance :<\/strong><\/p>\n<ul>\n<li>Cam\u00e9ra frontale<\/li>\n<li>PDC (aide au stationnement)<\/li>\n<li>Cam\u00e9ra de recul<\/li>\n<\/ul>\n<p><strong class='title'>de la lumi\u00e8re :<\/strong><\/p>\n<ul>\n<li>Feux arri\u00e8re \u00e0 LED (partiel)<\/li>\n<li>Feux de circulation diurne \u00e0 LED<\/li>\n<\/ul>\n<p><strong class='title'>M\u00e9dias et infodivertissement :<\/strong><\/p>\n<ul>\n<li>Navigation \/ Navigation en ligne<\/li>\n<li>Syst\u00e8me de son JBL<\/li>\n<li>Pr\u00e9paration du t\u00e9l\u00e9phone avec Bluetooth<\/li>\n<\/ul>\n<p><strong class='title'>S\u00e9curit\u00e9 et technique :<\/strong><\/p>\n<ul>\n<li>Frein en c\u00e9ramique de carbone (CCB)<\/li>\n<li>Syst\u00e8me de levage<\/li>\n<\/ul>\n<p><strong class='title'>Confort et climat :<\/strong><\/p>\n<ul>\n<li>r\u00e9glage \u00e9lectrique du si\u00e8ge conducteur\/passager<\/li>\n<li>Climatisation automatique<\/li>\n<li>Design de si\u00e8ge Daytona<\/li>\n<\/ul>\n<p><strong class='title'>Ext\u00e9rieur &amp; design :<\/strong><\/p>\n<ul>\n<li>\u00c9triers de frein jaunes<\/li>\n<li>Embl\u00e8mes de la Scuderia<\/li>\n<\/ul>\n<p><strong class='title'>Int\u00e9rieur &amp; Design :<\/strong><\/p>\n<ul>\n<li>Applications int\u00e9rieures en carbone<\/li>\n<li>Affichage pour le passager<\/li>\n<li>Cavallino rampante sur les appuis-t\u00eate<\/li>\n<li>Compte-tours en giallo<\/li>\n<li>Coutures contrast\u00e9es<\/li>\n<li>tableau de bord en cuir<\/li>\n<li>Volant en cuir avec carbone et LEDs<\/li>\n<li>Toit rigide r\u00e9tractable enti\u00e8rement automatique<\/li>\n<\/ul>\n<p><strong class='title'>Environnement &amp; magasin :<\/strong><\/p>\n<ul>\n<li>E10 convient<\/li>\n<li>EURO VI<\/li>\n<li>Catalyseur<\/li>\n<li>Insigne de l'environnement 4<\/li>\n<\/ul>\n<p><strong class='title'>Bo\u00eete de vitesses :<\/strong><\/p>\n<ul>\n<li>Transmission \u00e0 double embrayage<\/li>\n<\/ul>\n<p><strong class='title'>Plus d'informations :<\/strong><\/p>\n<ul>\n<li>Sur commande du client<\/li>\n<li>Ch\u00e9quier<\/li>\n<li>sans accident<\/li>\n<\/ul>\n<p><\/p>\n<hr\/>\n<p>Sous r\u00e9serve de vente interm\u00e9diaire et d'erreurs. La description du v\u00e9hicule sert uniquement \u00e0 l'identification g\u00e9n\u00e9rale du v\u00e9hicule et ne constitue pas une garantie juridiquement contraignante. Seuls les accords figurant dans le contrat de vente et la confirmation de commande sont contraignants. Veuillez noter que certains \u00e9quipements sp\u00e9ciaux peuvent entra\u00eener des co\u00fbts suppl\u00e9mentaires. Vous obtiendrez des informations d\u00e9taill\u00e9es sur l'\u00e9tendue des \u00e9quipements aupr\u00e8s de notre personnel de vente.<\/p>","protected":false},"author":95,"featured_media":0,"template":"","vehica_6654":[2073],"vehica_17481":[2452],"vehica_6655":[2476],"vehica_6659":[2716],"vehica_6660":[2758],"vehica_6657":[],"vehica_6661":[],"vehica_6662":[2483],"vehica_6663":[2107],"vehica_12974":[],"vehica_6666":[2323],"vehica_12770":[],"vehica_6670":[],"vehica_12723":[],"vehica_18854":[2480],"class_list":["post-599114","vehica_car","type-vehica_car","status-publish","hentry","vehica_6654-used","vehica_17481-car","vehica_6655-car","vehica_6659-ferrari","vehica_6660-488-spider","vehica_6662-automatic_gear","vehica_6663-petrol","vehica_6666-grey","vehica_18854-euro6"],"vehica_6656":{"vehica_currency_6656_2316":268900},"vehica_14696":"2018","vehica_6664":"9088","vehica_6665":"3902","vehica_6671":"","vehica_6673":["https:\/\/cf-motors.de\/wp-content\/uploads\/cars_pictures\/2409439_1.jpg","https:\/\/cf-motors.de\/wp-content\/uploads\/cars_pictures\/2409439_2.jpg","https:\/\/cf-motors.de\/wp-content\/uploads\/cars_pictures\/2409439_3.jpg","https:\/\/cf-motors.de\/wp-content\/uploads\/cars_pictures\/2409439_4.jpg","https:\/\/cf-motors.de\/wp-content\/uploads\/cars_pictures\/2409439_5.jpg","https:\/\/cf-motors.de\/wp-content\/uploads\/cars_pictures\/2409439_6.jpg","https:\/\/cf-motors.de\/wp-content\/uploads\/cars_pictures\/2409439_7.jpg","https:\/\/cf-motors.de\/wp-content\/uploads\/cars_pictures\/2409439_8.jpg","https:\/\/cf-motors.de\/wp-content\/uploads\/cars_pictures\/2409439_9.jpg","https:\/\/cf-motors.de\/wp-content\/uploads\/cars_pictures\/2409439_10.jpg","https:\/\/cf-motors.de\/wp-content\/uploads\/cars_pictures\/2409439_11.jpg","https:\/\/cf-motors.de\/wp-content\/uploads\/cars_pictures\/2409439_12.jpg","https:\/\/cf-motors.de\/wp-content\/uploads\/cars_pictures\/2409439_13.jpg","https:\/\/cf-motors.de\/wp-content\/uploads\/cars_pictures\/2409439_14.jpg","https:\/\/cf-motors.de\/wp-content\/uploads\/cars_pictures\/2409439_15.jpg","https:\/\/cf-motors.de\/wp-content\/uploads\/cars_pictures\/2409439_16.jpg","https:\/\/cf-motors.de\/wp-content\/uploads\/cars_pictures\/2409439_17.jpg","https:\/\/cf-motors.de\/wp-content\/uploads\/cars_pictures\/2409439_18.jpg","https:\/\/cf-motors.de\/wp-content\/uploads\/cars_pictures\/2409439_19.jpg"],"vehica_6674":{"embed":"","url":""},"vehica_16721":"","vehica_18845":"488Spider_grey","vehica_18846":"493 kW (670 PS)","vehica_18847":"","vehica_18848":"","vehica_18849":"","vehica_18850":"19","vehica_18851":"","vehica_18852":"","vehica_18853":"","vehica_18855":"04\/2018","vehica_18856":"2018","vehica_18857":"","vehica_18858":"","vehica_22348":"3","vehica_22990":"670","vehica_346997":"0","vehica_437603":"","vehica_439584":"","vehica_439585":";+;+;","vehica_439586":"","vehica_439587":"","vehica_439588":"","vehica_439589":"","vehica_449495":"","vehica_449496":"","vehica_449497":"","vehica_454484":"","vehica_454485":"","vehica_454486":"","vehica_454487":"","vehica_454488":"","vehica_472325":"","vehica_472326":"","vehica_472327":"","vehica_472328":"","vehica_472329":"","vehica_472330":"","vehica_472331":"","vehica_472332":"","vehica_472333":"","vehica_472366":"","vehica_597916":"","_links":{"self":[{"href":"https:\/\/cf-motors.de\/fr\/wp-json\/wp\/v2\/cars\/599114","targetHints":{"allow":["GET"]}}],"collection":[{"href":"https:\/\/cf-motors.de\/fr\/wp-json\/wp\/v2\/cars"}],"about":[{"href":"https:\/\/cf-motors.de\/fr\/wp-json\/wp\/v2\/types\/vehica_car"}],"author":[{"embeddable":true,"href":"https:\/\/cf-motors.de\/fr\/wp-json\/wp\/v2\/users\/95"}],"wp:attachment":[{"href":"https:\/\/cf-motors.de\/fr\/wp-json\/wp\/v2\/media?parent=599114"}],"wp:term":[{"taxonomy":"vehica_6654","embeddable":true,"href":"https:\/\/cf-motors.de\/fr\/wp-json\/wp\/v2\/vehica_6654?post=599114"},{"taxonomy":"vehica_17481","embeddable":true,"href":"https:\/\/cf-motors.de\/fr\/wp-json\/wp\/v2\/vehica_17481?post=599114"},{"taxonomy":"vehica_6655","embeddable":true,"href":"https:\/\/cf-motors.de\/fr\/wp-json\/wp\/v2\/vehica_6655?post=599114"},{"taxonomy":"vehica_6659","embeddable":true,"href":"https:\/\/cf-motors.de\/fr\/wp-json\/wp\/v2\/vehica_6659?post=599114"},{"taxonomy":"vehica_6660","embeddable":true,"href":"https:\/\/cf-motors.de\/fr\/wp-json\/wp\/v2\/vehica_6660?post=599114"},{"taxonomy":"vehica_6657","embeddable":true,"href":"https:\/\/cf-motors.de\/fr\/wp-json\/wp\/v2\/vehica_6657?post=599114"},{"taxonomy":"vehica_6661","embeddable":true,"href":"https:\/\/cf-motors.de\/fr\/wp-json\/wp\/v2\/vehica_6661?post=599114"},{"taxonomy":"vehica_6662","embeddable":true,"href":"https:\/\/cf-motors.de\/fr\/wp-json\/wp\/v2\/vehica_6662?post=599114"},{"taxonomy":"vehica_6663","embeddable":true,"href":"https:\/\/cf-motors.de\/fr\/wp-json\/wp\/v2\/vehica_6663?post=599114"},{"taxonomy":"vehica_12974","embeddable":true,"href":"https:\/\/cf-motors.de\/fr\/wp-json\/wp\/v2\/vehica_12974?post=599114"},{"taxonomy":"vehica_6666","embeddable":true,"href":"https:\/\/cf-motors.de\/fr\/wp-json\/wp\/v2\/vehica_6666?post=599114"},{"taxonomy":"vehica_12770","embeddable":true,"href":"https:\/\/cf-motors.de\/fr\/wp-json\/wp\/v2\/vehica_12770?post=599114"},{"taxonomy":"vehica_6670","embeddable":true,"href":"https:\/\/cf-motors.de\/fr\/wp-json\/wp\/v2\/vehica_6670?post=599114"},{"taxonomy":"vehica_12723","embeddable":true,"href":"https:\/\/cf-motors.de\/fr\/wp-json\/wp\/v2\/vehica_12723?post=599114"},{"taxonomy":"vehica_18854","embeddable":true,"href":"https:\/\/cf-motors.de\/fr\/wp-json\/wp\/v2\/vehica_18854?post=599114"}],"curies":[{"name":"wp","href":"https:\/\/api.w.org\/{rel}","templated":true}]}}

<p><strong>MERCI DE VOTRE INTÉRÊT POUR L'UN DE NOS VÉHICULES</strong></p>
<hr/>
<p>Nous vous remercions de votre intérêt pour notre Ferrari 488 Spider parfaitement entretenue. Le véhicule a une garantie Power jusqu'à 02/2026 et est entretenu avec un carnet de contrôle. Nous sommes à votre disposition pour toute question supplémentaire !<br />Code - Option :<br />AFS1 - SYSTÈME D'ÉCLAIRAGE AVANT ADAPTATIF<br />BIC2 - TWO TONE BODY PAINTING (NERO DS 1250)<br />CALY - YELLOW BRAKE CALLIPERS<br />CIDL - CARBON FIBRE DRIVER ZONE + LEDS<br />CILR - PONT CENTRAL EN FIBRE DE CARBONE<br />DAYT - SIÈGES DE STYLE DAYTONA<br />ELEV - SUSPENSION LIFTER<br />HELE - HIGH EMOTION LOW EMISSION<br />LOGO - SCUDERIA FERRARI SHIELDS<br />PAC3 - CAMÉRAS DE PARKING AVANT ET ARRIÈRE<br />PAR2 - CAPTEURS DE STATIONNEMENT AVANT ET ARRIÈRE<br />RPMY - JAUNE REV. COUNTER<br />RSFE - SIÈGES ENTIÈREMENT ÉLECTRIQUES<br />SNDH - SYSTÈME HI-FI PREMIUM<br />STC1 - COLOURED STANDARD STITCHING O.R. BIANCO 2000</p>
<hr/>
<p><strong>Garantie &amp; label de qualité :</strong></p>
<ul>
<li>Garantie voiture d'occasion</li>
</ul>
<p><strong class='title'>Systèmes d'assistance :</strong></p>
<ul>
<li>Caméra frontale</li>
<li>PDC (aide au stationnement)</li>
<li>Caméra de recul</li>
</ul>
<p><strong class='title'>de la lumière :</strong></p>
<ul>
<li>Feux arrière à LED (partiel)</li>
<li>Feux de circulation diurne à LED</li>
</ul>
<p><strong class='title'>Médias et infodivertissement :</strong></p>
<ul>
<li>Navigation / Navigation en ligne</li>
<li>Système de son JBL</li>
<li>Préparation du téléphone avec Bluetooth</li>
</ul>
<p><strong class='title'>Sécurité et technique :</strong></p>
<ul>
<li>Frein en céramique de carbone (CCB)</li>
<li>Système de levage</li>
</ul>
<p><strong class='title'>Confort et climat :</strong></p>
<ul>
<li>réglage électrique du siège conducteur/passager</li>
<li>Climatisation automatique</li>
<li>Design de siège Daytona</li>
</ul>
<p><strong class='title'>Extérieur &amp; design :</strong></p>
<ul>
<li>Étriers de frein jaunes</li>
<li>Emblèmes de la Scuderia</li>
</ul>
<p><strong class='title'>Intérieur &amp; Design :</strong></p>
<ul>
<li>Applications intérieures en carbone</li>
<li>Affichage pour le passager</li>
<li>Cavallino rampante sur les appuis-tête</li>
<li>Compte-tours en giallo</li>
<li>Coutures contrastées</li>
<li>tableau de bord en cuir</li>
<li>Volant en cuir avec carbone et LEDs</li>
<li>Toit rigide rétractable entièrement automatique</li>
</ul>
<p><strong class='title'>Environnement &amp; magasin :</strong></p>
<ul>
<li>E10 convient</li>
<li>EURO VI</li>
<li>Catalyseur</li>
<li>Insigne de l'environnement 4</li>
</ul>
<p><strong class='title'>Boîte de vitesses :</strong></p>
<ul>
<li>Transmission à double embrayage</li>
</ul>
<p><strong class='title'>Plus d'informations :</strong></p>
<ul>
<li>Sur commande du client</li>
<li>Chéquier</li>
<li>sans accident</li>
</ul>
<p></p>
<hr/>
<p>Sous réserve de vente intermédiaire et d'erreurs. La description du véhicule sert uniquement à l'identification générale du véhicule et ne constitue pas une garantie juridiquement contraignante. Seuls les accords figurant dans le contrat de vente et la confirmation de commande sont contraignants. Veuillez noter que certains équipements spéciaux peuvent entraîner des coûts supplémentaires. Vous obtiendrez des informations détaillées sur l'étendue des équipements auprès de notre personnel de vente.</p>
