{"id":598844,"date":"2026-05-01T06:00:21","date_gmt":"2026-05-01T06:00:21","guid":{"rendered":"http:\/\/cf-motors.de\/de\/listing\/ferrari-488-gtb\/"},"modified":"2026-05-01T06:00:22","modified_gmt":"2026-05-01T06:00:22","slug":"ferrari-488-gtb","status":"publish","type":"vehica_car","link":"https:\/\/cf-motors.de\/fr\/listing\/ferrari-488-gtb\/","title":{"rendered":"FERRARI 488 GTB"},"content":{"rendered":"<p>##MERCI DE VOTRE INT\u00c9R\u00caT POUR L'UN DE NOS V\u00c9HICULES##<br \/>Ext\u00e9rieur : Extra Range (Grigio Medio)<br \/>Int\u00e9rieur : Tortora 130426<br \/>Mats : Grigio Scuro 751B<br \/><strong class='title'>Code\/option :<\/strong><\/p>\n<ul>\n<li>AFS1 SYST\u00c8ME D'\u00c9CLAIRAGE AVANT ADAPTATIF<\/li>\n<li>ALCS ALCANTARA SI\u00c8GES GARNITURE INT\u00c9RIEURE (TORTORA ALCANTARA 2239)<\/li>\n<li>CALY YELLOW BRAKE CALLIPERS<\/li>\n<li>FILM ANTI-GRAVILLONS CHIP<\/li>\n<li>CIPZ PANNEAUX DE PORTE EN FIBRE DE CARBONE<\/li>\n<li>CISK SILL KICK EXT\u00c9RIEUR EN CARBONE<\/li>\n<li>CITZ CARBON FIBRE UPPER TUNNEL TRIM<\/li>\n<li>CRPK FIBRE DE CARBONE RACING PACKAGE<\/li>\n<li>CSB1 COLORED SAFETY BELTS (YELLOW)<\/li>\n<li>CUPC CARBON FIBRE HUB CAPS<\/li>\n<li>DSH5 COLOURED UPPER DASHBOARD (CHARCOAL 4304)<\/li>\n<li>EMPH CAVALLINO COUSU SUR LA T\u00caTI\u00c8RE (FIL EN GIALLO 0113)<\/li>\n<li>EXA3 SYST\u00c8ME D'\u00c9CHAPPEMENT SPORT<\/li>\n<li>FLMA COLOURED MATS WITH LOGO<\/li>\n<li>HELE HIGH EMOTION LOW EMISSION<\/li>\n<li>LERZ COULEUR INT\u00c9RIEURE GARNITURE EN CUIR ARRI\u00c8RE<\/li>\n<li>LOGO 'SCUDERIA FERRARI' SHIELDS<\/li>\n<li>MIR2 INT\/EXT MIROIRS \u00c9LECTROCHROMIQUES<\/li>\n<li>PAR2 CAPTEURS DE STATIONNEMENT AVANT ET ARRI\u00c8RE<\/li>\n<li>PDIS PASSENGER DISPLAY<\/li>\n<li>PEXS SPORT SILL COVER<\/li>\n<li>RIFS 20\u2033 FORGED DARK PAINTED RIMS<\/li>\n<li>RPMY YELLOW REV. COUNTER<\/li>\n<li>RSCG GOLDBRAKE CARBON RACING SEATS (LARGE)<\/li>\n<li>SPEC \u00c9QUIPEMENT SP\u00c9CIAL<\/li>\n<li>STC1 COLORED STANDARD STITCHING O.R. (THREAD IN GIALLO 0113)<\/li>\n<li>STW1 VOLANT COLOR\u00c9 (CHARCOAL 4304)<\/li>\n<li>ULEZ PARTIE SUP\u00c9RIEURE EN CUIR COLOR\u00c9 (CHARCOAL 4304)<\/li>\n<\/ul>\n<p><strong>MERCI DE VOTRE INT\u00c9R\u00caT POUR L'UN DE NOS V\u00c9HICULES<\/strong><\/p>\n<hr\/>\n<p><strong>Garantie &amp; label de qualit\u00e9 :<\/strong><\/p>\n<ul>\n<li>Garantie voiture d'occasion<\/li>\n<\/ul>\n<p><strong class='title'>Syst\u00e8mes d'assistance :<\/strong><\/p>\n<ul>\n<li>PDC (aide au stationnement)<\/li>\n<\/ul>\n<p><strong class='title'>S\u00e9curit\u00e9 et technique :<\/strong><\/p>\n<ul>\n<li>Immobilisateur<\/li>\n<\/ul>\n<p><strong class='title'>Confort et climat :<\/strong><\/p>\n<ul>\n<li>Si\u00e8ges de course<\/li>\n<\/ul>\n<p><strong class='title'>Ext\u00e9rieur &amp; design :<\/strong><\/p>\n<ul>\n<li>\u00c9triers de frein jaunes<\/li>\n<li>Embl\u00e8mes de la Scuderia<\/li>\n<\/ul>\n<p><strong class='title'>Int\u00e9rieur &amp; Design :<\/strong><\/p>\n<ul>\n<li>Applications int\u00e9rieures en carbone<\/li>\n<li>Cavallino rampante sur les appuis-t\u00eate<\/li>\n<li>Compte-tours en giallo<\/li>\n<li>Garnitures de seuil de porte en fibre de carbone<\/li>\n<li>Paquet carbone Cockpit<\/li>\n<li>Coutures contrast\u00e9es<\/li>\n<li>Volant en cuir avec carbone et LEDs<\/li>\n<\/ul>\n<p><strong class='title'>Environnement &amp; magasin :<\/strong><\/p>\n<ul>\n<li>Classe d'efficacit\u00e9 F<\/li>\n<li>EURO VI<\/li>\n<li>Insigne de l'environnement 4<\/li>\n<\/ul>\n<p><strong class='title'>Bo\u00eete de vitesses :<\/strong><\/p>\n<ul>\n<li>Transmission \u00e0 double embrayage<\/li>\n<\/ul>\n<p><strong class='title'>Plus d'informations :<\/strong><\/p>\n<ul>\n<li>Sur commande du client<\/li>\n<li>Ch\u00e9quier<\/li>\n<li>sans accident<\/li>\n<\/ul>\n<p><\/p>\n<hr\/>\n<p>Sous r\u00e9serve de vente interm\u00e9diaire et d'erreurs. La description du v\u00e9hicule sert uniquement \u00e0 l'identification g\u00e9n\u00e9rale du v\u00e9hicule et ne constitue pas une garantie juridiquement contraignante. Seuls les accords figurant dans le contrat de vente et la confirmation de commande sont contraignants. Veuillez noter que certains \u00e9quipements sp\u00e9ciaux peuvent entra\u00eener des co\u00fbts suppl\u00e9mentaires. Vous obtiendrez des informations d\u00e9taill\u00e9es sur l'\u00e9tendue des \u00e9quipements aupr\u00e8s de notre personnel de vente.<\/p>","protected":false},"author":95,"featured_media":0,"template":"","vehica_6654":[2073],"vehica_17481":[2452],"vehica_6655":[2476],"vehica_6659":[2716],"vehica_6660":[2754],"vehica_6657":[],"vehica_6661":[],"vehica_6662":[2483],"vehica_6663":[2107],"vehica_12974":[],"vehica_6666":[2323],"vehica_12770":[],"vehica_6670":[2680],"vehica_12723":[],"vehica_18854":[2480],"class_list":["post-598844","vehica_car","type-vehica_car","status-publish","hentry","vehica_6654-used","vehica_17481-car","vehica_6655-car","vehica_6659-ferrari","vehica_6660-488-gtb","vehica_6662-automatic_gear","vehica_6663-petrol","vehica_6666-grey","vehica_6670-scuderia-emblemepdc-einparkhilfebremssaettel-gelbwegfahrsperregebrauchtwagengarantiekontrastnaehtekarbon-paket-cockpitunfallfreiracing-sitzescheckheftim-kundenauftrag","vehica_18854-euro6"],"vehica_6656":{"vehica_currency_6656_2316":232050},"vehica_14696":"2018","vehica_6664":"29300","vehica_6665":"3902","vehica_6671":"","vehica_6673":["https:\/\/cf-motors.de\/wp-content\/uploads\/cars_pictures\/2124316_1.jpg","https:\/\/cf-motors.de\/wp-content\/uploads\/cars_pictures\/2124316_2.jpg","https:\/\/cf-motors.de\/wp-content\/uploads\/cars_pictures\/2124316_3.jpg","https:\/\/cf-motors.de\/wp-content\/uploads\/cars_pictures\/2124316_4.jpg","https:\/\/cf-motors.de\/wp-content\/uploads\/cars_pictures\/2124316_5.jpg","https:\/\/cf-motors.de\/wp-content\/uploads\/cars_pictures\/2124316_6.jpg","https:\/\/cf-motors.de\/wp-content\/uploads\/cars_pictures\/2124316_7.jpg","https:\/\/cf-motors.de\/wp-content\/uploads\/cars_pictures\/2124316_8.jpg","https:\/\/cf-motors.de\/wp-content\/uploads\/cars_pictures\/2124316_9.jpg","https:\/\/cf-motors.de\/wp-content\/uploads\/cars_pictures\/2124316_10.jpg","https:\/\/cf-motors.de\/wp-content\/uploads\/cars_pictures\/2124316_11.jpg","https:\/\/cf-motors.de\/wp-content\/uploads\/cars_pictures\/2124316_12.jpg","https:\/\/cf-motors.de\/wp-content\/uploads\/cars_pictures\/2124316_13.jpg","https:\/\/cf-motors.de\/wp-content\/uploads\/cars_pictures\/2124316_14.jpg","https:\/\/cf-motors.de\/wp-content\/uploads\/cars_pictures\/2124316_15.jpg","https:\/\/cf-motors.de\/wp-content\/uploads\/cars_pictures\/2124316_16.jpg","https:\/\/cf-motors.de\/wp-content\/uploads\/cars_pictures\/2124316_17.jpg","https:\/\/cf-motors.de\/wp-content\/uploads\/cars_pictures\/2124316_18.jpg","https:\/\/cf-motors.de\/wp-content\/uploads\/cars_pictures\/2124316_19.jpg","https:\/\/cf-motors.de\/wp-content\/uploads\/cars_pictures\/2124316_20.jpg","https:\/\/cf-motors.de\/wp-content\/uploads\/cars_pictures\/2124316_21.jpg","https:\/\/cf-motors.de\/wp-content\/uploads\/cars_pictures\/2124316_22.jpg","https:\/\/cf-motors.de\/wp-content\/uploads\/cars_pictures\/2124316_23.jpg","https:\/\/cf-motors.de\/wp-content\/uploads\/cars_pictures\/2124316_24.jpg","https:\/\/cf-motors.de\/wp-content\/uploads\/cars_pictures\/2124316_25.jpg","https:\/\/cf-motors.de\/wp-content\/uploads\/cars_pictures\/2124316_26.jpg","https:\/\/cf-motors.de\/wp-content\/uploads\/cars_pictures\/2124316_27.jpg","https:\/\/cf-motors.de\/wp-content\/uploads\/cars_pictures\/2124316_28.jpg","https:\/\/cf-motors.de\/wp-content\/uploads\/cars_pictures\/2124316_29.jpg"],"vehica_6674":{"embed":"","url":""},"vehica_16721":"","vehica_18845":"488GTBgrey_Nov22","vehica_18846":"493 kW (670 PS)","vehica_18847":"260","vehica_18848":"","vehica_18849":"11.4","vehica_18850":"19","vehica_18851":"F","vehica_18852":"16","vehica_18853":"11","vehica_18855":"03\/2018","vehica_18856":"2018","vehica_18857":"","vehica_18858":"","vehica_22348":"3","vehica_22990":"670","vehica_346997":"0","vehica_437603":"","vehica_439584":"","vehica_439585":";+;+;","vehica_439586":"","vehica_439587":"","vehica_439588":"","vehica_439589":"","vehica_449495":"","vehica_449496":"","vehica_449497":"","vehica_454484":"","vehica_454485":"","vehica_454486":"","vehica_454487":"","vehica_454488":"","vehica_472325":"","vehica_472326":"","vehica_472327":"","vehica_472328":"","vehica_472329":"","vehica_472330":"","vehica_472331":"","vehica_472332":"","vehica_472333":"","vehica_472366":"","vehica_597916":"","_links":{"self":[{"href":"https:\/\/cf-motors.de\/fr\/wp-json\/wp\/v2\/cars\/598844","targetHints":{"allow":["GET"]}}],"collection":[{"href":"https:\/\/cf-motors.de\/fr\/wp-json\/wp\/v2\/cars"}],"about":[{"href":"https:\/\/cf-motors.de\/fr\/wp-json\/wp\/v2\/types\/vehica_car"}],"author":[{"embeddable":true,"href":"https:\/\/cf-motors.de\/fr\/wp-json\/wp\/v2\/users\/95"}],"wp:attachment":[{"href":"https:\/\/cf-motors.de\/fr\/wp-json\/wp\/v2\/media?parent=598844"}],"wp:term":[{"taxonomy":"vehica_6654","embeddable":true,"href":"https:\/\/cf-motors.de\/fr\/wp-json\/wp\/v2\/vehica_6654?post=598844"},{"taxonomy":"vehica_17481","embeddable":true,"href":"https:\/\/cf-motors.de\/fr\/wp-json\/wp\/v2\/vehica_17481?post=598844"},{"taxonomy":"vehica_6655","embeddable":true,"href":"https:\/\/cf-motors.de\/fr\/wp-json\/wp\/v2\/vehica_6655?post=598844"},{"taxonomy":"vehica_6659","embeddable":true,"href":"https:\/\/cf-motors.de\/fr\/wp-json\/wp\/v2\/vehica_6659?post=598844"},{"taxonomy":"vehica_6660","embeddable":true,"href":"https:\/\/cf-motors.de\/fr\/wp-json\/wp\/v2\/vehica_6660?post=598844"},{"taxonomy":"vehica_6657","embeddable":true,"href":"https:\/\/cf-motors.de\/fr\/wp-json\/wp\/v2\/vehica_6657?post=598844"},{"taxonomy":"vehica_6661","embeddable":true,"href":"https:\/\/cf-motors.de\/fr\/wp-json\/wp\/v2\/vehica_6661?post=598844"},{"taxonomy":"vehica_6662","embeddable":true,"href":"https:\/\/cf-motors.de\/fr\/wp-json\/wp\/v2\/vehica_6662?post=598844"},{"taxonomy":"vehica_6663","embeddable":true,"href":"https:\/\/cf-motors.de\/fr\/wp-json\/wp\/v2\/vehica_6663?post=598844"},{"taxonomy":"vehica_12974","embeddable":true,"href":"https:\/\/cf-motors.de\/fr\/wp-json\/wp\/v2\/vehica_12974?post=598844"},{"taxonomy":"vehica_6666","embeddable":true,"href":"https:\/\/cf-motors.de\/fr\/wp-json\/wp\/v2\/vehica_6666?post=598844"},{"taxonomy":"vehica_12770","embeddable":true,"href":"https:\/\/cf-motors.de\/fr\/wp-json\/wp\/v2\/vehica_12770?post=598844"},{"taxonomy":"vehica_6670","embeddable":true,"href":"https:\/\/cf-motors.de\/fr\/wp-json\/wp\/v2\/vehica_6670?post=598844"},{"taxonomy":"vehica_12723","embeddable":true,"href":"https:\/\/cf-motors.de\/fr\/wp-json\/wp\/v2\/vehica_12723?post=598844"},{"taxonomy":"vehica_18854","embeddable":true,"href":"https:\/\/cf-motors.de\/fr\/wp-json\/wp\/v2\/vehica_18854?post=598844"}],"curies":[{"name":"wp","href":"https:\/\/api.w.org\/{rel}","templated":true}]}}

<p>##MERCI DE VOTRE INTÉRÊT POUR L'UN DE NOS VÉHICULES##<br />Extérieur : Extra Range (Grigio Medio)<br />Intérieur : Tortora 130426<br />Mats : Grigio Scuro 751B<br /><strong class='title'>Code/option :</strong></p>
<ul>
<li>AFS1 SYSTÈME D'ÉCLAIRAGE AVANT ADAPTATIF</li>
<li>ALCS ALCANTARA SIÈGES GARNITURE INTÉRIEURE (TORTORA ALCANTARA 2239)</li>
<li>CALY YELLOW BRAKE CALLIPERS</li>
<li>FILM ANTI-GRAVILLONS CHIP</li>
<li>CIPZ PANNEAUX DE PORTE EN FIBRE DE CARBONE</li>
<li>CISK SILL KICK EXTÉRIEUR EN CARBONE</li>
<li>CITZ CARBON FIBRE UPPER TUNNEL TRIM</li>
<li>CRPK FIBRE DE CARBONE RACING PACKAGE</li>
<li>CSB1 COLORED SAFETY BELTS (YELLOW)</li>
<li>CUPC CARBON FIBRE HUB CAPS</li>
<li>DSH5 COLOURED UPPER DASHBOARD (CHARCOAL 4304)</li>
<li>EMPH CAVALLINO COUSU SUR LA TÊTIÈRE (FIL EN GIALLO 0113)</li>
<li>EXA3 SYSTÈME D'ÉCHAPPEMENT SPORT</li>
<li>FLMA COLOURED MATS WITH LOGO</li>
<li>HELE HIGH EMOTION LOW EMISSION</li>
<li>LERZ COULEUR INTÉRIEURE GARNITURE EN CUIR ARRIÈRE</li>
<li>LOGO 'SCUDERIA FERRARI' SHIELDS</li>
<li>MIR2 INT/EXT MIROIRS ÉLECTROCHROMIQUES</li>
<li>PAR2 CAPTEURS DE STATIONNEMENT AVANT ET ARRIÈRE</li>
<li>PDIS PASSENGER DISPLAY</li>
<li>PEXS SPORT SILL COVER</li>
<li>RIFS 20″ FORGED DARK PAINTED RIMS</li>
<li>RPMY YELLOW REV. COUNTER</li>
<li>RSCG GOLDBRAKE CARBON RACING SEATS (LARGE)</li>
<li>SPEC ÉQUIPEMENT SPÉCIAL</li>
<li>STC1 COLORED STANDARD STITCHING O.R. (THREAD IN GIALLO 0113)</li>
<li>STW1 VOLANT COLORÉ (CHARCOAL 4304)</li>
<li>ULEZ PARTIE SUPÉRIEURE EN CUIR COLORÉ (CHARCOAL 4304)</li>
</ul>
<p><strong>MERCI DE VOTRE INTÉRÊT POUR L'UN DE NOS VÉHICULES</strong></p>
<hr/>
<p><strong>Garantie &amp; label de qualité :</strong></p>
<ul>
<li>Garantie voiture d'occasion</li>
</ul>
<p><strong class='title'>Systèmes d'assistance :</strong></p>
<ul>
<li>PDC (aide au stationnement)</li>
</ul>
<p><strong class='title'>Sécurité et technique :</strong></p>
<ul>
<li>Immobilisateur</li>
</ul>
<p><strong class='title'>Confort et climat :</strong></p>
<ul>
<li>Sièges de course</li>
</ul>
<p><strong class='title'>Extérieur &amp; design :</strong></p>
<ul>
<li>Étriers de frein jaunes</li>
<li>Emblèmes de la Scuderia</li>
</ul>
<p><strong class='title'>Intérieur &amp; Design :</strong></p>
<ul>
<li>Applications intérieures en carbone</li>
<li>Cavallino rampante sur les appuis-tête</li>
<li>Compte-tours en giallo</li>
<li>Garnitures de seuil de porte en fibre de carbone</li>
<li>Paquet carbone Cockpit</li>
<li>Coutures contrastées</li>
<li>Volant en cuir avec carbone et LEDs</li>
</ul>
<p><strong class='title'>Environnement &amp; magasin :</strong></p>
<ul>
<li>Classe d'efficacité F</li>
<li>EURO VI</li>
<li>Insigne de l'environnement 4</li>
</ul>
<p><strong class='title'>Boîte de vitesses :</strong></p>
<ul>
<li>Transmission à double embrayage</li>
</ul>
<p><strong class='title'>Plus d'informations :</strong></p>
<ul>
<li>Sur commande du client</li>
<li>Chéquier</li>
<li>sans accident</li>
</ul>
<p></p>
<hr/>
<p>Sous réserve de vente intermédiaire et d'erreurs. La description du véhicule sert uniquement à l'identification générale du véhicule et ne constitue pas une garantie juridiquement contraignante. Seuls les accords figurant dans le contrat de vente et la confirmation de commande sont contraignants. Veuillez noter que certains équipements spéciaux peuvent entraîner des coûts supplémentaires. Vous obtiendrez des informations détaillées sur l'étendue des équipements auprès de notre personnel de vente.</p>
