{"id":599552,"date":"2026-04-30T09:00:33","date_gmt":"2026-04-30T09:00:33","guid":{"rendered":"http:\/\/cf-motors.de\/de\/listing\/mercedes-benz-g-63-amg-magno-360-burmester-night-paket-12-2\/"},"modified":"2026-04-30T09:00:33","modified_gmt":"2026-04-30T09:00:33","slug":"mercedes-benz-g-63-amg-magno-360-burmester-night-paket-12-2","status":"publish","type":"vehica_car","link":"https:\/\/cf-motors.de\/de\/listing\/mercedes-benz-g-63-amg-magno-360-burmester-night-paket-12-2\/","title":{"rendered":"MERCEDES-BENZ G 63 AMG MAGNO, 360\u00b0, BURMESTER, NIGHT PAKET 1&#038;2"},"content":{"rendered":"<p>##VIELEN DANK F\u00dcR IHR INTERESSE AN EINEM UNSERER FAHRZEUGE##<br \/>Lackierung: 056 G manufaktur nachtschwarz magno<br \/>Polsterung: 913 Leder Nappa zweifarbig platinwei\u00df mit A-Band in Schwarz<br \/><strong class='title'>Code\/Option:<\/strong><\/p>\n<ul>\n<li>7U8 Typographie in Hochglanzschwarz<\/li>\n<li>A20 AMG RIDE CONTROL Fahrwerk<\/li>\n<li>A53 Aktiver Spurhalte-Assistent<\/li>\n<li>BS2 AMG Bremss\u00e4ttel vorn und hinten rot lackiert<\/li>\n<li>C56 Optischer Unterschutz in Nachtschwarz magno<\/li>\n<li>C92 Au\u00dfenschutzleiste mit Ziereinlage in Schwarz<\/li>\n<li>CK1 Au\u00dfenspiegelgeh\u00e4use in Schwarz<\/li>\n<li>CK6 AMG-spezifische K\u00fchlerverkleidung<\/li>\n<li>CS1 Mercedes Stern vorne und hinten in Hochglanzschwarz<\/li>\n<li>EA2 Totwinkel-Assistent<\/li>\n<li>EF6 Digitales Radio<\/li>\n<li>EK0 Mercedes-Benz Notrufsystem<\/li>\n<li>EK1 Kommunikationsmodul (LTE) f\u00fcr die Nutzung von Mercedes me connect Diensten<\/li>\n<li>EM3 Vorr\u00fcstung f\u00fcr Fond-Entertainment<\/li>\n<li>EM4 Assistenz-Paket<\/li>\n<li>EU4 COMAND Online<\/li>\n<li>EU8 Burmester\u00ae Surround-Soundsystem<\/li>\n<li>EZ8 Park-Assistent PARKTRONIC<\/li>\n<li>EZ9 Aktiver Abstands-Assistent DISTRONIC<\/li>\n<li>F15 Schiebedach<\/li>\n<li>FH2 Innenhimmel Mikrofaser DINAMICA<\/li>\n<li>FR2 Ambientebeleuchtung mit 64 Farben und 10 Farbzonen<\/li>\n<li>GM2 G manufaktur Interieur Plus<\/li>\n<li>HA1 Ionisierung der Innenraumluft<\/li>\n<li>J25 Widescreen Cockpit<\/li>\n<li>JA6 Aktiver Brems-Assistent<\/li>\n<li>JA9 Verkehrszeichen-Assistent<\/li>\n<li>JC8 Instrumententafel in Leder Nappa<\/li>\n<li>JP0 PRE-SAFE\u00ae System<\/li>\n<li>JS1 360\u00b0-Kamera<\/li>\n<li>JW8 ATTENTION ASSIST<\/li>\n<li>L6H AMG Performance Lenkrad in Carbon \/ Mikrofaser DINAMICA<\/li>\n<li>L57 MULTIBEAM LED<\/li>\n<li>NPM AMG Night-Paket magno<\/li>\n<li>PA2 Fu\u00dfmatten Gummi<\/li>\n<li>PA3 Edelstahl-Paket<\/li>\n<li>PA8 Park-Paket mit 360\u00b0-Kamera<\/li>\n<li>PA9 Aktiv-Multikontursitz-Paket<\/li>\n<li>PAZ AMG Night-Paket II<\/li>\n<li>Q55 Anh\u00e4ngevorrichtung mit ESP\u00ae Anh\u00e4ngerstabilisierung<\/li>\n<li>RB3 Reserveradring lackiert in Nachtschwarz magno<\/li>\n<li>RG4 55,9 cm (22&#8243;) AMG Schmieder\u00e4der im Kreuzspeichen-Design<\/li>\n<li>U88 AMG Lenkradtasten<\/li>\n<li>V43 AMG Fu\u00dfmatten schwarz<\/li>\n<li>W72 W\u00e4rmed\u00e4mmend dunkel get\u00f6ntes Glas<\/li>\n<li>Z10 AMG Driver&#8217;s Package<\/li>\n<li>ZG6 AMG Zierelemente Carbon<\/li>\n<\/ul>\n<p><strong>VIELEN DANK F\u00dcR IHR INTERESSE AN EINEM UNSERER FAHRZEUGE<\/strong><\/p>\n<hr\/>\n<p><strong>Ausstattungspakete:<\/strong><\/p>\n<ul>\n<li>AMG Drivers Package<\/li>\n<li>Night Paket<\/li>\n<\/ul>\n<p><strong class='title'>Garantie &amp; Qualit\u00e4tssiegel:<\/strong><\/p>\n<ul>\n<li>Gebrauchtwagengarantie<\/li>\n<\/ul>\n<p><strong class='title'>Assistenzsysteme:<\/strong><\/p>\n<ul>\n<li>Abstandsregeltempomat (Distronic Plus)<\/li>\n<li>Park-Paket mit 360 Grad Kamera<\/li>\n<li>Totwinkel-Assistent<\/li>\n<\/ul>\n<p><strong class='title'>Licht:<\/strong><\/p>\n<ul>\n<li>LED Tagfahrlicht<\/li>\n<li>Multibeam LED-Scheinwerfer<\/li>\n<\/ul>\n<p><strong class='title'>Media &amp; Infotainment:<\/strong><\/p>\n<ul>\n<li>Bluetooth Schnittstelle<\/li>\n<li>Burmester Surround Soundsystem<\/li>\n<li>Navigation \/ Online Navigation<\/li>\n<li>Vorbereitung Rear Seat Entertainment<\/li>\n<\/ul>\n<p><strong class='title'>Komfort &amp; Klima:<\/strong><\/p>\n<ul>\n<li>4xSitzheizung<\/li>\n<li>Colorglas<\/li>\n<li>Sitzbel\u00fcftung<\/li>\n<\/ul>\n<p><strong class='title'>Reifen &amp; Felgen:<\/strong><\/p>\n<ul>\n<li>Alufelgen 22 Zoll<\/li>\n<\/ul>\n<p><strong class='title'>Exterieur &amp; Design:<\/strong><\/p>\n<ul>\n<li>Anh\u00e4ngerkupplung (AHK)<\/li>\n<\/ul>\n<p><strong class='title'>Interieur &amp; Design:<\/strong><\/p>\n<ul>\n<li>Ambientebeleuchtung<\/li>\n<li>AMG Einstiegsleisten<\/li>\n<li>AMG Performance Lenkrad<\/li>\n<li>Applikationen Innenraum in Carbon<\/li>\n<li>Dachhimmel Microfaser Dinamica<\/li>\n<li>elektrisches Hubglasschiebedach<\/li>\n<li>Sportpedale Edelstahl<\/li>\n<\/ul>\n<p><strong class='title'>Umwelt &amp; Laden:<\/strong><\/p>\n<ul>\n<li>Effizienzklasse F<\/li>\n<li>EURO 6d-TEMP<\/li>\n<li>Umweltplakette 4<\/li>\n<\/ul>\n<p><strong class='title'>Getriebe:<\/strong><\/p>\n<ul>\n<li>AMG SPEEDSHIFT<\/li>\n<\/ul>\n<p><strong class='title'>Weitere Informationen:<\/strong><\/p>\n<ul>\n<li>Im Kundenauftrag<\/li>\n<li>Kraftstofftank vergr\u00f6\u00dfert<\/li>\n<li>Scheckheft<\/li>\n<li>unfallfrei<\/li>\n<\/ul>\n<p><\/p>\n<hr\/>\n<p>Zwischenverkauf und Irrt\u00fcmer vorbehalten. Die Fahrzeugbeschreibung dient ausschlie\u00dflich der allgemeinen Identifikation des Fahrzeugs und stellt keine rechtsverbindliche Gew\u00e4hrleistung dar. Verbindlich sind nur die Vereinbarungen im Kaufvertrag und der Auftragsbest\u00e4tigung. Bitte beachten Sie, dass bestimmte Sonderausstattungen zus\u00e4tzliche Kosten verursachen k\u00f6nnen. Detaillierte Informationen zum Ausstattungsumfang erhalten Sie von unserem Verkaufspersonal.<\/p>\n","protected":false},"author":95,"featured_media":0,"template":"","vehica_6654":[2073],"vehica_17481":[2452],"vehica_6655":[2476],"vehica_6659":[2720],"vehica_6660":[2729],"vehica_6657":[],"vehica_6661":[],"vehica_6662":[2483],"vehica_6663":[2107],"vehica_12974":[],"vehica_6666":[2374],"vehica_12770":[],"vehica_6670":[],"vehica_12723":[],"vehica_18854":[2498],"class_list":["post-599552","vehica_car","type-vehica_car","status-publish","hentry","vehica_6654-used","vehica_17481-car","vehica_6655-car","vehica_6659-mercedes-benz","vehica_6660-g-63-amg","vehica_6662-automatic_gear","vehica_6663-petrol","vehica_6666-black","vehica_18854-euro6d_temp"],"vehica_6656":{"vehica_currency_6656_2316":249900},"vehica_14696":"2022","vehica_6664":"10780","vehica_6665":"3982","vehica_6671":"","vehica_6673":["https:\/\/cf-motors.de\/wp-content\/uploads\/cars_pictures\/2105687_1.jpg","https:\/\/cf-motors.de\/wp-content\/uploads\/cars_pictures\/2105687_2.jpg","https:\/\/cf-motors.de\/wp-content\/uploads\/cars_pictures\/2105687_3.jpg","https:\/\/cf-motors.de\/wp-content\/uploads\/cars_pictures\/2105687_4.jpg","https:\/\/cf-motors.de\/wp-content\/uploads\/cars_pictures\/2105687_5.jpg","https:\/\/cf-motors.de\/wp-content\/uploads\/cars_pictures\/2105687_6.jpg","https:\/\/cf-motors.de\/wp-content\/uploads\/cars_pictures\/2105687_7.jpg","https:\/\/cf-motors.de\/wp-content\/uploads\/cars_pictures\/2105687_8.jpg","https:\/\/cf-motors.de\/wp-content\/uploads\/cars_pictures\/2105687_9.jpg","https:\/\/cf-motors.de\/wp-content\/uploads\/cars_pictures\/2105687_10.jpg","https:\/\/cf-motors.de\/wp-content\/uploads\/cars_pictures\/2105687_11.jpg","https:\/\/cf-motors.de\/wp-content\/uploads\/cars_pictures\/2105687_12.jpg","https:\/\/cf-motors.de\/wp-content\/uploads\/cars_pictures\/2105687_13.jpg","https:\/\/cf-motors.de\/wp-content\/uploads\/cars_pictures\/2105687_14.jpg","https:\/\/cf-motors.de\/wp-content\/uploads\/cars_pictures\/2105687_15.jpg","https:\/\/cf-motors.de\/wp-content\/uploads\/cars_pictures\/2105687_16.jpg"],"vehica_6674":{"embed":"","url":""},"vehica_16721":"","vehica_18845":"G63AMG_mattschwarz0922","vehica_18846":"430 kW (585 PS)","vehica_18847":"343","vehica_18848":"","vehica_18849":"15.1","vehica_18850":"19","vehica_18851":"F","vehica_18852":"20.3","vehica_18853":"13","vehica_18855":"03\/2022","vehica_18856":"2022","vehica_18857":"","vehica_18858":"","vehica_22348":"3","vehica_22990":"585","vehica_346997":"0","vehica_437603":"","vehica_439584":"","vehica_439585":";+;+;","vehica_439586":"","vehica_439587":"","vehica_439588":"","vehica_439589":"","vehica_449495":"","vehica_449496":"","vehica_449497":"","vehica_454484":"","vehica_454485":"","vehica_454486":"","vehica_454487":"","vehica_454488":"","vehica_472325":"","vehica_472326":"","vehica_472327":"","vehica_472328":"","vehica_472329":"","vehica_472330":"","vehica_472331":"","vehica_472332":"","vehica_472333":"","vehica_472366":"","vehica_597916":"","_links":{"self":[{"href":"https:\/\/cf-motors.de\/de\/wp-json\/wp\/v2\/cars\/599552","targetHints":{"allow":["GET"]}}],"collection":[{"href":"https:\/\/cf-motors.de\/de\/wp-json\/wp\/v2\/cars"}],"about":[{"href":"https:\/\/cf-motors.de\/de\/wp-json\/wp\/v2\/types\/vehica_car"}],"author":[{"embeddable":true,"href":"https:\/\/cf-motors.de\/de\/wp-json\/wp\/v2\/users\/95"}],"wp:attachment":[{"href":"https:\/\/cf-motors.de\/de\/wp-json\/wp\/v2\/media?parent=599552"}],"wp:term":[{"taxonomy":"vehica_6654","embeddable":true,"href":"https:\/\/cf-motors.de\/de\/wp-json\/wp\/v2\/vehica_6654?post=599552"},{"taxonomy":"vehica_17481","embeddable":true,"href":"https:\/\/cf-motors.de\/de\/wp-json\/wp\/v2\/vehica_17481?post=599552"},{"taxonomy":"vehica_6655","embeddable":true,"href":"https:\/\/cf-motors.de\/de\/wp-json\/wp\/v2\/vehica_6655?post=599552"},{"taxonomy":"vehica_6659","embeddable":true,"href":"https:\/\/cf-motors.de\/de\/wp-json\/wp\/v2\/vehica_6659?post=599552"},{"taxonomy":"vehica_6660","embeddable":true,"href":"https:\/\/cf-motors.de\/de\/wp-json\/wp\/v2\/vehica_6660?post=599552"},{"taxonomy":"vehica_6657","embeddable":true,"href":"https:\/\/cf-motors.de\/de\/wp-json\/wp\/v2\/vehica_6657?post=599552"},{"taxonomy":"vehica_6661","embeddable":true,"href":"https:\/\/cf-motors.de\/de\/wp-json\/wp\/v2\/vehica_6661?post=599552"},{"taxonomy":"vehica_6662","embeddable":true,"href":"https:\/\/cf-motors.de\/de\/wp-json\/wp\/v2\/vehica_6662?post=599552"},{"taxonomy":"vehica_6663","embeddable":true,"href":"https:\/\/cf-motors.de\/de\/wp-json\/wp\/v2\/vehica_6663?post=599552"},{"taxonomy":"vehica_12974","embeddable":true,"href":"https:\/\/cf-motors.de\/de\/wp-json\/wp\/v2\/vehica_12974?post=599552"},{"taxonomy":"vehica_6666","embeddable":true,"href":"https:\/\/cf-motors.de\/de\/wp-json\/wp\/v2\/vehica_6666?post=599552"},{"taxonomy":"vehica_12770","embeddable":true,"href":"https:\/\/cf-motors.de\/de\/wp-json\/wp\/v2\/vehica_12770?post=599552"},{"taxonomy":"vehica_6670","embeddable":true,"href":"https:\/\/cf-motors.de\/de\/wp-json\/wp\/v2\/vehica_6670?post=599552"},{"taxonomy":"vehica_12723","embeddable":true,"href":"https:\/\/cf-motors.de\/de\/wp-json\/wp\/v2\/vehica_12723?post=599552"},{"taxonomy":"vehica_18854","embeddable":true,"href":"https:\/\/cf-motors.de\/de\/wp-json\/wp\/v2\/vehica_18854?post=599552"}],"curies":[{"name":"wp","href":"https:\/\/api.w.org\/{rel}","templated":true}]}}

<p>##VIELEN DANK FÜR IHR INTERESSE AN EINEM UNSERER FAHRZEUGE##<br />Lackierung: 056 G manufaktur nachtschwarz magno<br />Polsterung: 913 Leder Nappa zweifarbig platinweiß mit A-Band in Schwarz<br /><strong class='title'>Code/Option:</strong></p>
<ul>
<li>7U8 Typographie in Hochglanzschwarz</li>
<li>A20 AMG RIDE CONTROL Fahrwerk</li>
<li>A53 Aktiver Spurhalte-Assistent</li>
<li>BS2 AMG Bremssättel vorn und hinten rot lackiert</li>
<li>C56 Optischer Unterschutz in Nachtschwarz magno</li>
<li>C92 Außenschutzleiste mit Ziereinlage in Schwarz</li>
<li>CK1 Außenspiegelgehäuse in Schwarz</li>
<li>CK6 AMG-spezifische Kühlerverkleidung</li>
<li>CS1 Mercedes Stern vorne und hinten in Hochglanzschwarz</li>
<li>EA2 Totwinkel-Assistent</li>
<li>EF6 Digitales Radio</li>
<li>EK0 Mercedes-Benz Notrufsystem</li>
<li>EK1 Kommunikationsmodul (LTE) für die Nutzung von Mercedes me connect Diensten</li>
<li>EM3 Vorrüstung für Fond-Entertainment</li>
<li>EM4 Assistenz-Paket</li>
<li>EU4 COMAND Online</li>
<li>EU8 Burmester® Surround-Soundsystem</li>
<li>EZ8 Park-Assistent PARKTRONIC</li>
<li>EZ9 Aktiver Abstands-Assistent DISTRONIC</li>
<li>F15 Schiebedach</li>
<li>FH2 Innenhimmel Mikrofaser DINAMICA</li>
<li>FR2 Ambientebeleuchtung mit 64 Farben und 10 Farbzonen</li>
<li>GM2 G manufaktur Interieur Plus</li>
<li>HA1 Ionisierung der Innenraumluft</li>
<li>J25 Widescreen Cockpit</li>
<li>JA6 Aktiver Brems-Assistent</li>
<li>JA9 Verkehrszeichen-Assistent</li>
<li>JC8 Instrumententafel in Leder Nappa</li>
<li>JP0 PRE-SAFE® System</li>
<li>JS1 360°-Kamera</li>
<li>JW8 ATTENTION ASSIST</li>
<li>L6H AMG Performance Lenkrad in Carbon / Mikrofaser DINAMICA</li>
<li>L57 MULTIBEAM LED</li>
<li>NPM AMG Night-Paket magno</li>
<li>PA2 Fußmatten Gummi</li>
<li>PA3 Edelstahl-Paket</li>
<li>PA8 Park-Paket mit 360°-Kamera</li>
<li>PA9 Aktiv-Multikontursitz-Paket</li>
<li>PAZ AMG Night-Paket II</li>
<li>Q55 Anhängevorrichtung mit ESP® Anhängerstabilisierung</li>
<li>RB3 Reserveradring lackiert in Nachtschwarz magno</li>
<li>RG4 55,9 cm (22&#8243;) AMG Schmiederäder im Kreuzspeichen-Design</li>
<li>U88 AMG Lenkradtasten</li>
<li>V43 AMG Fußmatten schwarz</li>
<li>W72 Wärmedämmend dunkel getöntes Glas</li>
<li>Z10 AMG Driver&#8217;s Package</li>
<li>ZG6 AMG Zierelemente Carbon</li>
</ul>
<p><strong>VIELEN DANK FÜR IHR INTERESSE AN EINEM UNSERER FAHRZEUGE</strong></p>
<hr/>
<p><strong>Ausstattungspakete:</strong></p>
<ul>
<li>AMG Drivers Package</li>
<li>Night Paket</li>
</ul>
<p><strong class='title'>Garantie &amp; Qualitätssiegel:</strong></p>
<ul>
<li>Gebrauchtwagengarantie</li>
</ul>
<p><strong class='title'>Assistenzsysteme:</strong></p>
<ul>
<li>Abstandsregeltempomat (Distronic Plus)</li>
<li>Park-Paket mit 360 Grad Kamera</li>
<li>Totwinkel-Assistent</li>
</ul>
<p><strong class='title'>Licht:</strong></p>
<ul>
<li>LED Tagfahrlicht</li>
<li>Multibeam LED-Scheinwerfer</li>
</ul>
<p><strong class='title'>Media &amp; Infotainment:</strong></p>
<ul>
<li>Bluetooth Schnittstelle</li>
<li>Burmester Surround Soundsystem</li>
<li>Navigation / Online Navigation</li>
<li>Vorbereitung Rear Seat Entertainment</li>
</ul>
<p><strong class='title'>Komfort &amp; Klima:</strong></p>
<ul>
<li>4xSitzheizung</li>
<li>Colorglas</li>
<li>Sitzbelüftung</li>
</ul>
<p><strong class='title'>Reifen &amp; Felgen:</strong></p>
<ul>
<li>Alufelgen 22 Zoll</li>
</ul>
<p><strong class='title'>Exterieur &amp; Design:</strong></p>
<ul>
<li>Anhängerkupplung (AHK)</li>
</ul>
<p><strong class='title'>Interieur &amp; Design:</strong></p>
<ul>
<li>Ambientebeleuchtung</li>
<li>AMG Einstiegsleisten</li>
<li>AMG Performance Lenkrad</li>
<li>Applikationen Innenraum in Carbon</li>
<li>Dachhimmel Microfaser Dinamica</li>
<li>elektrisches Hubglasschiebedach</li>
<li>Sportpedale Edelstahl</li>
</ul>
<p><strong class='title'>Umwelt &amp; Laden:</strong></p>
<ul>
<li>Effizienzklasse F</li>
<li>EURO 6d-TEMP</li>
<li>Umweltplakette 4</li>
</ul>
<p><strong class='title'>Getriebe:</strong></p>
<ul>
<li>AMG SPEEDSHIFT</li>
</ul>
<p><strong class='title'>Weitere Informationen:</strong></p>
<ul>
<li>Im Kundenauftrag</li>
<li>Kraftstofftank vergrößert</li>
<li>Scheckheft</li>
<li>unfallfrei</li>
</ul>
<p></p>
<hr/>
<p>Zwischenverkauf und Irrtümer vorbehalten. Die Fahrzeugbeschreibung dient ausschließlich der allgemeinen Identifikation des Fahrzeugs und stellt keine rechtsverbindliche Gewährleistung dar. Verbindlich sind nur die Vereinbarungen im Kaufvertrag und der Auftragsbestätigung. Bitte beachten Sie, dass bestimmte Sonderausstattungen zusätzliche Kosten verursachen können. Detaillierte Informationen zum Ausstattungsumfang erhalten Sie von unserem Verkaufspersonal.</p>
