{"id":599505,"date":"2026-05-03T09:00:31","date_gmt":"2026-05-03T09:00:31","guid":{"rendered":"http:\/\/cf-motors.de\/de\/listing\/lamborghini-aventador-svj-63-roadster-lift-top-condition\/"},"modified":"2026-05-03T09:00:31","modified_gmt":"2026-05-03T09:00:31","slug":"lamborghini-aventador-svj-63-roadster-lift-top-condition","status":"publish","type":"vehica_car","link":"https:\/\/cf-motors.de\/de\/listing\/lamborghini-aventador-svj-63-roadster-lift-top-condition\/","title":{"rendered":"LAMBORGHINI Aventador SVJ 63 Roadster LIFT, TOP CONDITION"},"content":{"rendered":"<p>##VIELEN DANK F\u00dcR IHR INTERESSE AN EINEM UNSERER FAHRZEUGE##<br \/>Wir freuen uns Ihnen einen neuwertigen Aventador SVJ 63 Roadster pr\u00e4sentieren zu d\u00fcrfen. Das Fahrzeug hat eine Anschlussgarantie bis 08\/2025. Bei weiteren Fragen stehen wir Ihnen gerne jederzeit zur Verf\u00fcgung!<br \/><strong class='title'>Exerior:<\/strong><\/p>\n<ul>\n<li>Carbon wheel cap<\/li>\n<li>Contrast Color \u2013 Arancio<\/li>\n<li>Engine bonnet visible carbon matt<\/li>\n<li>Engine details in Carbon Shiny<\/li>\n<li>Exterior mirrors electrically adjustable heatable and foldable<\/li>\n<li>Fixed Air Intake in Carbon Matt<\/li>\n<li>Front bumper with matt carbon and matt black details<\/li>\n<li>Fuel tank 83 lt<\/li>\n<li>Hard Top in Alcantara with Carbon Skin<\/li>\n<li>High rear spoiler in matt carbon<\/li>\n<li>Livery with stripe Arancio Dac<\/li>\n<li>Main Paint &#8211; Grigio Acheso<\/li>\n<li>Mirror housings in matt carbon<\/li>\n<li>Rear bumper black matt + carbon matt<\/li>\n<li>Rims &#8211; Leirion Forged 20 \/21 titanium<\/li>\n<li>Rocker cover in matt carbon<\/li>\n<li>T-engine cover in carbon fiber<\/li>\n<li>Tailpipes in dark grey matt<\/li>\n<li>Tires- Pirelli P-Zero Corsa &#8211; 20 \/21 tires<\/li>\n<li>Windscreen Frame and Roof in Carbon Matt<\/li>\n<li>X-frame in shiny carbon<\/li>\n<\/ul>\n<p>*<\/p>\n<ul>\n<li>Anti-theft system<\/li>\n<li>Basic color &#8211; Grigio Octans (Grey)<\/li>\n<li>Carbon footplate<\/li>\n<li>Contrast Color &#8211; Arancio Dryope<\/li>\n<li>Door and side trim panel in carbon fiber<\/li>\n<li>Interior:<\/li>\n<li>Interior carbon fiber package<\/li>\n<li>Lamborghini Sensonum<\/li>\n<li>Rear View Camera and parking sensors<\/li>\n<li>Seats &#8211; Grigio Cronus\/Arancio Dryope<\/li>\n<li>Sport bucket seats<\/li>\n<\/ul>\n<p><strong>VIELEN DANK F\u00dcR IHR INTERESSE AN EINEM UNSERER FAHRZEUGE<\/strong><\/p>\n<hr\/>\n<p><strong>Garantie &amp; Qualit\u00e4tssiegel:<\/strong><\/p>\n<ul>\n<li>Gebrauchtwagengarantie<\/li>\n<\/ul>\n<p><strong class='title'>Assistenzsysteme:<\/strong><\/p>\n<ul>\n<li>Einparkhilfe hinten<\/li>\n<li>Einparkhilfe vorne<\/li>\n<li>R\u00fcckfahrkamera<\/li>\n<\/ul>\n<p><strong class='title'>Media &amp; Infotainment:<\/strong><\/p>\n<ul>\n<li>Navigation \/ Online Navigation<\/li>\n<li>Telefonvorbereitung mit Bluetooth<\/li>\n<\/ul>\n<p><strong class='title'>Sicherheit &amp; Technik:<\/strong><\/p>\n<ul>\n<li>Carbon Ceramic Brake (CCB)<\/li>\n<li>Fahrprogramme Normal \/ Sport \/ Corsa<\/li>\n<li>Lifting System<\/li>\n<\/ul>\n<p><strong class='title'>Komfort &amp; Klima:<\/strong><\/p>\n<ul>\n<li>elektrische Fensterheber<\/li>\n<li>Klimaautomatik<\/li>\n<li>schl\u00fcsselloser Motorstart<\/li>\n<li>Zentralverriegelung mit Fernbedienung<\/li>\n<\/ul>\n<p><strong class='title'>Exterieur &amp; Design:<\/strong><\/p>\n<ul>\n<li>Abdeckung Mittelkonsole aus Kohlefaser<\/li>\n<li>Carbon Exterieurpaket<\/li>\n<li>Carbon Heckdiffusor<\/li>\n<li>Kohlefaser Heckfl\u00fcgel gro\u00df<\/li>\n<li>T\u00fcrverkleidungen aus Kohlefaser<\/li>\n<\/ul>\n<p><strong class='title'>Interieur &amp; Design:<\/strong><\/p>\n<ul>\n<li>Alcantara Lenkrad<\/li>\n<li>Alcantara Paket<\/li>\n<li>Applikationen Innenraum in Carbon<\/li>\n<li>Lenkradpaddles<\/li>\n<li>Multifunktionslenkrad<\/li>\n<\/ul>\n<p><strong class='title'>Umwelt &amp; Laden:<\/strong><\/p>\n<ul>\n<li>Effizienzklasse G<\/li>\n<li>EURO VI<\/li>\n<li>Umweltplakette 4<\/li>\n<\/ul>\n<p><strong class='title'>Getriebe:<\/strong><\/p>\n<ul>\n<li>Sequentielles Getriebe<\/li>\n<\/ul>\n<p><strong class='title'>Weitere Informationen:<\/strong><\/p>\n<ul>\n<li>Im Kundenauftrag<\/li>\n<li>Scheckheft<\/li>\n<li>unfallfrei<\/li>\n<\/ul>\n<p><\/p>\n<hr\/>\n<p>Zwischenverkauf und Irrt\u00fcmer vorbehalten. Die Fahrzeugbeschreibung dient ausschlie\u00dflich der allgemeinen Identifikation des Fahrzeugs und stellt keine rechtsverbindliche Gew\u00e4hrleistung dar. Verbindlich sind nur die Vereinbarungen im Kaufvertrag und der Auftragsbest\u00e4tigung. Bitte beachten Sie, dass bestimmte Sonderausstattungen zus\u00e4tzliche Kosten verursachen k\u00f6nnen. Detaillierte Informationen zum Ausstattungsumfang erhalten Sie von unserem Verkaufspersonal.<\/p>\n","protected":false},"author":95,"featured_media":0,"template":"","vehica_6654":[2073],"vehica_17481":[2452],"vehica_6655":[2476],"vehica_6659":[2748],"vehica_6660":[2749],"vehica_6657":[],"vehica_6661":[],"vehica_6662":[2483],"vehica_6663":[2107],"vehica_12974":[],"vehica_6666":[2323],"vehica_12770":[],"vehica_6670":[],"vehica_12723":[],"vehica_18854":[2480],"class_list":["post-599505","vehica_car","type-vehica_car","status-publish","hentry","vehica_6654-used","vehica_17481-car","vehica_6655-car","vehica_6659-lamborghini","vehica_6660-aventador","vehica_6662-automatic_gear","vehica_6663-petrol","vehica_6666-grey","vehica_18854-euro6"],"vehica_6656":{"vehica_currency_6656_2316":998410},"vehica_14696":"2020","vehica_6664":"3090","vehica_6665":"6498","vehica_6671":"","vehica_6673":["https:\/\/cf-motors.de\/wp-content\/uploads\/cars_pictures\/2206579_1.jpg","https:\/\/cf-motors.de\/wp-content\/uploads\/cars_pictures\/2206579_2.jpg","https:\/\/cf-motors.de\/wp-content\/uploads\/cars_pictures\/2206579_3.jpg","https:\/\/cf-motors.de\/wp-content\/uploads\/cars_pictures\/2206579_4.jpg","https:\/\/cf-motors.de\/wp-content\/uploads\/cars_pictures\/2206579_5.jpg","https:\/\/cf-motors.de\/wp-content\/uploads\/cars_pictures\/2206579_6.jpg","https:\/\/cf-motors.de\/wp-content\/uploads\/cars_pictures\/2206579_7.jpg","https:\/\/cf-motors.de\/wp-content\/uploads\/cars_pictures\/2206579_8.jpg","https:\/\/cf-motors.de\/wp-content\/uploads\/cars_pictures\/2206579_9.jpg","https:\/\/cf-motors.de\/wp-content\/uploads\/cars_pictures\/2206579_10.jpg","https:\/\/cf-motors.de\/wp-content\/uploads\/cars_pictures\/2206579_11.jpg","https:\/\/cf-motors.de\/wp-content\/uploads\/cars_pictures\/2206579_12.jpg","https:\/\/cf-motors.de\/wp-content\/uploads\/cars_pictures\/2206579_13.jpg","https:\/\/cf-motors.de\/wp-content\/uploads\/cars_pictures\/2206579_14.jpg","https:\/\/cf-motors.de\/wp-content\/uploads\/cars_pictures\/2206579_15.jpg","https:\/\/cf-motors.de\/wp-content\/uploads\/cars_pictures\/2206579_16.jpg","https:\/\/cf-motors.de\/wp-content\/uploads\/cars_pictures\/2206579_17.jpg","https:\/\/cf-motors.de\/wp-content\/uploads\/cars_pictures\/2206579_18.jpg","https:\/\/cf-motors.de\/wp-content\/uploads\/cars_pictures\/2206579_19.jpg","https:\/\/cf-motors.de\/wp-content\/uploads\/cars_pictures\/2206579_20.jpg","https:\/\/cf-motors.de\/wp-content\/uploads\/cars_pictures\/2206579_21.jpg","https:\/\/cf-motors.de\/wp-content\/uploads\/cars_pictures\/2206579_22.jpg","https:\/\/cf-motors.de\/wp-content\/uploads\/cars_pictures\/2206579_23.jpg","https:\/\/cf-motors.de\/wp-content\/uploads\/cars_pictures\/2206579_24.jpg"],"vehica_6674":{"embed":"","url":""},"vehica_16721":"","vehica_18845":"SVJ63Roadster_Aug23","vehica_18846":"566 kW (770 PS)","vehica_18847":"442","vehica_18848":"","vehica_18849":"18","vehica_18850":"19","vehica_18851":"G","vehica_18852":"24.7","vehica_18853":"11.5","vehica_18855":"08\/2020","vehica_18856":"2020","vehica_18857":"","vehica_18858":"","vehica_22348":"3","vehica_22990":"770","vehica_346997":"0","vehica_437603":"","vehica_439584":"","vehica_439585":";+;+;","vehica_439586":"","vehica_439587":"","vehica_439588":"","vehica_439589":"","vehica_449495":"","vehica_449496":"","vehica_449497":"","vehica_454484":"","vehica_454485":"","vehica_454486":"","vehica_454487":"","vehica_454488":"","vehica_472325":"","vehica_472326":"","vehica_472327":"","vehica_472328":"","vehica_472329":"","vehica_472330":"","vehica_472331":"","vehica_472332":"","vehica_472333":"","vehica_472366":"","vehica_597916":"","_links":{"self":[{"href":"https:\/\/cf-motors.de\/de\/wp-json\/wp\/v2\/cars\/599505","targetHints":{"allow":["GET"]}}],"collection":[{"href":"https:\/\/cf-motors.de\/de\/wp-json\/wp\/v2\/cars"}],"about":[{"href":"https:\/\/cf-motors.de\/de\/wp-json\/wp\/v2\/types\/vehica_car"}],"author":[{"embeddable":true,"href":"https:\/\/cf-motors.de\/de\/wp-json\/wp\/v2\/users\/95"}],"wp:attachment":[{"href":"https:\/\/cf-motors.de\/de\/wp-json\/wp\/v2\/media?parent=599505"}],"wp:term":[{"taxonomy":"vehica_6654","embeddable":true,"href":"https:\/\/cf-motors.de\/de\/wp-json\/wp\/v2\/vehica_6654?post=599505"},{"taxonomy":"vehica_17481","embeddable":true,"href":"https:\/\/cf-motors.de\/de\/wp-json\/wp\/v2\/vehica_17481?post=599505"},{"taxonomy":"vehica_6655","embeddable":true,"href":"https:\/\/cf-motors.de\/de\/wp-json\/wp\/v2\/vehica_6655?post=599505"},{"taxonomy":"vehica_6659","embeddable":true,"href":"https:\/\/cf-motors.de\/de\/wp-json\/wp\/v2\/vehica_6659?post=599505"},{"taxonomy":"vehica_6660","embeddable":true,"href":"https:\/\/cf-motors.de\/de\/wp-json\/wp\/v2\/vehica_6660?post=599505"},{"taxonomy":"vehica_6657","embeddable":true,"href":"https:\/\/cf-motors.de\/de\/wp-json\/wp\/v2\/vehica_6657?post=599505"},{"taxonomy":"vehica_6661","embeddable":true,"href":"https:\/\/cf-motors.de\/de\/wp-json\/wp\/v2\/vehica_6661?post=599505"},{"taxonomy":"vehica_6662","embeddable":true,"href":"https:\/\/cf-motors.de\/de\/wp-json\/wp\/v2\/vehica_6662?post=599505"},{"taxonomy":"vehica_6663","embeddable":true,"href":"https:\/\/cf-motors.de\/de\/wp-json\/wp\/v2\/vehica_6663?post=599505"},{"taxonomy":"vehica_12974","embeddable":true,"href":"https:\/\/cf-motors.de\/de\/wp-json\/wp\/v2\/vehica_12974?post=599505"},{"taxonomy":"vehica_6666","embeddable":true,"href":"https:\/\/cf-motors.de\/de\/wp-json\/wp\/v2\/vehica_6666?post=599505"},{"taxonomy":"vehica_12770","embeddable":true,"href":"https:\/\/cf-motors.de\/de\/wp-json\/wp\/v2\/vehica_12770?post=599505"},{"taxonomy":"vehica_6670","embeddable":true,"href":"https:\/\/cf-motors.de\/de\/wp-json\/wp\/v2\/vehica_6670?post=599505"},{"taxonomy":"vehica_12723","embeddable":true,"href":"https:\/\/cf-motors.de\/de\/wp-json\/wp\/v2\/vehica_12723?post=599505"},{"taxonomy":"vehica_18854","embeddable":true,"href":"https:\/\/cf-motors.de\/de\/wp-json\/wp\/v2\/vehica_18854?post=599505"}],"curies":[{"name":"wp","href":"https:\/\/api.w.org\/{rel}","templated":true}]}}

<p>##VIELEN DANK FÜR IHR INTERESSE AN EINEM UNSERER FAHRZEUGE##<br />Wir freuen uns Ihnen einen neuwertigen Aventador SVJ 63 Roadster präsentieren zu dürfen. Das Fahrzeug hat eine Anschlussgarantie bis 08/2025. Bei weiteren Fragen stehen wir Ihnen gerne jederzeit zur Verfügung!<br /><strong class='title'>Exerior:</strong></p>
<ul>
<li>Carbon wheel cap</li>
<li>Contrast Color – Arancio</li>
<li>Engine bonnet visible carbon matt</li>
<li>Engine details in Carbon Shiny</li>
<li>Exterior mirrors electrically adjustable heatable and foldable</li>
<li>Fixed Air Intake in Carbon Matt</li>
<li>Front bumper with matt carbon and matt black details</li>
<li>Fuel tank 83 lt</li>
<li>Hard Top in Alcantara with Carbon Skin</li>
<li>High rear spoiler in matt carbon</li>
<li>Livery with stripe Arancio Dac</li>
<li>Main Paint &#8211; Grigio Acheso</li>
<li>Mirror housings in matt carbon</li>
<li>Rear bumper black matt + carbon matt</li>
<li>Rims &#8211; Leirion Forged 20 /21 titanium</li>
<li>Rocker cover in matt carbon</li>
<li>T-engine cover in carbon fiber</li>
<li>Tailpipes in dark grey matt</li>
<li>Tires- Pirelli P-Zero Corsa &#8211; 20 /21 tires</li>
<li>Windscreen Frame and Roof in Carbon Matt</li>
<li>X-frame in shiny carbon</li>
</ul>
<p>*</p>
<ul>
<li>Anti-theft system</li>
<li>Basic color &#8211; Grigio Octans (Grey)</li>
<li>Carbon footplate</li>
<li>Contrast Color &#8211; Arancio Dryope</li>
<li>Door and side trim panel in carbon fiber</li>
<li>Interior:</li>
<li>Interior carbon fiber package</li>
<li>Lamborghini Sensonum</li>
<li>Rear View Camera and parking sensors</li>
<li>Seats &#8211; Grigio Cronus/Arancio Dryope</li>
<li>Sport bucket seats</li>
</ul>
<p><strong>VIELEN DANK FÜR IHR INTERESSE AN EINEM UNSERER FAHRZEUGE</strong></p>
<hr/>
<p><strong>Garantie &amp; Qualitätssiegel:</strong></p>
<ul>
<li>Gebrauchtwagengarantie</li>
</ul>
<p><strong class='title'>Assistenzsysteme:</strong></p>
<ul>
<li>Einparkhilfe hinten</li>
<li>Einparkhilfe vorne</li>
<li>Rückfahrkamera</li>
</ul>
<p><strong class='title'>Media &amp; Infotainment:</strong></p>
<ul>
<li>Navigation / Online Navigation</li>
<li>Telefonvorbereitung mit Bluetooth</li>
</ul>
<p><strong class='title'>Sicherheit &amp; Technik:</strong></p>
<ul>
<li>Carbon Ceramic Brake (CCB)</li>
<li>Fahrprogramme Normal / Sport / Corsa</li>
<li>Lifting System</li>
</ul>
<p><strong class='title'>Komfort &amp; Klima:</strong></p>
<ul>
<li>elektrische Fensterheber</li>
<li>Klimaautomatik</li>
<li>schlüsselloser Motorstart</li>
<li>Zentralverriegelung mit Fernbedienung</li>
</ul>
<p><strong class='title'>Exterieur &amp; Design:</strong></p>
<ul>
<li>Abdeckung Mittelkonsole aus Kohlefaser</li>
<li>Carbon Exterieurpaket</li>
<li>Carbon Heckdiffusor</li>
<li>Kohlefaser Heckflügel groß</li>
<li>Türverkleidungen aus Kohlefaser</li>
</ul>
<p><strong class='title'>Interieur &amp; Design:</strong></p>
<ul>
<li>Alcantara Lenkrad</li>
<li>Alcantara Paket</li>
<li>Applikationen Innenraum in Carbon</li>
<li>Lenkradpaddles</li>
<li>Multifunktionslenkrad</li>
</ul>
<p><strong class='title'>Umwelt &amp; Laden:</strong></p>
<ul>
<li>Effizienzklasse G</li>
<li>EURO VI</li>
<li>Umweltplakette 4</li>
</ul>
<p><strong class='title'>Getriebe:</strong></p>
<ul>
<li>Sequentielles Getriebe</li>
</ul>
<p><strong class='title'>Weitere Informationen:</strong></p>
<ul>
<li>Im Kundenauftrag</li>
<li>Scheckheft</li>
<li>unfallfrei</li>
</ul>
<p></p>
<hr/>
<p>Zwischenverkauf und Irrtümer vorbehalten. Die Fahrzeugbeschreibung dient ausschließlich der allgemeinen Identifikation des Fahrzeugs und stellt keine rechtsverbindliche Gewährleistung dar. Verbindlich sind nur die Vereinbarungen im Kaufvertrag und der Auftragsbestätigung. Bitte beachten Sie, dass bestimmte Sonderausstattungen zusätzliche Kosten verursachen können. Detaillierte Informationen zum Ausstattungsumfang erhalten Sie von unserem Verkaufspersonal.</p>
