{"id":599114,"date":"2026-04-26T14:00:15","date_gmt":"2026-04-26T14:00:15","guid":{"rendered":"http:\/\/cf-motors.de\/de\/listing\/ferrari-488-spider-jbl-lift-cam-leds\/"},"modified":"2026-04-26T14:00:15","modified_gmt":"2026-04-26T14:00:15","slug":"ferrari-488-spider-jbl-lift-cam-leds","status":"publish","type":"vehica_car","link":"https:\/\/cf-motors.de\/de\/listing\/ferrari-488-spider-jbl-lift-cam-leds\/","title":{"rendered":"FERRARI 488 Spider JBL, LIFT, CAM, LEDS"},"content":{"rendered":"<p><strong>VIELEN DANK F\u00dcR IHR INTERESSE AN EINEM UNSERER FAHRZEUGE<\/strong><\/p>\n<hr\/>\n<p>Vielen Dank f\u00fcr Ihr Interesse an unserem top gepflegten Ferrari 488 Spider. Das Fahrzeug hat Power Garantie bis 02\/2026 und ist scheckheftgepflegt. Bei weiteren Fragen stehen wir Ihnen gerne zur Verf\u00fcgung!<br \/>Code &#8211; Option:<br \/>AFS1 &#8211; ADAPTIVE FRONTLIGHT SYSTEM<br \/>BIC2 &#8211; TWO TONE BODY PAINTING (NERO DS 1250)<br \/>CALY &#8211; YELLOW BRAKE CALLIPERS<br \/>CIDL &#8211; CARBON FIBRE DRIVER ZONE + LEDS<br \/>CILR &#8211; CARBON FIBRE CENTRAL BRIDGE<br \/>DAYT &#8211; DAYTONA STYLE SEATS<br \/>ELEV &#8211; SUSPENSION LIFTER<br \/>HELE &#8211; HIGH EMOTION LOW EMISSION<br \/>LOGO &#8211; SCUDERIA FERRARI SHIELDS<br \/>PAC3 &#8211; FRONT AND REAR PARKING CAMERAS<br \/>PAR2 &#8211; FRONT AND REAR PARKING SENSORS<br \/>RPMY &#8211; YELLOW REV. COUNTER<br \/>RSFE &#8211; FULL ELECTRIC SEATS<br \/>SNDH &#8211; PREMIUM HI-FI SYSTEM<br \/>STC1 &#8211; COLOURED STANDARD STITCHING O.R. BIANCO 2000<\/p>\n<hr\/>\n<p><strong>Garantie &amp; Qualit\u00e4tssiegel:<\/strong><\/p>\n<ul>\n<li>Gebrauchtwagengarantie<\/li>\n<\/ul>\n<p><strong class='title'>Assistenzsysteme:<\/strong><\/p>\n<ul>\n<li>Frontkamera<\/li>\n<li>PDC (Einparkhilfe)<\/li>\n<li>R\u00fcckfahrkamera<\/li>\n<\/ul>\n<p><strong class='title'>Licht:<\/strong><\/p>\n<ul>\n<li>LED (Teil)-R\u00fcckleuchten<\/li>\n<li>LED Tagfahrlicht<\/li>\n<\/ul>\n<p><strong class='title'>Media &amp; Infotainment:<\/strong><\/p>\n<ul>\n<li>Navigation \/ Online Navigation<\/li>\n<li>Soundsystem JBL<\/li>\n<li>Telefonvorbereitung mit Bluetooth<\/li>\n<\/ul>\n<p><strong class='title'>Sicherheit &amp; Technik:<\/strong><\/p>\n<ul>\n<li>Carbon Ceramic Brake (CCB)<\/li>\n<li>Lifting System<\/li>\n<\/ul>\n<p><strong class='title'>Komfort &amp; Klima:<\/strong><\/p>\n<ul>\n<li>elektrische Sitzverstellung Fahrer\/Beifahrer<\/li>\n<li>Klimaautomatik<\/li>\n<li>Sitzdesign Daytona<\/li>\n<\/ul>\n<p><strong class='title'>Exterieur &amp; Design:<\/strong><\/p>\n<ul>\n<li>Bremss\u00e4ttel gelb<\/li>\n<li>Scuderia Embleme<\/li>\n<\/ul>\n<p><strong class='title'>Interieur &amp; Design:<\/strong><\/p>\n<ul>\n<li>Applikationen Innenraum in Carbon<\/li>\n<li>Beifahrer-Display<\/li>\n<li>Cavallino rampante auf den Kopfst\u00fctzen<\/li>\n<li>Drehzahlmesser in Giallo<\/li>\n<li>Kontrastn\u00e4hte<\/li>\n<li>lederbezogene Armaturentafel<\/li>\n<li>Lederlenkrad mit Karbon und LEDs<\/li>\n<li>vollautomatisches versenkbares Hardtop<\/li>\n<\/ul>\n<p><strong class='title'>Umwelt &amp; Laden:<\/strong><\/p>\n<ul>\n<li>E10 geeignet<\/li>\n<li>EURO VI<\/li>\n<li>Katalysator<\/li>\n<li>Umweltplakette 4<\/li>\n<\/ul>\n<p><strong class='title'>Getriebe:<\/strong><\/p>\n<ul>\n<li>Doppelkupplungsgetriebe<\/li>\n<\/ul>\n<p><strong class='title'>Weitere Informationen:<\/strong><\/p>\n<ul>\n<li>Im Kundenauftrag<\/li>\n<li>Scheckheft<\/li>\n<li>unfallfrei<\/li>\n<\/ul>\n<p><\/p>\n<hr\/>\n<p>Zwischenverkauf und Irrt\u00fcmer vorbehalten. Die Fahrzeugbeschreibung dient ausschlie\u00dflich der allgemeinen Identifikation des Fahrzeugs und stellt keine rechtsverbindliche Gew\u00e4hrleistung dar. Verbindlich sind nur die Vereinbarungen im Kaufvertrag und der Auftragsbest\u00e4tigung. Bitte beachten Sie, dass bestimmte Sonderausstattungen zus\u00e4tzliche Kosten verursachen k\u00f6nnen. Detaillierte Informationen zum Ausstattungsumfang erhalten Sie von unserem Verkaufspersonal.<\/p>\n","protected":false},"author":95,"featured_media":0,"template":"","vehica_6654":[2073],"vehica_17481":[2452],"vehica_6655":[2476],"vehica_6659":[2716],"vehica_6660":[2758],"vehica_6657":[],"vehica_6661":[],"vehica_6662":[2483],"vehica_6663":[2107],"vehica_12974":[],"vehica_6666":[2323],"vehica_12770":[],"vehica_6670":[],"vehica_12723":[],"vehica_18854":[2480],"class_list":["post-599114","vehica_car","type-vehica_car","status-publish","hentry","vehica_6654-used","vehica_17481-car","vehica_6655-car","vehica_6659-ferrari","vehica_6660-488-spider","vehica_6662-automatic_gear","vehica_6663-petrol","vehica_6666-grey","vehica_18854-euro6"],"vehica_6656":{"vehica_currency_6656_2316":268900},"vehica_14696":"2018","vehica_6664":"9088","vehica_6665":"3902","vehica_6671":"","vehica_6673":["https:\/\/cf-motors.de\/wp-content\/uploads\/cars_pictures\/2409439_1.jpg","https:\/\/cf-motors.de\/wp-content\/uploads\/cars_pictures\/2409439_2.jpg","https:\/\/cf-motors.de\/wp-content\/uploads\/cars_pictures\/2409439_3.jpg","https:\/\/cf-motors.de\/wp-content\/uploads\/cars_pictures\/2409439_4.jpg","https:\/\/cf-motors.de\/wp-content\/uploads\/cars_pictures\/2409439_5.jpg","https:\/\/cf-motors.de\/wp-content\/uploads\/cars_pictures\/2409439_6.jpg","https:\/\/cf-motors.de\/wp-content\/uploads\/cars_pictures\/2409439_7.jpg","https:\/\/cf-motors.de\/wp-content\/uploads\/cars_pictures\/2409439_8.jpg","https:\/\/cf-motors.de\/wp-content\/uploads\/cars_pictures\/2409439_9.jpg","https:\/\/cf-motors.de\/wp-content\/uploads\/cars_pictures\/2409439_10.jpg","https:\/\/cf-motors.de\/wp-content\/uploads\/cars_pictures\/2409439_11.jpg","https:\/\/cf-motors.de\/wp-content\/uploads\/cars_pictures\/2409439_12.jpg","https:\/\/cf-motors.de\/wp-content\/uploads\/cars_pictures\/2409439_13.jpg","https:\/\/cf-motors.de\/wp-content\/uploads\/cars_pictures\/2409439_14.jpg","https:\/\/cf-motors.de\/wp-content\/uploads\/cars_pictures\/2409439_15.jpg","https:\/\/cf-motors.de\/wp-content\/uploads\/cars_pictures\/2409439_16.jpg","https:\/\/cf-motors.de\/wp-content\/uploads\/cars_pictures\/2409439_17.jpg","https:\/\/cf-motors.de\/wp-content\/uploads\/cars_pictures\/2409439_18.jpg","https:\/\/cf-motors.de\/wp-content\/uploads\/cars_pictures\/2409439_19.jpg"],"vehica_6674":{"embed":"","url":""},"vehica_16721":"","vehica_18845":"488Spider_grey","vehica_18846":"493 kW (670 PS)","vehica_18847":"","vehica_18848":"","vehica_18849":"","vehica_18850":"19","vehica_18851":"","vehica_18852":"","vehica_18853":"","vehica_18855":"04\/2018","vehica_18856":"2018","vehica_18857":"","vehica_18858":"","vehica_22348":"3","vehica_22990":"670","vehica_346997":"0","vehica_437603":"","vehica_439584":"","vehica_439585":";+;+;","vehica_439586":"","vehica_439587":"","vehica_439588":"","vehica_439589":"","vehica_449495":"","vehica_449496":"","vehica_449497":"","vehica_454484":"","vehica_454485":"","vehica_454486":"","vehica_454487":"","vehica_454488":"","vehica_472325":"","vehica_472326":"","vehica_472327":"","vehica_472328":"","vehica_472329":"","vehica_472330":"","vehica_472331":"","vehica_472332":"","vehica_472333":"","vehica_472366":"","vehica_597916":"","_links":{"self":[{"href":"https:\/\/cf-motors.de\/de\/wp-json\/wp\/v2\/cars\/599114","targetHints":{"allow":["GET"]}}],"collection":[{"href":"https:\/\/cf-motors.de\/de\/wp-json\/wp\/v2\/cars"}],"about":[{"href":"https:\/\/cf-motors.de\/de\/wp-json\/wp\/v2\/types\/vehica_car"}],"author":[{"embeddable":true,"href":"https:\/\/cf-motors.de\/de\/wp-json\/wp\/v2\/users\/95"}],"wp:attachment":[{"href":"https:\/\/cf-motors.de\/de\/wp-json\/wp\/v2\/media?parent=599114"}],"wp:term":[{"taxonomy":"vehica_6654","embeddable":true,"href":"https:\/\/cf-motors.de\/de\/wp-json\/wp\/v2\/vehica_6654?post=599114"},{"taxonomy":"vehica_17481","embeddable":true,"href":"https:\/\/cf-motors.de\/de\/wp-json\/wp\/v2\/vehica_17481?post=599114"},{"taxonomy":"vehica_6655","embeddable":true,"href":"https:\/\/cf-motors.de\/de\/wp-json\/wp\/v2\/vehica_6655?post=599114"},{"taxonomy":"vehica_6659","embeddable":true,"href":"https:\/\/cf-motors.de\/de\/wp-json\/wp\/v2\/vehica_6659?post=599114"},{"taxonomy":"vehica_6660","embeddable":true,"href":"https:\/\/cf-motors.de\/de\/wp-json\/wp\/v2\/vehica_6660?post=599114"},{"taxonomy":"vehica_6657","embeddable":true,"href":"https:\/\/cf-motors.de\/de\/wp-json\/wp\/v2\/vehica_6657?post=599114"},{"taxonomy":"vehica_6661","embeddable":true,"href":"https:\/\/cf-motors.de\/de\/wp-json\/wp\/v2\/vehica_6661?post=599114"},{"taxonomy":"vehica_6662","embeddable":true,"href":"https:\/\/cf-motors.de\/de\/wp-json\/wp\/v2\/vehica_6662?post=599114"},{"taxonomy":"vehica_6663","embeddable":true,"href":"https:\/\/cf-motors.de\/de\/wp-json\/wp\/v2\/vehica_6663?post=599114"},{"taxonomy":"vehica_12974","embeddable":true,"href":"https:\/\/cf-motors.de\/de\/wp-json\/wp\/v2\/vehica_12974?post=599114"},{"taxonomy":"vehica_6666","embeddable":true,"href":"https:\/\/cf-motors.de\/de\/wp-json\/wp\/v2\/vehica_6666?post=599114"},{"taxonomy":"vehica_12770","embeddable":true,"href":"https:\/\/cf-motors.de\/de\/wp-json\/wp\/v2\/vehica_12770?post=599114"},{"taxonomy":"vehica_6670","embeddable":true,"href":"https:\/\/cf-motors.de\/de\/wp-json\/wp\/v2\/vehica_6670?post=599114"},{"taxonomy":"vehica_12723","embeddable":true,"href":"https:\/\/cf-motors.de\/de\/wp-json\/wp\/v2\/vehica_12723?post=599114"},{"taxonomy":"vehica_18854","embeddable":true,"href":"https:\/\/cf-motors.de\/de\/wp-json\/wp\/v2\/vehica_18854?post=599114"}],"curies":[{"name":"wp","href":"https:\/\/api.w.org\/{rel}","templated":true}]}}

<p><strong>VIELEN DANK FÜR IHR INTERESSE AN EINEM UNSERER FAHRZEUGE</strong></p>
<hr/>
<p>Vielen Dank für Ihr Interesse an unserem top gepflegten Ferrari 488 Spider. Das Fahrzeug hat Power Garantie bis 02/2026 und ist scheckheftgepflegt. Bei weiteren Fragen stehen wir Ihnen gerne zur Verfügung!<br />Code &#8211; Option:<br />AFS1 &#8211; ADAPTIVE FRONTLIGHT SYSTEM<br />BIC2 &#8211; TWO TONE BODY PAINTING (NERO DS 1250)<br />CALY &#8211; YELLOW BRAKE CALLIPERS<br />CIDL &#8211; CARBON FIBRE DRIVER ZONE + LEDS<br />CILR &#8211; CARBON FIBRE CENTRAL BRIDGE<br />DAYT &#8211; DAYTONA STYLE SEATS<br />ELEV &#8211; SUSPENSION LIFTER<br />HELE &#8211; HIGH EMOTION LOW EMISSION<br />LOGO &#8211; SCUDERIA FERRARI SHIELDS<br />PAC3 &#8211; FRONT AND REAR PARKING CAMERAS<br />PAR2 &#8211; FRONT AND REAR PARKING SENSORS<br />RPMY &#8211; YELLOW REV. COUNTER<br />RSFE &#8211; FULL ELECTRIC SEATS<br />SNDH &#8211; PREMIUM HI-FI SYSTEM<br />STC1 &#8211; COLOURED STANDARD STITCHING O.R. BIANCO 2000</p>
<hr/>
<p><strong>Garantie &amp; Qualitätssiegel:</strong></p>
<ul>
<li>Gebrauchtwagengarantie</li>
</ul>
<p><strong class='title'>Assistenzsysteme:</strong></p>
<ul>
<li>Frontkamera</li>
<li>PDC (Einparkhilfe)</li>
<li>Rückfahrkamera</li>
</ul>
<p><strong class='title'>Licht:</strong></p>
<ul>
<li>LED (Teil)-Rückleuchten</li>
<li>LED Tagfahrlicht</li>
</ul>
<p><strong class='title'>Media &amp; Infotainment:</strong></p>
<ul>
<li>Navigation / Online Navigation</li>
<li>Soundsystem JBL</li>
<li>Telefonvorbereitung mit Bluetooth</li>
</ul>
<p><strong class='title'>Sicherheit &amp; Technik:</strong></p>
<ul>
<li>Carbon Ceramic Brake (CCB)</li>
<li>Lifting System</li>
</ul>
<p><strong class='title'>Komfort &amp; Klima:</strong></p>
<ul>
<li>elektrische Sitzverstellung Fahrer/Beifahrer</li>
<li>Klimaautomatik</li>
<li>Sitzdesign Daytona</li>
</ul>
<p><strong class='title'>Exterieur &amp; Design:</strong></p>
<ul>
<li>Bremssättel gelb</li>
<li>Scuderia Embleme</li>
</ul>
<p><strong class='title'>Interieur &amp; Design:</strong></p>
<ul>
<li>Applikationen Innenraum in Carbon</li>
<li>Beifahrer-Display</li>
<li>Cavallino rampante auf den Kopfstützen</li>
<li>Drehzahlmesser in Giallo</li>
<li>Kontrastnähte</li>
<li>lederbezogene Armaturentafel</li>
<li>Lederlenkrad mit Karbon und LEDs</li>
<li>vollautomatisches versenkbares Hardtop</li>
</ul>
<p><strong class='title'>Umwelt &amp; Laden:</strong></p>
<ul>
<li>E10 geeignet</li>
<li>EURO VI</li>
<li>Katalysator</li>
<li>Umweltplakette 4</li>
</ul>
<p><strong class='title'>Getriebe:</strong></p>
<ul>
<li>Doppelkupplungsgetriebe</li>
</ul>
<p><strong class='title'>Weitere Informationen:</strong></p>
<ul>
<li>Im Kundenauftrag</li>
<li>Scheckheft</li>
<li>unfallfrei</li>
</ul>
<p></p>
<hr/>
<p>Zwischenverkauf und Irrtümer vorbehalten. Die Fahrzeugbeschreibung dient ausschließlich der allgemeinen Identifikation des Fahrzeugs und stellt keine rechtsverbindliche Gewährleistung dar. Verbindlich sind nur die Vereinbarungen im Kaufvertrag und der Auftragsbestätigung. Bitte beachten Sie, dass bestimmte Sonderausstattungen zusätzliche Kosten verursachen können. Detaillierte Informationen zum Ausstattungsumfang erhalten Sie von unserem Verkaufspersonal.</p>
