{"id":598900,"date":"2026-04-28T06:00:41","date_gmt":"2026-04-28T06:00:41","guid":{"rendered":"http:\/\/cf-motors.de\/de\/listing\/ferrari-296-gts-lift-leds-jbl-cam\/"},"modified":"2026-04-28T06:00:42","modified_gmt":"2026-04-28T06:00:42","slug":"ferrari-296-gts-lift-leds-jbl-cam","status":"publish","type":"vehica_car","link":"https:\/\/cf-motors.de\/de\/listing\/ferrari-296-gts-lift-leds-jbl-cam\/","title":{"rendered":"FERRARI 296 GTS LIFT, LEDS, JBL, CAM"},"content":{"rendered":"<p><strong>VIELEN DANK F\u00dcR IHR INTERESSE AN EINEM UNSERER FAHRZEUGE<\/strong><\/p>\n<hr\/>\n<p>Wir freuen uns, Ihnen einen nagelneuen Ferrari 296 GTS mit tollen Extras pr\u00e4sentieren zu k\u00f6nnen. Bei weiteren Fragen stehen wir Ihnen gerne jederzeit zur Verf\u00fcgung!<br \/>EXTERIOR: NERO DS 1250<br \/>INTERIOR: NERO 8500<br \/>MATS: Black Leather And Black Alcantara<br \/>CODE\/OPTION:<br \/>ACPL &#8211; Apple Carplay<br \/>AFS1 &#8211; Adaptive Headlights System<br \/>ALCN &#8211; Alcantara Central Seats Trim<br \/>CALY &#8211; Giallo Modena Brake Callipers<br \/>CITZ &#8211; Carbon Fibre Upper Tunnel<br \/>CLDT &#8211; Extracampionario-not Standard (Leather Inner Details)<br \/>CLDX &#8211; Pelle Gialla 113266 (Special Leather Inner Details)<br \/>CSB1 &#8211; Cinture Giallo (Coloured Seat Belts)<br \/>ELEV &#8211; Front Suspension Lifter<br \/>EMPH &#8211; Filo Giallo 0113 &#8211; Yellow 0113 (Embroidered Prancing Horse On Headrests)<br \/>EXAB &#8211; Black Exhaust Pipes<br \/>LEDS &#8211; Glossy Carbon Fibre Steering Wheel + Paddles And LEDs<br \/>LOGO &#8211; Scuderia Ferrari Shields On Fenders<br \/>MIR3 &#8211; Exterior Electrochromic Rear View Mirrors<br \/>PAR2 &#8211; Front Parking Sensors<br \/>PAC1 &#8211; Rear Parking Camera<br \/>RSCH &#8211; Standard Carbon Fibre Racing Seats (XL)<br \/>RSES &#8211; Racing Seat Lifter<br \/>SNDH &#8211; Premium Hi-fi System<br \/>STC2 &#8211; Filo Speciale Giallo 0113 (Stitching Color Different Distance &amp; Thickness Than STC1)<br \/>WIRE &#8211; Smartphone Wireless Charger<\/p>\n<hr\/>\n<p><strong>Garantie &amp; Qualit\u00e4tssiegel:<\/strong><\/p>\n<ul>\n<li>Garantie<\/li>\n<\/ul>\n<p><strong class='title'>Assistenzsysteme:<\/strong><\/p>\n<ul>\n<li>Einparkhilfe hinten<\/li>\n<li>Einparkhilfe vorne<\/li>\n<li>R\u00fcckfahrkamera<\/li>\n<\/ul>\n<p><strong class='title'>Licht:<\/strong><\/p>\n<ul>\n<li>LED Scheinwerfer<\/li>\n<\/ul>\n<p><strong class='title'>Media &amp; Infotainment:<\/strong><\/p>\n<ul>\n<li>iPod\u00ae\/iPhone\u00ae\/Android Schnittstelle<\/li>\n<li>Soundsystem JBL<\/li>\n<\/ul>\n<p><strong class='title'>Sicherheit &amp; Technik:<\/strong><\/p>\n<ul>\n<li>Beifahrerairbag<\/li>\n<li>Carbon Ceramic Brake (CCB)<\/li>\n<li>Einstellbares Fahrdynamik-Set Up<\/li>\n<li>Fahrerairbag<\/li>\n<li>Lifting System<\/li>\n<li>Seitenairbags vorn<\/li>\n<\/ul>\n<p><strong class='title'>Komfort &amp; Klima:<\/strong><\/p>\n<ul>\n<li>elektrische Fensterheber<\/li>\n<li>Keyless Entry &amp; Drive<\/li>\n<li>Klimaautomatik<\/li>\n<\/ul>\n<p><strong class='title'>Reifen &amp; Felgen:<\/strong><\/p>\n<ul>\n<li>Alufelgen 20 Zoll<\/li>\n<\/ul>\n<p><strong class='title'>Exterieur &amp; Design:<\/strong><\/p>\n<ul>\n<li>Scuderia Embleme<\/li>\n<\/ul>\n<p><strong class='title'>Interieur &amp; Design:<\/strong><\/p>\n<ul>\n<li>Beifahrer-Display<\/li>\n<li>Lederlenkrad mit Karbon und LEDs<\/li>\n<\/ul>\n<p><strong class='title'>Umwelt &amp; Laden:<\/strong><\/p>\n<ul>\n<li>E10 geeignet<\/li>\n<li>EURO 6d<\/li>\n<li>Hochvoltbatterie<\/li>\n<li>Katalysator<\/li>\n<li>Umweltplakette 4<\/li>\n<\/ul>\n<p><strong class='title'>Getriebe:<\/strong><\/p>\n<ul>\n<li>Doppelkupplungsgetriebe<\/li>\n<\/ul>\n<p><strong class='title'>Weitere Informationen:<\/strong><\/p>\n<ul>\n<li>Im Kundenauftrag<\/li>\n<li>Scheckheft<\/li>\n<li>unfallfrei<\/li>\n<\/ul>\n<p><\/p>\n<hr\/>\n<p>Zwischenverkauf und Irrt\u00fcmer vorbehalten. Die Fahrzeugbeschreibung dient ausschlie\u00dflich der allgemeinen Identifikation des Fahrzeugs und stellt keine rechtsverbindliche Gew\u00e4hrleistung dar. Verbindlich sind nur die Vereinbarungen im Kaufvertrag und der Auftragsbest\u00e4tigung. Bitte beachten Sie, dass bestimmte Sonderausstattungen zus\u00e4tzliche Kosten verursachen k\u00f6nnen. Detaillierte Informationen zum Ausstattungsumfang erhalten Sie von unserem Verkaufspersonal.<\/p>\n","protected":false},"author":95,"featured_media":0,"template":"","vehica_6654":[2072],"vehica_17481":[2452],"vehica_6655":[2476],"vehica_6659":[2716],"vehica_6660":[2755],"vehica_6657":[],"vehica_6661":[],"vehica_6662":[2483],"vehica_6663":[2620],"vehica_12974":[],"vehica_6666":[2374],"vehica_12770":[],"vehica_6670":[],"vehica_12723":[],"vehica_18854":[2500],"class_list":["post-598900","vehica_car","type-vehica_car","status-publish","hentry","vehica_6654-new","vehica_17481-car","vehica_6655-car","vehica_6659-ferrari","vehica_6660-296-gts","vehica_6662-automatic_gear","vehica_6663-hybrid","vehica_6666-black","vehica_18854-euro6d"],"vehica_6656":{"vehica_currency_6656_2316":321300},"vehica_14696":"","vehica_6664":"99","vehica_6665":"2992","vehica_6671":"","vehica_6673":["https:\/\/cf-motors.de\/wp-content\/uploads\/cars_pictures\/2466135_1.jpg","https:\/\/cf-motors.de\/wp-content\/uploads\/cars_pictures\/2466135_2.jpg","https:\/\/cf-motors.de\/wp-content\/uploads\/cars_pictures\/2466135_3.jpg","https:\/\/cf-motors.de\/wp-content\/uploads\/cars_pictures\/2466135_4.jpg","https:\/\/cf-motors.de\/wp-content\/uploads\/cars_pictures\/2466135_5.jpg","https:\/\/cf-motors.de\/wp-content\/uploads\/cars_pictures\/2466135_6.jpg","https:\/\/cf-motors.de\/wp-content\/uploads\/cars_pictures\/2466135_7.jpg","https:\/\/cf-motors.de\/wp-content\/uploads\/cars_pictures\/2466135_8.jpg","https:\/\/cf-motors.de\/wp-content\/uploads\/cars_pictures\/2466135_9.jpg","https:\/\/cf-motors.de\/wp-content\/uploads\/cars_pictures\/2466135_10.jpg","https:\/\/cf-motors.de\/wp-content\/uploads\/cars_pictures\/2466135_11.jpg","https:\/\/cf-motors.de\/wp-content\/uploads\/cars_pictures\/2466135_12.jpg","https:\/\/cf-motors.de\/wp-content\/uploads\/cars_pictures\/2466135_13.jpg"],"vehica_6674":{"embed":"","url":""},"vehica_16721":"","vehica_18845":"296GTS_black_Okt25","vehica_18846":"610 kW (829 PS)","vehica_18847":"","vehica_18848":"","vehica_18849":"","vehica_18850":"19","vehica_18851":"","vehica_18852":"","vehica_18853":"","vehica_18855":"","vehica_18856":"","vehica_18857":"","vehica_18858":"","vehica_22348":"1","vehica_22990":"829","vehica_346997":"0","vehica_437603":"E","vehica_439584":"","vehica_439585":"50;1148+115;2639+190;4361","vehica_439586":"1.85","vehica_439587":"2023","vehica_439588":"","vehica_439589":"3053","vehica_449495":"153","vehica_449496":"11","vehica_449497":"","vehica_454484":"","vehica_454485":"","vehica_454486":"","vehica_454487":"","vehica_454488":"11","vehica_472325":"","vehica_472326":"","vehica_472327":"","vehica_472328":"153","vehica_472329":"E","vehica_472330":"","vehica_472331":"","vehica_472332":"","vehica_472333":"","vehica_472366":"","vehica_597916":"","_links":{"self":[{"href":"https:\/\/cf-motors.de\/de\/wp-json\/wp\/v2\/cars\/598900","targetHints":{"allow":["GET"]}}],"collection":[{"href":"https:\/\/cf-motors.de\/de\/wp-json\/wp\/v2\/cars"}],"about":[{"href":"https:\/\/cf-motors.de\/de\/wp-json\/wp\/v2\/types\/vehica_car"}],"author":[{"embeddable":true,"href":"https:\/\/cf-motors.de\/de\/wp-json\/wp\/v2\/users\/95"}],"wp:attachment":[{"href":"https:\/\/cf-motors.de\/de\/wp-json\/wp\/v2\/media?parent=598900"}],"wp:term":[{"taxonomy":"vehica_6654","embeddable":true,"href":"https:\/\/cf-motors.de\/de\/wp-json\/wp\/v2\/vehica_6654?post=598900"},{"taxonomy":"vehica_17481","embeddable":true,"href":"https:\/\/cf-motors.de\/de\/wp-json\/wp\/v2\/vehica_17481?post=598900"},{"taxonomy":"vehica_6655","embeddable":true,"href":"https:\/\/cf-motors.de\/de\/wp-json\/wp\/v2\/vehica_6655?post=598900"},{"taxonomy":"vehica_6659","embeddable":true,"href":"https:\/\/cf-motors.de\/de\/wp-json\/wp\/v2\/vehica_6659?post=598900"},{"taxonomy":"vehica_6660","embeddable":true,"href":"https:\/\/cf-motors.de\/de\/wp-json\/wp\/v2\/vehica_6660?post=598900"},{"taxonomy":"vehica_6657","embeddable":true,"href":"https:\/\/cf-motors.de\/de\/wp-json\/wp\/v2\/vehica_6657?post=598900"},{"taxonomy":"vehica_6661","embeddable":true,"href":"https:\/\/cf-motors.de\/de\/wp-json\/wp\/v2\/vehica_6661?post=598900"},{"taxonomy":"vehica_6662","embeddable":true,"href":"https:\/\/cf-motors.de\/de\/wp-json\/wp\/v2\/vehica_6662?post=598900"},{"taxonomy":"vehica_6663","embeddable":true,"href":"https:\/\/cf-motors.de\/de\/wp-json\/wp\/v2\/vehica_6663?post=598900"},{"taxonomy":"vehica_12974","embeddable":true,"href":"https:\/\/cf-motors.de\/de\/wp-json\/wp\/v2\/vehica_12974?post=598900"},{"taxonomy":"vehica_6666","embeddable":true,"href":"https:\/\/cf-motors.de\/de\/wp-json\/wp\/v2\/vehica_6666?post=598900"},{"taxonomy":"vehica_12770","embeddable":true,"href":"https:\/\/cf-motors.de\/de\/wp-json\/wp\/v2\/vehica_12770?post=598900"},{"taxonomy":"vehica_6670","embeddable":true,"href":"https:\/\/cf-motors.de\/de\/wp-json\/wp\/v2\/vehica_6670?post=598900"},{"taxonomy":"vehica_12723","embeddable":true,"href":"https:\/\/cf-motors.de\/de\/wp-json\/wp\/v2\/vehica_12723?post=598900"},{"taxonomy":"vehica_18854","embeddable":true,"href":"https:\/\/cf-motors.de\/de\/wp-json\/wp\/v2\/vehica_18854?post=598900"}],"curies":[{"name":"wp","href":"https:\/\/api.w.org\/{rel}","templated":true}]}}

<p><strong>VIELEN DANK FÜR IHR INTERESSE AN EINEM UNSERER FAHRZEUGE</strong></p>
<hr/>
<p>Wir freuen uns, Ihnen einen nagelneuen Ferrari 296 GTS mit tollen Extras präsentieren zu können. Bei weiteren Fragen stehen wir Ihnen gerne jederzeit zur Verfügung!<br />EXTERIOR: NERO DS 1250<br />INTERIOR: NERO 8500<br />MATS: Black Leather And Black Alcantara<br />CODE/OPTION:<br />ACPL &#8211; Apple Carplay<br />AFS1 &#8211; Adaptive Headlights System<br />ALCN &#8211; Alcantara Central Seats Trim<br />CALY &#8211; Giallo Modena Brake Callipers<br />CITZ &#8211; Carbon Fibre Upper Tunnel<br />CLDT &#8211; Extracampionario-not Standard (Leather Inner Details)<br />CLDX &#8211; Pelle Gialla 113266 (Special Leather Inner Details)<br />CSB1 &#8211; Cinture Giallo (Coloured Seat Belts)<br />ELEV &#8211; Front Suspension Lifter<br />EMPH &#8211; Filo Giallo 0113 &#8211; Yellow 0113 (Embroidered Prancing Horse On Headrests)<br />EXAB &#8211; Black Exhaust Pipes<br />LEDS &#8211; Glossy Carbon Fibre Steering Wheel + Paddles And LEDs<br />LOGO &#8211; Scuderia Ferrari Shields On Fenders<br />MIR3 &#8211; Exterior Electrochromic Rear View Mirrors<br />PAR2 &#8211; Front Parking Sensors<br />PAC1 &#8211; Rear Parking Camera<br />RSCH &#8211; Standard Carbon Fibre Racing Seats (XL)<br />RSES &#8211; Racing Seat Lifter<br />SNDH &#8211; Premium Hi-fi System<br />STC2 &#8211; Filo Speciale Giallo 0113 (Stitching Color Different Distance &amp; Thickness Than STC1)<br />WIRE &#8211; Smartphone Wireless Charger</p>
<hr/>
<p><strong>Garantie &amp; Qualitätssiegel:</strong></p>
<ul>
<li>Garantie</li>
</ul>
<p><strong class='title'>Assistenzsysteme:</strong></p>
<ul>
<li>Einparkhilfe hinten</li>
<li>Einparkhilfe vorne</li>
<li>Rückfahrkamera</li>
</ul>
<p><strong class='title'>Licht:</strong></p>
<ul>
<li>LED Scheinwerfer</li>
</ul>
<p><strong class='title'>Media &amp; Infotainment:</strong></p>
<ul>
<li>iPod®/iPhone®/Android Schnittstelle</li>
<li>Soundsystem JBL</li>
</ul>
<p><strong class='title'>Sicherheit &amp; Technik:</strong></p>
<ul>
<li>Beifahrerairbag</li>
<li>Carbon Ceramic Brake (CCB)</li>
<li>Einstellbares Fahrdynamik-Set Up</li>
<li>Fahrerairbag</li>
<li>Lifting System</li>
<li>Seitenairbags vorn</li>
</ul>
<p><strong class='title'>Komfort &amp; Klima:</strong></p>
<ul>
<li>elektrische Fensterheber</li>
<li>Keyless Entry &amp; Drive</li>
<li>Klimaautomatik</li>
</ul>
<p><strong class='title'>Reifen &amp; Felgen:</strong></p>
<ul>
<li>Alufelgen 20 Zoll</li>
</ul>
<p><strong class='title'>Exterieur &amp; Design:</strong></p>
<ul>
<li>Scuderia Embleme</li>
</ul>
<p><strong class='title'>Interieur &amp; Design:</strong></p>
<ul>
<li>Beifahrer-Display</li>
<li>Lederlenkrad mit Karbon und LEDs</li>
</ul>
<p><strong class='title'>Umwelt &amp; Laden:</strong></p>
<ul>
<li>E10 geeignet</li>
<li>EURO 6d</li>
<li>Hochvoltbatterie</li>
<li>Katalysator</li>
<li>Umweltplakette 4</li>
</ul>
<p><strong class='title'>Getriebe:</strong></p>
<ul>
<li>Doppelkupplungsgetriebe</li>
</ul>
<p><strong class='title'>Weitere Informationen:</strong></p>
<ul>
<li>Im Kundenauftrag</li>
<li>Scheckheft</li>
<li>unfallfrei</li>
</ul>
<p></p>
<hr/>
<p>Zwischenverkauf und Irrtümer vorbehalten. Die Fahrzeugbeschreibung dient ausschließlich der allgemeinen Identifikation des Fahrzeugs und stellt keine rechtsverbindliche Gewährleistung dar. Verbindlich sind nur die Vereinbarungen im Kaufvertrag und der Auftragsbestätigung. Bitte beachten Sie, dass bestimmte Sonderausstattungen zusätzliche Kosten verursachen können. Detaillierte Informationen zum Ausstattungsumfang erhalten Sie von unserem Verkaufspersonal.</p>
