{"id":598844,"date":"2026-05-01T06:00:21","date_gmt":"2026-05-01T06:00:21","guid":{"rendered":"http:\/\/cf-motors.de\/de\/listing\/ferrari-488-gtb\/"},"modified":"2026-05-01T06:00:22","modified_gmt":"2026-05-01T06:00:22","slug":"ferrari-488-gtb","status":"publish","type":"vehica_car","link":"https:\/\/cf-motors.de\/de\/listing\/ferrari-488-gtb\/","title":{"rendered":"FERRARI 488 GTB"},"content":{"rendered":"<p>##VIELEN DANK F\u00dcR IHR INTERESSE AN EINEM UNSERER FAHRZEUGE##<br \/>Exterior: Extra Range (Grigio Medio)<br \/>Interior: Tortora 130426<br \/>Mats: Grigio Scuro 751B<br \/><strong class='title'>Code\/Option:<\/strong><\/p>\n<ul>\n<li>AFS1 ADAPTIVE FRONTLIGHT SYSTEM<\/li>\n<li>ALCS ALCANTARA SEATS INNER TRIM (TORTORA ALCANTARA 2239)<\/li>\n<li>CALY YELLOW BRAKE CALLIPERS<\/li>\n<li>CHIP ANTI STONE CHIPPING FILM<\/li>\n<li>CIPZ CARBON FIBRE DOOR PANELS<\/li>\n<li>CISK EXTERIOR SILL KICK IN CARBON<\/li>\n<li>CITZ CARBON FIBRE UPPER TUNNEL TRIM<\/li>\n<li>CRPK CARBON FIBRE RACING PACKAGE<\/li>\n<li>CSB1 COLOURED SAFETY BELTS (YELLOW)<\/li>\n<li>CUPC CARBON FIBRE HUB CAPS<\/li>\n<li>DSH5 COLOURED UPPER DASHBOARD (CHARCOAL 4304)<\/li>\n<li>EMPH CAVALLINO STITCHED ON HEADREST (THREAD IN GIALLO 0113)<\/li>\n<li>EXA3 SPORT EXHAUST SYSTEM<\/li>\n<li>FLMA  COLOURED MATS WITH LOGO<\/li>\n<li>HELE HIGH EMOTION LOW EMISSION<\/li>\n<li>LERZ INNER COLOUR REAR LEATHER TRIM<\/li>\n<li>LOGO \u00b4SCUDERIA FERRARI\u00b4 SHIELDS<\/li>\n<li>MIR2 INT\/EXT ELECTROCHROMIC MIRRORS<\/li>\n<li>PAR2 FRONT AND REAR PARKING SENSORS<\/li>\n<li>PDIS PASSENGER DISPLAY<\/li>\n<li>PEXS SPORT SILL COVER<\/li>\n<li>RIFS  20&#8243; FORGED DARK PAINTED RIMS<\/li>\n<li>RPMY YELLOW REV. COUNTER<\/li>\n<li>RSCG GOLDBRAKE CARBON RACING SEATS (LARGE)<\/li>\n<li>SPEC SPECIAL EQUIPMENT<\/li>\n<li>STC1 COLOURED STANDARD STITCHING O.R. (THREAD IN GIALLO 0113)<\/li>\n<li>STW1 COLOURED STEERING WHEEL (CHARCOAL 4304<\/li>\n<li>ULEZ UPPER PART IN COLOURED LEATHER (CHARCOAL 4304)<\/li>\n<\/ul>\n<p><strong>VIELEN DANK F\u00dcR IHR INTERESSE AN EINEM UNSERER FAHRZEUGE<\/strong><\/p>\n<hr\/>\n<p><strong>Garantie &amp; Qualit\u00e4tssiegel:<\/strong><\/p>\n<ul>\n<li>Gebrauchtwagengarantie<\/li>\n<\/ul>\n<p><strong class='title'>Assistenzsysteme:<\/strong><\/p>\n<ul>\n<li>PDC (Einparkhilfe)<\/li>\n<\/ul>\n<p><strong class='title'>Sicherheit &amp; Technik:<\/strong><\/p>\n<ul>\n<li>Wegfahrsperre<\/li>\n<\/ul>\n<p><strong class='title'>Komfort &amp; Klima:<\/strong><\/p>\n<ul>\n<li>Racing Sitze<\/li>\n<\/ul>\n<p><strong class='title'>Exterieur &amp; Design:<\/strong><\/p>\n<ul>\n<li>Bremss\u00e4ttel gelb<\/li>\n<li>Scuderia Embleme<\/li>\n<\/ul>\n<p><strong class='title'>Interieur &amp; Design:<\/strong><\/p>\n<ul>\n<li>Applikationen Innenraum in Carbon<\/li>\n<li>Cavallino rampante auf den Kopfst\u00fctzen<\/li>\n<li>Drehzahlmesser in Giallo<\/li>\n<li>Einstiegsblenden aus Carbon<\/li>\n<li>Karbon Paket Cockpit<\/li>\n<li>Kontrastn\u00e4hte<\/li>\n<li>Lederlenkrad mit Karbon und LEDs<\/li>\n<\/ul>\n<p><strong class='title'>Umwelt &amp; Laden:<\/strong><\/p>\n<ul>\n<li>Effizienzklasse F<\/li>\n<li>EURO VI<\/li>\n<li>Umweltplakette 4<\/li>\n<\/ul>\n<p><strong class='title'>Getriebe:<\/strong><\/p>\n<ul>\n<li>Doppelkupplungsgetriebe<\/li>\n<\/ul>\n<p><strong class='title'>Weitere Informationen:<\/strong><\/p>\n<ul>\n<li>Im Kundenauftrag<\/li>\n<li>Scheckheft<\/li>\n<li>unfallfrei<\/li>\n<\/ul>\n<p><\/p>\n<hr\/>\n<p>Zwischenverkauf und Irrt\u00fcmer vorbehalten. Die Fahrzeugbeschreibung dient ausschlie\u00dflich der allgemeinen Identifikation des Fahrzeugs und stellt keine rechtsverbindliche Gew\u00e4hrleistung dar. Verbindlich sind nur die Vereinbarungen im Kaufvertrag und der Auftragsbest\u00e4tigung. Bitte beachten Sie, dass bestimmte Sonderausstattungen zus\u00e4tzliche Kosten verursachen k\u00f6nnen. Detaillierte Informationen zum Ausstattungsumfang erhalten Sie von unserem Verkaufspersonal.<\/p>\n","protected":false},"author":95,"featured_media":0,"template":"","vehica_6654":[2073],"vehica_17481":[2452],"vehica_6655":[2476],"vehica_6659":[2716],"vehica_6660":[2754],"vehica_6657":[],"vehica_6661":[],"vehica_6662":[2483],"vehica_6663":[2107],"vehica_12974":[],"vehica_6666":[2323],"vehica_12770":[],"vehica_6670":[2680],"vehica_12723":[],"vehica_18854":[2480],"class_list":["post-598844","vehica_car","type-vehica_car","status-publish","hentry","vehica_6654-used","vehica_17481-car","vehica_6655-car","vehica_6659-ferrari","vehica_6660-488-gtb","vehica_6662-automatic_gear","vehica_6663-petrol","vehica_6666-grey","vehica_6670-scuderia-emblemepdc-einparkhilfebremssaettel-gelbwegfahrsperregebrauchtwagengarantiekontrastnaehtekarbon-paket-cockpitunfallfreiracing-sitzescheckheftim-kundenauftrag","vehica_18854-euro6"],"vehica_6656":{"vehica_currency_6656_2316":232050},"vehica_14696":"2018","vehica_6664":"29300","vehica_6665":"3902","vehica_6671":"","vehica_6673":[],"vehica_6674":{"embed":"","url":""},"vehica_16721":"","vehica_18845":"488GTBgrey_Nov22","vehica_18846":"493 kW (670 PS)","vehica_18847":"260","vehica_18848":"","vehica_18849":"11.4","vehica_18850":"19","vehica_18851":"F","vehica_18852":"16","vehica_18853":"11","vehica_18855":"03\/2018","vehica_18856":"2018","vehica_18857":"","vehica_18858":"","vehica_22348":"3","vehica_22990":"670","vehica_346997":"0","vehica_437603":"","vehica_439584":"","vehica_439585":";+;+;","vehica_439586":"","vehica_439587":"","vehica_439588":"","vehica_439589":"","vehica_449495":"","vehica_449496":"","vehica_449497":"","vehica_454484":"","vehica_454485":"","vehica_454486":"","vehica_454487":"","vehica_454488":"","vehica_472325":"","vehica_472326":"","vehica_472327":"","vehica_472328":"","vehica_472329":"","vehica_472330":"","vehica_472331":"","vehica_472332":"","vehica_472333":"","vehica_472366":"","vehica_597916":"","_links":{"self":[{"href":"https:\/\/cf-motors.de\/de\/wp-json\/wp\/v2\/cars\/598844","targetHints":{"allow":["GET"]}}],"collection":[{"href":"https:\/\/cf-motors.de\/de\/wp-json\/wp\/v2\/cars"}],"about":[{"href":"https:\/\/cf-motors.de\/de\/wp-json\/wp\/v2\/types\/vehica_car"}],"author":[{"embeddable":true,"href":"https:\/\/cf-motors.de\/de\/wp-json\/wp\/v2\/users\/95"}],"wp:attachment":[{"href":"https:\/\/cf-motors.de\/de\/wp-json\/wp\/v2\/media?parent=598844"}],"wp:term":[{"taxonomy":"vehica_6654","embeddable":true,"href":"https:\/\/cf-motors.de\/de\/wp-json\/wp\/v2\/vehica_6654?post=598844"},{"taxonomy":"vehica_17481","embeddable":true,"href":"https:\/\/cf-motors.de\/de\/wp-json\/wp\/v2\/vehica_17481?post=598844"},{"taxonomy":"vehica_6655","embeddable":true,"href":"https:\/\/cf-motors.de\/de\/wp-json\/wp\/v2\/vehica_6655?post=598844"},{"taxonomy":"vehica_6659","embeddable":true,"href":"https:\/\/cf-motors.de\/de\/wp-json\/wp\/v2\/vehica_6659?post=598844"},{"taxonomy":"vehica_6660","embeddable":true,"href":"https:\/\/cf-motors.de\/de\/wp-json\/wp\/v2\/vehica_6660?post=598844"},{"taxonomy":"vehica_6657","embeddable":true,"href":"https:\/\/cf-motors.de\/de\/wp-json\/wp\/v2\/vehica_6657?post=598844"},{"taxonomy":"vehica_6661","embeddable":true,"href":"https:\/\/cf-motors.de\/de\/wp-json\/wp\/v2\/vehica_6661?post=598844"},{"taxonomy":"vehica_6662","embeddable":true,"href":"https:\/\/cf-motors.de\/de\/wp-json\/wp\/v2\/vehica_6662?post=598844"},{"taxonomy":"vehica_6663","embeddable":true,"href":"https:\/\/cf-motors.de\/de\/wp-json\/wp\/v2\/vehica_6663?post=598844"},{"taxonomy":"vehica_12974","embeddable":true,"href":"https:\/\/cf-motors.de\/de\/wp-json\/wp\/v2\/vehica_12974?post=598844"},{"taxonomy":"vehica_6666","embeddable":true,"href":"https:\/\/cf-motors.de\/de\/wp-json\/wp\/v2\/vehica_6666?post=598844"},{"taxonomy":"vehica_12770","embeddable":true,"href":"https:\/\/cf-motors.de\/de\/wp-json\/wp\/v2\/vehica_12770?post=598844"},{"taxonomy":"vehica_6670","embeddable":true,"href":"https:\/\/cf-motors.de\/de\/wp-json\/wp\/v2\/vehica_6670?post=598844"},{"taxonomy":"vehica_12723","embeddable":true,"href":"https:\/\/cf-motors.de\/de\/wp-json\/wp\/v2\/vehica_12723?post=598844"},{"taxonomy":"vehica_18854","embeddable":true,"href":"https:\/\/cf-motors.de\/de\/wp-json\/wp\/v2\/vehica_18854?post=598844"}],"curies":[{"name":"wp","href":"https:\/\/api.w.org\/{rel}","templated":true}]}}

<p>##VIELEN DANK FÜR IHR INTERESSE AN EINEM UNSERER FAHRZEUGE##<br />Exterior: Extra Range (Grigio Medio)<br />Interior: Tortora 130426<br />Mats: Grigio Scuro 751B<br /><strong class='title'>Code/Option:</strong></p>
<ul>
<li>AFS1 ADAPTIVE FRONTLIGHT SYSTEM</li>
<li>ALCS ALCANTARA SEATS INNER TRIM (TORTORA ALCANTARA 2239)</li>
<li>CALY YELLOW BRAKE CALLIPERS</li>
<li>CHIP ANTI STONE CHIPPING FILM</li>
<li>CIPZ CARBON FIBRE DOOR PANELS</li>
<li>CISK EXTERIOR SILL KICK IN CARBON</li>
<li>CITZ CARBON FIBRE UPPER TUNNEL TRIM</li>
<li>CRPK CARBON FIBRE RACING PACKAGE</li>
<li>CSB1 COLOURED SAFETY BELTS (YELLOW)</li>
<li>CUPC CARBON FIBRE HUB CAPS</li>
<li>DSH5 COLOURED UPPER DASHBOARD (CHARCOAL 4304)</li>
<li>EMPH CAVALLINO STITCHED ON HEADREST (THREAD IN GIALLO 0113)</li>
<li>EXA3 SPORT EXHAUST SYSTEM</li>
<li>FLMA  COLOURED MATS WITH LOGO</li>
<li>HELE HIGH EMOTION LOW EMISSION</li>
<li>LERZ INNER COLOUR REAR LEATHER TRIM</li>
<li>LOGO ´SCUDERIA FERRARI´ SHIELDS</li>
<li>MIR2 INT/EXT ELECTROCHROMIC MIRRORS</li>
<li>PAR2 FRONT AND REAR PARKING SENSORS</li>
<li>PDIS PASSENGER DISPLAY</li>
<li>PEXS SPORT SILL COVER</li>
<li>RIFS  20&#8243; FORGED DARK PAINTED RIMS</li>
<li>RPMY YELLOW REV. COUNTER</li>
<li>RSCG GOLDBRAKE CARBON RACING SEATS (LARGE)</li>
<li>SPEC SPECIAL EQUIPMENT</li>
<li>STC1 COLOURED STANDARD STITCHING O.R. (THREAD IN GIALLO 0113)</li>
<li>STW1 COLOURED STEERING WHEEL (CHARCOAL 4304</li>
<li>ULEZ UPPER PART IN COLOURED LEATHER (CHARCOAL 4304)</li>
</ul>
<p><strong>VIELEN DANK FÜR IHR INTERESSE AN EINEM UNSERER FAHRZEUGE</strong></p>
<hr/>
<p><strong>Garantie &amp; Qualitätssiegel:</strong></p>
<ul>
<li>Gebrauchtwagengarantie</li>
</ul>
<p><strong class='title'>Assistenzsysteme:</strong></p>
<ul>
<li>PDC (Einparkhilfe)</li>
</ul>
<p><strong class='title'>Sicherheit &amp; Technik:</strong></p>
<ul>
<li>Wegfahrsperre</li>
</ul>
<p><strong class='title'>Komfort &amp; Klima:</strong></p>
<ul>
<li>Racing Sitze</li>
</ul>
<p><strong class='title'>Exterieur &amp; Design:</strong></p>
<ul>
<li>Bremssättel gelb</li>
<li>Scuderia Embleme</li>
</ul>
<p><strong class='title'>Interieur &amp; Design:</strong></p>
<ul>
<li>Applikationen Innenraum in Carbon</li>
<li>Cavallino rampante auf den Kopfstützen</li>
<li>Drehzahlmesser in Giallo</li>
<li>Einstiegsblenden aus Carbon</li>
<li>Karbon Paket Cockpit</li>
<li>Kontrastnähte</li>
<li>Lederlenkrad mit Karbon und LEDs</li>
</ul>
<p><strong class='title'>Umwelt &amp; Laden:</strong></p>
<ul>
<li>Effizienzklasse F</li>
<li>EURO VI</li>
<li>Umweltplakette 4</li>
</ul>
<p><strong class='title'>Getriebe:</strong></p>
<ul>
<li>Doppelkupplungsgetriebe</li>
</ul>
<p><strong class='title'>Weitere Informationen:</strong></p>
<ul>
<li>Im Kundenauftrag</li>
<li>Scheckheft</li>
<li>unfallfrei</li>
</ul>
<p></p>
<hr/>
<p>Zwischenverkauf und Irrtümer vorbehalten. Die Fahrzeugbeschreibung dient ausschließlich der allgemeinen Identifikation des Fahrzeugs und stellt keine rechtsverbindliche Gewährleistung dar. Verbindlich sind nur die Vereinbarungen im Kaufvertrag und der Auftragsbestätigung. Bitte beachten Sie, dass bestimmte Sonderausstattungen zusätzliche Kosten verursachen können. Detaillierte Informationen zum Ausstattungsumfang erhalten Sie von unserem Verkaufspersonal.</p>
