{"id":598827,"date":"2026-04-28T06:00:44","date_gmt":"2026-04-28T06:00:44","guid":{"rendered":"http:\/\/cf-motors.de\/de\/listing\/ferrari-roma-leds-360-cam-pdis-jbl-special-color\/"},"modified":"2026-04-28T06:00:44","modified_gmt":"2026-04-28T06:00:44","slug":"ferrari-roma-leds-360-cam-pdis-jbl-special-color","status":"publish","type":"vehica_car","link":"https:\/\/cf-motors.de\/de\/listing\/ferrari-roma-leds-360-cam-pdis-jbl-special-color\/","title":{"rendered":"FERRARI Roma LEDS, 360 CAM, PDIS, JBL, SPECIAL COLOR"},"content":{"rendered":"<p>##VIELEN DANK F\u00dcR IHR INTERESSE AN EINEM UNSERER FAHRZEUGE##<br \/>Wir freuen uns, Ihnen einen wundersch\u00f6nen Ferrari Roma in der spektakul\u00e4ren Farbe Blu Elettrico mit gelben Details pr\u00e4sentieren zu d\u00fcrfen. Bei weiteren Fragen stehen wir Ihnen gerne jederzeit zur Verf\u00fcgung!<br \/><strong class='title'>Code\/Option:<\/strong><\/p>\n<ul>\n<li>ADAS &#8211; ADAS PULL PACK<\/li>\n<li>CALY &#8211; YELLOW BRAKE CALLIPERS<\/li>\n<li>CISK &#8211;  EXTERIOR SILL KICK IN CARBON<\/li>\n<li>CITZ &#8211; UPPER PART OF CENTRE CONSOLE IN CARBON FIBRE<\/li>\n<li>CLDT &#8211; COLOURED INNER DETAILS &#8211; EXTRARANGE<\/li>\n<li>CLDX &#8211; CLDT IN EXTRARANGE LEATHER &#8211; GIALLO 113266 LEATHER<\/li>\n<li>DATR &#8211; DASH INSERTS IN CARBON FIBRE<\/li>\n<li>DAYT &#8211; DAYTONA STYLE SEATS<\/li>\n<li>EMPH &#8211; CAVALLINO STITCHED ON HEADREST &#8211; GIALLO 0113<\/li>\n<li>EXAB &#8211; BLACK TAILPIPE TIPS<\/li>\n<li>FLMA &#8211; ADDITIONAL COLOURED MATS WITH LOGO<\/li>\n<li>LEDS &#8211; CARB. FIB. STEERING WHEEL + LEDS<\/li>\n<li>LOGO &#8211; SCUDERIA FERRARI SHIELDS<\/li>\n<li>MADM &#8211; MAGNERIDE DUAL MODE SUSPENSION<\/li>\n<li>PDIS &#8211; PASSENGER DISPLAY<\/li>\n<li>PIP1 &#8211; COLOUR ON REQUEST FOR PIPING &#8211; EXTRARANGE<\/li>\n<li>PIPS &#8211; PIPING ON SEAT SIDES &#8211; GIALLO 113266 LEATHER<\/li>\n<li>PNT0 &#8211; SPECIAL 2-LAYER COLOURS &#8211; BLU ELETTRICO<\/li>\n<li>PRG1 &#8211; PRIVACY REAR WINDOWS<\/li>\n<li>RSFD &#8211; DIAMOND-POLISHED FORGED WHEELS<\/li>\n<li>RSFV &#8211; VENTILATED FULL ELECTRIC SEATS<\/li>\n<li>SKPA &#8211; FOLDABLE REAR SEAT BACKRESTS<\/li>\n<li>SNDB &#8211; HIGH POWER HI-FI SYSTEM<\/li>\n<li>SPEC &#8211; SPECIAL EQUIPMENT<\/li>\n<li>STC1 &#8211; COLOURED STANDARD STITCHING O.R. &#8211; GIALLO 0113<\/li>\n<li>SURR &#8211; SURROUND VIEW<\/li>\n<li>WIRE &#8211; WIRELESS SMARTPHONE CHARGER<\/li>\n<li>XLED &#8211; ACTIVE MATRIX LED HEADLIGHTS<\/li>\n<\/ul>\n<p><strong>VIELEN DANK F\u00dcR IHR INTERESSE AN EINEM UNSERER FAHRZEUGE<\/strong><\/p>\n<hr\/>\n<p><strong>Garantie &amp; Qualit\u00e4tssiegel:<\/strong><\/p>\n<ul>\n<li>Garantie<\/li>\n<\/ul>\n<p><strong class='title'>Assistenzsysteme:<\/strong><\/p>\n<ul>\n<li>Einparkhilfe hinten<\/li>\n<li>Einparkhilfe vorne<\/li>\n<li>Lichtsensor<\/li>\n<li>R\u00fcckfahrkamera<\/li>\n<\/ul>\n<p><strong class='title'>Licht:<\/strong><\/p>\n<ul>\n<li>LED (Teil)-R\u00fcckleuchten<\/li>\n<li>LED Kennzeichenleuchte<\/li>\n<li>LED Tagfahrlicht<\/li>\n<li>Matrix LED Scheinwerfer<\/li>\n<\/ul>\n<p><strong class='title'>Media &amp; Infotainment:<\/strong><\/p>\n<ul>\n<li>Apple Car Play \/ Vorbereitung<\/li>\n<li>iPod\u00ae\/iPhone\u00ae\/Android Schnittstelle<\/li>\n<li>Navigation \/ Online Navigation<\/li>\n<li>Radio<\/li>\n<li>Soundsystem JBL<\/li>\n<li>Touchscreen-Display<\/li>\n<\/ul>\n<p><strong class='title'>Sicherheit &amp; Technik:<\/strong><\/p>\n<ul>\n<li>Antiblockiersystem (ABS)<\/li>\n<li>Antriebsschlupfregelung (ASR)<\/li>\n<li>Beifahrerairbag<\/li>\n<li>elektronisches Stabilit\u00e4ts Programm (ESP)<\/li>\n<li>Fahrerairbag<\/li>\n<li>Gurtanlegekontrolle<\/li>\n<li>Gurtkraftbegrenzer<\/li>\n<li>Seitenairbags vorn<\/li>\n<li>Seitenaufprallschutz<\/li>\n<li>Sicherheitsgurte mit Gurtstraffern<\/li>\n<li>Traktionskontrollsystem (TCS)<\/li>\n<li>Wegfahrsperre<\/li>\n<\/ul>\n<p><strong class='title'>Komfort &amp; Klima:<\/strong><\/p>\n<ul>\n<li>Bordcomputer<\/li>\n<li>Colorglas<\/li>\n<li>Drehzahlmesser<\/li>\n<li>elektrische Fensterheber<\/li>\n<li>elektrische Parkbremse<\/li>\n<li>elektrische Sitzverstellung Fahrer\/Beifahrer mit Fahrermemory<\/li>\n<li>Klimaautomatik<\/li>\n<li>Servolenkung<\/li>\n<li>Sitzheizung<\/li>\n<li>Spiegel elektrisch klappbar<\/li>\n<li>Sportsitz(e)<\/li>\n<\/ul>\n<p><strong class='title'>Reifen &amp; Felgen:<\/strong><\/p>\n<ul>\n<li>Alufelgen 20 Zoll<\/li>\n<li>Reifendruck-Kontrolle<\/li>\n<\/ul>\n<p><strong class='title'>Exterieur &amp; Design:<\/strong><\/p>\n<ul>\n<li>Bremss\u00e4ttel gelb<\/li>\n<\/ul>\n<p><strong class='title'>Interieur &amp; Design:<\/strong><\/p>\n<ul>\n<li>Beifahrer-Display<\/li>\n<li>Kontrastn\u00e4hte<\/li>\n<li>lederbezogene Armaturentafel<\/li>\n<li>lederbezogenes Oberteil der T\u00fcrverkleidung<\/li>\n<li>Multifunktionslenkrad<\/li>\n<li>Sportpedale Edelstahl<\/li>\n<li>virtuelle Instrumente<\/li>\n<\/ul>\n<p><strong class='title'>Gep\u00e4ck- \/ Ladehilfen:<\/strong><\/p>\n<ul>\n<li>Fernentriegelung f\u00fcr Gep\u00e4ckraumklappe<\/li>\n<\/ul>\n<p><strong class='title'>Umwelt &amp; Laden:<\/strong><\/p>\n<ul>\n<li>Effizienzklasse G<\/li>\n<li>EURO 6d<\/li>\n<li>Katalysator<\/li>\n<li>Start\/Stopp Automatic<\/li>\n<li>Umweltplakette 4<\/li>\n<\/ul>\n<p><strong class='title'>Getriebe:<\/strong><\/p>\n<ul>\n<li>Doppelkupplungsgetriebe<\/li>\n<\/ul>\n<p><strong class='title'>Weitere Informationen:<\/strong><\/p>\n<ul>\n<li>Im Kundenauftrag<\/li>\n<li>Scheckheft<\/li>\n<li>unfallfrei<\/li>\n<\/ul>\n<p><\/p>\n<hr\/>\n<p>Zwischenverkauf und Irrt\u00fcmer vorbehalten. Die Fahrzeugbeschreibung dient ausschlie\u00dflich der allgemeinen Identifikation des Fahrzeugs und stellt keine rechtsverbindliche Gew\u00e4hrleistung dar. Verbindlich sind nur die Vereinbarungen im Kaufvertrag und der Auftragsbest\u00e4tigung. Bitte beachten Sie, dass bestimmte Sonderausstattungen zus\u00e4tzliche Kosten verursachen k\u00f6nnen. Detaillierte Informationen zum Ausstattungsumfang erhalten Sie von unserem Verkaufspersonal.<\/p>\n","protected":false},"author":95,"featured_media":0,"template":"","vehica_6654":[2072],"vehica_17481":[2452],"vehica_6655":[2476],"vehica_6659":[2716],"vehica_6660":[2725],"vehica_6657":[],"vehica_6661":[],"vehica_6662":[2483],"vehica_6663":[2107],"vehica_12974":[],"vehica_6666":[2324],"vehica_12770":[],"vehica_6670":[],"vehica_12723":[],"vehica_18854":[2500],"class_list":["post-598827","vehica_car","type-vehica_car","status-publish","hentry","vehica_6654-new","vehica_17481-car","vehica_6655-car","vehica_6659-ferrari","vehica_6660-roma","vehica_6662-automatic_gear","vehica_6663-petrol","vehica_6666-blue","vehica_18854-euro6d"],"vehica_6656":{"vehica_currency_6656_2316":284410},"vehica_14696":"","vehica_6664":"0","vehica_6665":"3855","vehica_6671":"","vehica_6673":["https:\/\/cf-motors.de\/wp-content\/uploads\/cars_pictures\/2213185_1.jpg","https:\/\/cf-motors.de\/wp-content\/uploads\/cars_pictures\/2213185_2.jpg","https:\/\/cf-motors.de\/wp-content\/uploads\/cars_pictures\/2213185_3.jpg","https:\/\/cf-motors.de\/wp-content\/uploads\/cars_pictures\/2213185_4.jpg","https:\/\/cf-motors.de\/wp-content\/uploads\/cars_pictures\/2213185_5.jpg","https:\/\/cf-motors.de\/wp-content\/uploads\/cars_pictures\/2213185_6.jpg","https:\/\/cf-motors.de\/wp-content\/uploads\/cars_pictures\/2213185_7.jpg","https:\/\/cf-motors.de\/wp-content\/uploads\/cars_pictures\/2213185_8.jpg","https:\/\/cf-motors.de\/wp-content\/uploads\/cars_pictures\/2213185_9.jpg","https:\/\/cf-motors.de\/wp-content\/uploads\/cars_pictures\/2213185_10.jpg","https:\/\/cf-motors.de\/wp-content\/uploads\/cars_pictures\/2213185_11.jpg","https:\/\/cf-motors.de\/wp-content\/uploads\/cars_pictures\/2213185_12.jpg","https:\/\/cf-motors.de\/wp-content\/uploads\/cars_pictures\/2213185_13.jpg","https:\/\/cf-motors.de\/wp-content\/uploads\/cars_pictures\/2213185_14.jpg","https:\/\/cf-motors.de\/wp-content\/uploads\/cars_pictures\/2213185_15.jpg","https:\/\/cf-motors.de\/wp-content\/uploads\/cars_pictures\/2213185_16.jpg"],"vehica_6674":{"embed":"","url":""},"vehica_16721":"","vehica_18845":"Roma_Blue_Sep23","vehica_18846":"456 kW (620 PS)","vehica_18847":"234","vehica_18848":"","vehica_18849":"10.3","vehica_18850":"19","vehica_18851":"G","vehica_18852":"14.4","vehica_18853":"7.9","vehica_18855":"","vehica_18856":"","vehica_18857":"","vehica_18858":"","vehica_22348":"1","vehica_22990":"620","vehica_346997":"0","vehica_437603":"G","vehica_439584":"","vehica_439585":"50;1755+115;4037+190;6669","vehica_439586":"1.85","vehica_439587":"2023","vehica_439588":"494","vehica_439589":"2858","vehica_449495":"234","vehica_449496":"10.3","vehica_449497":"","vehica_454484":"","vehica_454485":"","vehica_454486":"","vehica_454487":"","vehica_454488":"10.3","vehica_472325":"","vehica_472326":"","vehica_472327":"","vehica_472328":"234","vehica_472329":"G","vehica_472330":"","vehica_472331":"","vehica_472332":"","vehica_472333":"","vehica_472366":"","vehica_597916":"","_links":{"self":[{"href":"https:\/\/cf-motors.de\/de\/wp-json\/wp\/v2\/cars\/598827","targetHints":{"allow":["GET"]}}],"collection":[{"href":"https:\/\/cf-motors.de\/de\/wp-json\/wp\/v2\/cars"}],"about":[{"href":"https:\/\/cf-motors.de\/de\/wp-json\/wp\/v2\/types\/vehica_car"}],"author":[{"embeddable":true,"href":"https:\/\/cf-motors.de\/de\/wp-json\/wp\/v2\/users\/95"}],"wp:attachment":[{"href":"https:\/\/cf-motors.de\/de\/wp-json\/wp\/v2\/media?parent=598827"}],"wp:term":[{"taxonomy":"vehica_6654","embeddable":true,"href":"https:\/\/cf-motors.de\/de\/wp-json\/wp\/v2\/vehica_6654?post=598827"},{"taxonomy":"vehica_17481","embeddable":true,"href":"https:\/\/cf-motors.de\/de\/wp-json\/wp\/v2\/vehica_17481?post=598827"},{"taxonomy":"vehica_6655","embeddable":true,"href":"https:\/\/cf-motors.de\/de\/wp-json\/wp\/v2\/vehica_6655?post=598827"},{"taxonomy":"vehica_6659","embeddable":true,"href":"https:\/\/cf-motors.de\/de\/wp-json\/wp\/v2\/vehica_6659?post=598827"},{"taxonomy":"vehica_6660","embeddable":true,"href":"https:\/\/cf-motors.de\/de\/wp-json\/wp\/v2\/vehica_6660?post=598827"},{"taxonomy":"vehica_6657","embeddable":true,"href":"https:\/\/cf-motors.de\/de\/wp-json\/wp\/v2\/vehica_6657?post=598827"},{"taxonomy":"vehica_6661","embeddable":true,"href":"https:\/\/cf-motors.de\/de\/wp-json\/wp\/v2\/vehica_6661?post=598827"},{"taxonomy":"vehica_6662","embeddable":true,"href":"https:\/\/cf-motors.de\/de\/wp-json\/wp\/v2\/vehica_6662?post=598827"},{"taxonomy":"vehica_6663","embeddable":true,"href":"https:\/\/cf-motors.de\/de\/wp-json\/wp\/v2\/vehica_6663?post=598827"},{"taxonomy":"vehica_12974","embeddable":true,"href":"https:\/\/cf-motors.de\/de\/wp-json\/wp\/v2\/vehica_12974?post=598827"},{"taxonomy":"vehica_6666","embeddable":true,"href":"https:\/\/cf-motors.de\/de\/wp-json\/wp\/v2\/vehica_6666?post=598827"},{"taxonomy":"vehica_12770","embeddable":true,"href":"https:\/\/cf-motors.de\/de\/wp-json\/wp\/v2\/vehica_12770?post=598827"},{"taxonomy":"vehica_6670","embeddable":true,"href":"https:\/\/cf-motors.de\/de\/wp-json\/wp\/v2\/vehica_6670?post=598827"},{"taxonomy":"vehica_12723","embeddable":true,"href":"https:\/\/cf-motors.de\/de\/wp-json\/wp\/v2\/vehica_12723?post=598827"},{"taxonomy":"vehica_18854","embeddable":true,"href":"https:\/\/cf-motors.de\/de\/wp-json\/wp\/v2\/vehica_18854?post=598827"}],"curies":[{"name":"wp","href":"https:\/\/api.w.org\/{rel}","templated":true}]}}

<p>##VIELEN DANK FÜR IHR INTERESSE AN EINEM UNSERER FAHRZEUGE##<br />Wir freuen uns, Ihnen einen wunderschönen Ferrari Roma in der spektakulären Farbe Blu Elettrico mit gelben Details präsentieren zu dürfen. Bei weiteren Fragen stehen wir Ihnen gerne jederzeit zur Verfügung!<br /><strong class='title'>Code/Option:</strong></p>
<ul>
<li>ADAS &#8211; ADAS PULL PACK</li>
<li>CALY &#8211; YELLOW BRAKE CALLIPERS</li>
<li>CISK &#8211;  EXTERIOR SILL KICK IN CARBON</li>
<li>CITZ &#8211; UPPER PART OF CENTRE CONSOLE IN CARBON FIBRE</li>
<li>CLDT &#8211; COLOURED INNER DETAILS &#8211; EXTRARANGE</li>
<li>CLDX &#8211; CLDT IN EXTRARANGE LEATHER &#8211; GIALLO 113266 LEATHER</li>
<li>DATR &#8211; DASH INSERTS IN CARBON FIBRE</li>
<li>DAYT &#8211; DAYTONA STYLE SEATS</li>
<li>EMPH &#8211; CAVALLINO STITCHED ON HEADREST &#8211; GIALLO 0113</li>
<li>EXAB &#8211; BLACK TAILPIPE TIPS</li>
<li>FLMA &#8211; ADDITIONAL COLOURED MATS WITH LOGO</li>
<li>LEDS &#8211; CARB. FIB. STEERING WHEEL + LEDS</li>
<li>LOGO &#8211; SCUDERIA FERRARI SHIELDS</li>
<li>MADM &#8211; MAGNERIDE DUAL MODE SUSPENSION</li>
<li>PDIS &#8211; PASSENGER DISPLAY</li>
<li>PIP1 &#8211; COLOUR ON REQUEST FOR PIPING &#8211; EXTRARANGE</li>
<li>PIPS &#8211; PIPING ON SEAT SIDES &#8211; GIALLO 113266 LEATHER</li>
<li>PNT0 &#8211; SPECIAL 2-LAYER COLOURS &#8211; BLU ELETTRICO</li>
<li>PRG1 &#8211; PRIVACY REAR WINDOWS</li>
<li>RSFD &#8211; DIAMOND-POLISHED FORGED WHEELS</li>
<li>RSFV &#8211; VENTILATED FULL ELECTRIC SEATS</li>
<li>SKPA &#8211; FOLDABLE REAR SEAT BACKRESTS</li>
<li>SNDB &#8211; HIGH POWER HI-FI SYSTEM</li>
<li>SPEC &#8211; SPECIAL EQUIPMENT</li>
<li>STC1 &#8211; COLOURED STANDARD STITCHING O.R. &#8211; GIALLO 0113</li>
<li>SURR &#8211; SURROUND VIEW</li>
<li>WIRE &#8211; WIRELESS SMARTPHONE CHARGER</li>
<li>XLED &#8211; ACTIVE MATRIX LED HEADLIGHTS</li>
</ul>
<p><strong>VIELEN DANK FÜR IHR INTERESSE AN EINEM UNSERER FAHRZEUGE</strong></p>
<hr/>
<p><strong>Garantie &amp; Qualitätssiegel:</strong></p>
<ul>
<li>Garantie</li>
</ul>
<p><strong class='title'>Assistenzsysteme:</strong></p>
<ul>
<li>Einparkhilfe hinten</li>
<li>Einparkhilfe vorne</li>
<li>Lichtsensor</li>
<li>Rückfahrkamera</li>
</ul>
<p><strong class='title'>Licht:</strong></p>
<ul>
<li>LED (Teil)-Rückleuchten</li>
<li>LED Kennzeichenleuchte</li>
<li>LED Tagfahrlicht</li>
<li>Matrix LED Scheinwerfer</li>
</ul>
<p><strong class='title'>Media &amp; Infotainment:</strong></p>
<ul>
<li>Apple Car Play / Vorbereitung</li>
<li>iPod®/iPhone®/Android Schnittstelle</li>
<li>Navigation / Online Navigation</li>
<li>Radio</li>
<li>Soundsystem JBL</li>
<li>Touchscreen-Display</li>
</ul>
<p><strong class='title'>Sicherheit &amp; Technik:</strong></p>
<ul>
<li>Antiblockiersystem (ABS)</li>
<li>Antriebsschlupfregelung (ASR)</li>
<li>Beifahrerairbag</li>
<li>elektronisches Stabilitäts Programm (ESP)</li>
<li>Fahrerairbag</li>
<li>Gurtanlegekontrolle</li>
<li>Gurtkraftbegrenzer</li>
<li>Seitenairbags vorn</li>
<li>Seitenaufprallschutz</li>
<li>Sicherheitsgurte mit Gurtstraffern</li>
<li>Traktionskontrollsystem (TCS)</li>
<li>Wegfahrsperre</li>
</ul>
<p><strong class='title'>Komfort &amp; Klima:</strong></p>
<ul>
<li>Bordcomputer</li>
<li>Colorglas</li>
<li>Drehzahlmesser</li>
<li>elektrische Fensterheber</li>
<li>elektrische Parkbremse</li>
<li>elektrische Sitzverstellung Fahrer/Beifahrer mit Fahrermemory</li>
<li>Klimaautomatik</li>
<li>Servolenkung</li>
<li>Sitzheizung</li>
<li>Spiegel elektrisch klappbar</li>
<li>Sportsitz(e)</li>
</ul>
<p><strong class='title'>Reifen &amp; Felgen:</strong></p>
<ul>
<li>Alufelgen 20 Zoll</li>
<li>Reifendruck-Kontrolle</li>
</ul>
<p><strong class='title'>Exterieur &amp; Design:</strong></p>
<ul>
<li>Bremssättel gelb</li>
</ul>
<p><strong class='title'>Interieur &amp; Design:</strong></p>
<ul>
<li>Beifahrer-Display</li>
<li>Kontrastnähte</li>
<li>lederbezogene Armaturentafel</li>
<li>lederbezogenes Oberteil der Türverkleidung</li>
<li>Multifunktionslenkrad</li>
<li>Sportpedale Edelstahl</li>
<li>virtuelle Instrumente</li>
</ul>
<p><strong class='title'>Gepäck- / Ladehilfen:</strong></p>
<ul>
<li>Fernentriegelung für Gepäckraumklappe</li>
</ul>
<p><strong class='title'>Umwelt &amp; Laden:</strong></p>
<ul>
<li>Effizienzklasse G</li>
<li>EURO 6d</li>
<li>Katalysator</li>
<li>Start/Stopp Automatic</li>
<li>Umweltplakette 4</li>
</ul>
<p><strong class='title'>Getriebe:</strong></p>
<ul>
<li>Doppelkupplungsgetriebe</li>
</ul>
<p><strong class='title'>Weitere Informationen:</strong></p>
<ul>
<li>Im Kundenauftrag</li>
<li>Scheckheft</li>
<li>unfallfrei</li>
</ul>
<p></p>
<hr/>
<p>Zwischenverkauf und Irrtümer vorbehalten. Die Fahrzeugbeschreibung dient ausschließlich der allgemeinen Identifikation des Fahrzeugs und stellt keine rechtsverbindliche Gewährleistung dar. Verbindlich sind nur die Vereinbarungen im Kaufvertrag und der Auftragsbestätigung. Bitte beachten Sie, dass bestimmte Sonderausstattungen zusätzliche Kosten verursachen können. Detaillierte Informationen zum Ausstattungsumfang erhalten Sie von unserem Verkaufspersonal.</p>
