{"id":598606,"date":"2026-04-27T05:00:18","date_gmt":"2026-04-27T05:00:18","guid":{"rendered":"http:\/\/cf-motors.de\/de\/listing\/mercedes-benz-sl-63-amg-performance-seats-carbon-full-option\/"},"modified":"2026-04-27T05:00:18","modified_gmt":"2026-04-27T05:00:18","slug":"mercedes-benz-sl-63-amg-performance-seats-carbon-full-option","status":"publish","type":"vehica_car","link":"https:\/\/cf-motors.de\/de\/listing\/mercedes-benz-sl-63-amg-performance-seats-carbon-full-option\/","title":{"rendered":"MERCEDES-BENZ SL 63 AMG PERFORMANCE SEATS, CARBON, FULL OPTION"},"content":{"rendered":"<p>##VIELEN DANK F\u00dcR IHR INTERESSE AN EINEM UNSERER FAHRZEUGE##<br \/>Wir freuen uns Ihnen diesen brandneuen (MY23) SL 63 AMG 4MATIC+ pr\u00e4sentieren zu d\u00fcrfen. Das Fahrzeug ist vollausgestattet. Bei weiteren Fragen und f\u00fcr die gesamte Ausstattungsliste stehen wir Ihnen gerne jederzeit zur Verf\u00fcgung!<br \/><strong class='title'>Auszug aus der umfangreichen Sonderausstattung:<\/strong><\/p>\n<ul>\n<li>3U0 AMG Hochleistungs-Verbundbremsanlage<\/li>\n<li>16U Apple CarPlay<\/li>\n<li>17U Android Auto<\/li>\n<li>34U Remote Services Premium<\/li>\n<li>77B MBUX Interieur-Assistent<\/li>\n<li>201 Hinterachslenkung<\/li>\n<li>233 DISTRONIC PLUS inkl. BAS PLUS und PRE-SAFE\u00ae Bremse<\/li>\n<li>235 Aktiver Park-Assistent<\/li>\n<li>243 Aktiver Spurhalte-Assistent<\/li>\n<li>256 AMG TRACK PACE<\/li>\n<li>266 Distronic Plus Querunterst\u00fctzung (DTR+Q)<\/li>\n<li>272 Ausweichunterst\u00fctzung<\/li>\n<li>275 Memory-Paket<\/li>\n<li>299 PRE-SAFE\u00ae System<\/li>\n<li>318 DIGITAL LIGHT mit Projektionsfunktion<\/li>\n<li>321 Fingerabdruck Scanner<\/li>\n<li>339 AMG Real Performance Sound<\/li>\n<li>355 Erweiterte Funktionen MBUX<\/li>\n<li>403 AIRSCARF<\/li>\n<li>421 AMG<\/li>\n<li>438 Head-up Display<\/li>\n<li>443 Lenkradheizung<\/li>\n<li>501 360\u00b0 -Kamera<\/li>\n<li>588 AMG Lichtinszenierung<\/li>\n<li>810 Burmester\u00ae Surround-Soundsystem<\/li>\n<li>873 Sitzheizung f\u00fcr Fahrer und Beifahrer<\/li>\n<li>874 MAGIC VISION CONTROL<\/li>\n<li>891 Ambientebeleuchtung<\/li>\n<li>B261 AMG Aerodynamik-Paket<\/li>\n<li>H73 AMG Zierelemente Carbon<\/li>\n<li>K32 Aktiver Spurwechsel-Assistent<\/li>\n<li>K33 Erweitertes automatisches Wiederanfahren im Stau<\/li>\n<li>K34 Streckenbasierte Geschwindigkeitsanpassung<\/li>\n<li>L6H AMG Performance Lenkrad in Carbon-Design \/ Mikrofaser MICROCUT<\/li>\n<li>P20 Fahrassistenz-Paket<\/li>\n<li>P60 AMG Night-Paket<\/li>\n<li>P71 AMG DYNAMIC PLUS Paket<\/li>\n<li>P82 GUARD 360\u00b0 Fahrzeugschutz Plus<\/li>\n<li>PAZ AMG Night-Paket II<\/li>\n<li>PBG MBUX Navigation Premium<\/li>\n<li>PBH Park-Paket mit Memory Park-Assistent<\/li>\n<li>PBP ENERGIZING Paket<\/li>\n<li>RWG 53,3 cm (21 &#8222;) AMG Leichtmetallr\u00e4der im Vielspeichen-Design<\/li>\n<li>U19 MBUX Augmented Reality f\u00fcr Navigation<\/li>\n<li>U45 AMG Einstiegsleisten mit &#8222;AMG&#8220; Schriftzug, beleuchtet<\/li>\n<li>U60 Fu\u00dfg\u00e4ngerschutz<\/li>\n<li>U88 AMG Lenkradtasten<\/li>\n<\/ul>\n<p><strong>VIELEN DANK F\u00dcR IHR INTERESSE AN EINEM UNSERER FAHRZEUGE<\/strong><\/p>\n<hr\/>\n<p><strong>Ausstattungspakete:<\/strong><\/p>\n<ul>\n<li>AMG Drivers Package<\/li>\n<li>Sportpaket<\/li>\n<\/ul>\n<p><strong class='title'>Garantie &amp; Qualit\u00e4tssiegel:<\/strong><\/p>\n<ul>\n<li>Garantie<\/li>\n<\/ul>\n<p><strong class='title'>Assistenzsysteme:<\/strong><\/p>\n<ul>\n<li>Abstandsregeltempomat (Distronic Plus)<\/li>\n<li>Fahrassistenz-Paket Plus<\/li>\n<li>Lenk-Assistent<\/li>\n<li>Park-Paket mit 360 Grad Kamera<\/li>\n<li>Spurassistent<\/li>\n<li>Totwinkel-Assistent<\/li>\n<\/ul>\n<p><strong class='title'>Licht:<\/strong><\/p>\n<ul>\n<li>LED (Teil)-R\u00fcckleuchten<\/li>\n<li>LED Intelligent Light System<\/li>\n<li>LED Scheinwerfer<\/li>\n<\/ul>\n<p><strong class='title'>Media &amp; Infotainment:<\/strong><\/p>\n<ul>\n<li>Apple Car Play \/ Vorbereitung<\/li>\n<li>Burmester Surround Soundsystem<\/li>\n<li>COMAND Online<\/li>\n<li>DAB Tuner<\/li>\n<li>Freisprecheinrichtung<\/li>\n<li>iPod\u00ae\/iPhone\u00ae\/Android Schnittstelle<\/li>\n<li>Navigation \/ Online Navigation<\/li>\n<\/ul>\n<p><strong class='title'>Sicherheit &amp; Technik:<\/strong><\/p>\n<ul>\n<li>Active Body Control (ABC)<\/li>\n<li>aktive Motorhaube<\/li>\n<li>aktiver Bremsassistent<\/li>\n<li>Alarmanlage<\/li>\n<li>AMG Sperrdifferenzial<\/li>\n<li>Bremsassistent PLUS \/ Notbremsassistent<\/li>\n<li>Crash-aktive NECK-PRO-Kopfst\u00fctzen vorn<\/li>\n<li>DYNAMIC SELECT Fahrmodusschalter<\/li>\n<li>Luftfederung<\/li>\n<li>Niveauregulierung<\/li>\n<li>PRE-SAFE<\/li>\n<li>Sportfahrwerk<\/li>\n<\/ul>\n<p><strong class='title'>Komfort &amp; Klima:<\/strong><\/p>\n<ul>\n<li>Airscarf (Kopfraumheizung)<\/li>\n<li>elektrische Parkbremse<\/li>\n<li>Innen-\/Aussenspiegel automatisch abblendend<\/li>\n<li>Keyless Go System \/ Keyless Drive<\/li>\n<li>Klimaautomatik<\/li>\n<li>Memory Paket<\/li>\n<li>Servoschliessung<\/li>\n<li>Sitzbel\u00fcftung<\/li>\n<li>Sitzheizung<\/li>\n<li>Sportsitz(e)<\/li>\n<li>Telematik\/Notrufsystem (Vorbereitung)<\/li>\n<\/ul>\n<p><strong class='title'>Reifen &amp; Felgen:<\/strong><\/p>\n<ul>\n<li>Alufelgen 20 Zoll<\/li>\n<li>Alufelgen 21 Zoll<\/li>\n<\/ul>\n<p><strong class='title'>Exterieur &amp; Design:<\/strong><\/p>\n<ul>\n<li>AMG SPEEDSHIFT PLUS<\/li>\n<li>AMG Styling<\/li>\n<\/ul>\n<p><strong class='title'>Interieur &amp; Design:<\/strong><\/p>\n<ul>\n<li>Ambientebeleuchtung<\/li>\n<li>AMG Performance Lenkrad<\/li>\n<li>beleuchtete Einstiegsleisten<\/li>\n<li>E-Verdeck<\/li>\n<li>Getr\u00e4nkehalter<\/li>\n<\/ul>\n<p><strong class='title'>Gep\u00e4ck- \/ Ladehilfen:<\/strong><\/p>\n<ul>\n<li>Fernentriegelung f\u00fcr Gep\u00e4ckraumklappe<\/li>\n<li>Gep\u00e4ckraumklappe mit automatischer \u00d6ffnung \/ Sensorsteuerung<\/li>\n<\/ul>\n<p><strong class='title'>Umwelt &amp; Laden:<\/strong><\/p>\n<ul>\n<li>Effizienzklasse F<\/li>\n<li>EURO VI<\/li>\n<li>Katalysator<\/li>\n<li>Umweltplakette 4<\/li>\n<\/ul>\n<p><strong class='title'>Getriebe:<\/strong><\/p>\n<ul>\n<li>7G-Tronic (Mercedes Benz)<\/li>\n<\/ul>\n<p><strong class='title'>Weitere Informationen:<\/strong><\/p>\n<ul>\n<li>Im Kundenauftrag<\/li>\n<li>Scheckheft<\/li>\n<li>unfallfrei<\/li>\n<\/ul>\n<p><\/p>\n<hr\/>\n<p>Zwischenverkauf und Irrt\u00fcmer vorbehalten. Die Fahrzeugbeschreibung dient ausschlie\u00dflich der allgemeinen Identifikation des Fahrzeugs und stellt keine rechtsverbindliche Gew\u00e4hrleistung dar. Verbindlich sind nur die Vereinbarungen im Kaufvertrag und der Auftragsbest\u00e4tigung. Bitte beachten Sie, dass bestimmte Sonderausstattungen zus\u00e4tzliche Kosten verursachen k\u00f6nnen. Detaillierte Informationen zum Ausstattungsumfang erhalten Sie von unserem Verkaufspersonal.<\/p>\n","protected":false},"author":95,"featured_media":0,"template":"","vehica_6654":[2072],"vehica_17481":[2452],"vehica_6655":[2476],"vehica_6659":[2720],"vehica_6660":[2743],"vehica_6657":[],"vehica_6661":[],"vehica_6662":[2483],"vehica_6663":[2107],"vehica_12974":[],"vehica_6666":[2374],"vehica_12770":[],"vehica_6670":[],"vehica_12723":[],"vehica_18854":[2480],"class_list":["post-598606","vehica_car","type-vehica_car","status-publish","hentry","vehica_6654-new","vehica_17481-car","vehica_6655-car","vehica_6659-mercedes-benz","vehica_6660-sl-63-amg","vehica_6662-automatic_gear","vehica_6663-petrol","vehica_6666-black","vehica_18854-euro6"],"vehica_6656":{"vehica_currency_6656_2316":166005},"vehica_14696":"","vehica_6664":"0","vehica_6665":"3982","vehica_6671":"","vehica_6673":["https:\/\/cf-motors.de\/wp-content\/uploads\/cars_pictures\/2206771_1.jpg","https:\/\/cf-motors.de\/wp-content\/uploads\/cars_pictures\/2206771_2.jpg","https:\/\/cf-motors.de\/wp-content\/uploads\/cars_pictures\/2206771_3.jpg","https:\/\/cf-motors.de\/wp-content\/uploads\/cars_pictures\/2206771_4.jpg","https:\/\/cf-motors.de\/wp-content\/uploads\/cars_pictures\/2206771_5.jpg","https:\/\/cf-motors.de\/wp-content\/uploads\/cars_pictures\/2206771_6.jpg","https:\/\/cf-motors.de\/wp-content\/uploads\/cars_pictures\/2206771_7.jpg","https:\/\/cf-motors.de\/wp-content\/uploads\/cars_pictures\/2206771_8.jpg","https:\/\/cf-motors.de\/wp-content\/uploads\/cars_pictures\/2206771_9.jpg","https:\/\/cf-motors.de\/wp-content\/uploads\/cars_pictures\/2206771_10.jpg","https:\/\/cf-motors.de\/wp-content\/uploads\/cars_pictures\/2206771_11.jpg","https:\/\/cf-motors.de\/wp-content\/uploads\/cars_pictures\/2206771_12.jpg","https:\/\/cf-motors.de\/wp-content\/uploads\/cars_pictures\/2206771_13.jpg","https:\/\/cf-motors.de\/wp-content\/uploads\/cars_pictures\/2206771_14.jpg","https:\/\/cf-motors.de\/wp-content\/uploads\/cars_pictures\/2206771_15.jpg","https:\/\/cf-motors.de\/wp-content\/uploads\/cars_pictures\/2206771_16.jpg","https:\/\/cf-motors.de\/wp-content\/uploads\/cars_pictures\/2206771_17.jpg","https:\/\/cf-motors.de\/wp-content\/uploads\/cars_pictures\/2206771_18.jpg","https:\/\/cf-motors.de\/wp-content\/uploads\/cars_pictures\/2206771_19.jpg","https:\/\/cf-motors.de\/wp-content\/uploads\/cars_pictures\/2206771_20.jpg","https:\/\/cf-motors.de\/wp-content\/uploads\/cars_pictures\/2206771_21.jpg","https:\/\/cf-motors.de\/wp-content\/uploads\/cars_pictures\/2206771_22.jpg","https:\/\/cf-motors.de\/wp-content\/uploads\/cars_pictures\/2206771_23.jpg","https:\/\/cf-motors.de\/wp-content\/uploads\/cars_pictures\/2206771_24.jpg"],"vehica_6674":{"embed":"","url":""},"vehica_16721":"","vehica_18845":"SL63_Black_Aug23","vehica_18846":"430 kW (585 PS)","vehica_18847":"235","vehica_18848":"","vehica_18849":"9.9","vehica_18850":"19","vehica_18851":"F","vehica_18852":"13.9","vehica_18853":"7.6","vehica_18855":"","vehica_18856":"","vehica_18857":"","vehica_18858":"","vehica_22348":"3","vehica_22990":"585","vehica_346997":"0","vehica_437603":"G","vehica_439584":"","vehica_439585":"50;2355+115;5417+190;8949","vehica_439586":"","vehica_439587":"2023","vehica_439588":"816","vehica_439589":"","vehica_449495":"314","vehica_449496":"13.5","vehica_449497":"","vehica_454484":"","vehica_454485":"","vehica_454486":"","vehica_454487":"","vehica_454488":"13.5","vehica_472325":"","vehica_472326":"","vehica_472327":"","vehica_472328":"314","vehica_472329":"G","vehica_472330":"","vehica_472331":"","vehica_472332":"","vehica_472333":"","vehica_472366":"","vehica_597916":"","_links":{"self":[{"href":"https:\/\/cf-motors.de\/de\/wp-json\/wp\/v2\/cars\/598606","targetHints":{"allow":["GET"]}}],"collection":[{"href":"https:\/\/cf-motors.de\/de\/wp-json\/wp\/v2\/cars"}],"about":[{"href":"https:\/\/cf-motors.de\/de\/wp-json\/wp\/v2\/types\/vehica_car"}],"author":[{"embeddable":true,"href":"https:\/\/cf-motors.de\/de\/wp-json\/wp\/v2\/users\/95"}],"wp:attachment":[{"href":"https:\/\/cf-motors.de\/de\/wp-json\/wp\/v2\/media?parent=598606"}],"wp:term":[{"taxonomy":"vehica_6654","embeddable":true,"href":"https:\/\/cf-motors.de\/de\/wp-json\/wp\/v2\/vehica_6654?post=598606"},{"taxonomy":"vehica_17481","embeddable":true,"href":"https:\/\/cf-motors.de\/de\/wp-json\/wp\/v2\/vehica_17481?post=598606"},{"taxonomy":"vehica_6655","embeddable":true,"href":"https:\/\/cf-motors.de\/de\/wp-json\/wp\/v2\/vehica_6655?post=598606"},{"taxonomy":"vehica_6659","embeddable":true,"href":"https:\/\/cf-motors.de\/de\/wp-json\/wp\/v2\/vehica_6659?post=598606"},{"taxonomy":"vehica_6660","embeddable":true,"href":"https:\/\/cf-motors.de\/de\/wp-json\/wp\/v2\/vehica_6660?post=598606"},{"taxonomy":"vehica_6657","embeddable":true,"href":"https:\/\/cf-motors.de\/de\/wp-json\/wp\/v2\/vehica_6657?post=598606"},{"taxonomy":"vehica_6661","embeddable":true,"href":"https:\/\/cf-motors.de\/de\/wp-json\/wp\/v2\/vehica_6661?post=598606"},{"taxonomy":"vehica_6662","embeddable":true,"href":"https:\/\/cf-motors.de\/de\/wp-json\/wp\/v2\/vehica_6662?post=598606"},{"taxonomy":"vehica_6663","embeddable":true,"href":"https:\/\/cf-motors.de\/de\/wp-json\/wp\/v2\/vehica_6663?post=598606"},{"taxonomy":"vehica_12974","embeddable":true,"href":"https:\/\/cf-motors.de\/de\/wp-json\/wp\/v2\/vehica_12974?post=598606"},{"taxonomy":"vehica_6666","embeddable":true,"href":"https:\/\/cf-motors.de\/de\/wp-json\/wp\/v2\/vehica_6666?post=598606"},{"taxonomy":"vehica_12770","embeddable":true,"href":"https:\/\/cf-motors.de\/de\/wp-json\/wp\/v2\/vehica_12770?post=598606"},{"taxonomy":"vehica_6670","embeddable":true,"href":"https:\/\/cf-motors.de\/de\/wp-json\/wp\/v2\/vehica_6670?post=598606"},{"taxonomy":"vehica_12723","embeddable":true,"href":"https:\/\/cf-motors.de\/de\/wp-json\/wp\/v2\/vehica_12723?post=598606"},{"taxonomy":"vehica_18854","embeddable":true,"href":"https:\/\/cf-motors.de\/de\/wp-json\/wp\/v2\/vehica_18854?post=598606"}],"curies":[{"name":"wp","href":"https:\/\/api.w.org\/{rel}","templated":true}]}}

<p>##VIELEN DANK FÜR IHR INTERESSE AN EINEM UNSERER FAHRZEUGE##<br />Wir freuen uns Ihnen diesen brandneuen (MY23) SL 63 AMG 4MATIC+ präsentieren zu dürfen. Das Fahrzeug ist vollausgestattet. Bei weiteren Fragen und für die gesamte Ausstattungsliste stehen wir Ihnen gerne jederzeit zur Verfügung!<br /><strong class='title'>Auszug aus der umfangreichen Sonderausstattung:</strong></p>
<ul>
<li>3U0 AMG Hochleistungs-Verbundbremsanlage</li>
<li>16U Apple CarPlay</li>
<li>17U Android Auto</li>
<li>34U Remote Services Premium</li>
<li>77B MBUX Interieur-Assistent</li>
<li>201 Hinterachslenkung</li>
<li>233 DISTRONIC PLUS inkl. BAS PLUS und PRE-SAFE® Bremse</li>
<li>235 Aktiver Park-Assistent</li>
<li>243 Aktiver Spurhalte-Assistent</li>
<li>256 AMG TRACK PACE</li>
<li>266 Distronic Plus Querunterstützung (DTR+Q)</li>
<li>272 Ausweichunterstützung</li>
<li>275 Memory-Paket</li>
<li>299 PRE-SAFE® System</li>
<li>318 DIGITAL LIGHT mit Projektionsfunktion</li>
<li>321 Fingerabdruck Scanner</li>
<li>339 AMG Real Performance Sound</li>
<li>355 Erweiterte Funktionen MBUX</li>
<li>403 AIRSCARF</li>
<li>421 AMG</li>
<li>438 Head-up Display</li>
<li>443 Lenkradheizung</li>
<li>501 360° -Kamera</li>
<li>588 AMG Lichtinszenierung</li>
<li>810 Burmester® Surround-Soundsystem</li>
<li>873 Sitzheizung für Fahrer und Beifahrer</li>
<li>874 MAGIC VISION CONTROL</li>
<li>891 Ambientebeleuchtung</li>
<li>B261 AMG Aerodynamik-Paket</li>
<li>H73 AMG Zierelemente Carbon</li>
<li>K32 Aktiver Spurwechsel-Assistent</li>
<li>K33 Erweitertes automatisches Wiederanfahren im Stau</li>
<li>K34 Streckenbasierte Geschwindigkeitsanpassung</li>
<li>L6H AMG Performance Lenkrad in Carbon-Design / Mikrofaser MICROCUT</li>
<li>P20 Fahrassistenz-Paket</li>
<li>P60 AMG Night-Paket</li>
<li>P71 AMG DYNAMIC PLUS Paket</li>
<li>P82 GUARD 360° Fahrzeugschutz Plus</li>
<li>PAZ AMG Night-Paket II</li>
<li>PBG MBUX Navigation Premium</li>
<li>PBH Park-Paket mit Memory Park-Assistent</li>
<li>PBP ENERGIZING Paket</li>
<li>RWG 53,3 cm (21 &#8222;) AMG Leichtmetallräder im Vielspeichen-Design</li>
<li>U19 MBUX Augmented Reality für Navigation</li>
<li>U45 AMG Einstiegsleisten mit &#8222;AMG&#8220; Schriftzug, beleuchtet</li>
<li>U60 Fußgängerschutz</li>
<li>U88 AMG Lenkradtasten</li>
</ul>
<p><strong>VIELEN DANK FÜR IHR INTERESSE AN EINEM UNSERER FAHRZEUGE</strong></p>
<hr/>
<p><strong>Ausstattungspakete:</strong></p>
<ul>
<li>AMG Drivers Package</li>
<li>Sportpaket</li>
</ul>
<p><strong class='title'>Garantie &amp; Qualitätssiegel:</strong></p>
<ul>
<li>Garantie</li>
</ul>
<p><strong class='title'>Assistenzsysteme:</strong></p>
<ul>
<li>Abstandsregeltempomat (Distronic Plus)</li>
<li>Fahrassistenz-Paket Plus</li>
<li>Lenk-Assistent</li>
<li>Park-Paket mit 360 Grad Kamera</li>
<li>Spurassistent</li>
<li>Totwinkel-Assistent</li>
</ul>
<p><strong class='title'>Licht:</strong></p>
<ul>
<li>LED (Teil)-Rückleuchten</li>
<li>LED Intelligent Light System</li>
<li>LED Scheinwerfer</li>
</ul>
<p><strong class='title'>Media &amp; Infotainment:</strong></p>
<ul>
<li>Apple Car Play / Vorbereitung</li>
<li>Burmester Surround Soundsystem</li>
<li>COMAND Online</li>
<li>DAB Tuner</li>
<li>Freisprecheinrichtung</li>
<li>iPod®/iPhone®/Android Schnittstelle</li>
<li>Navigation / Online Navigation</li>
</ul>
<p><strong class='title'>Sicherheit &amp; Technik:</strong></p>
<ul>
<li>Active Body Control (ABC)</li>
<li>aktive Motorhaube</li>
<li>aktiver Bremsassistent</li>
<li>Alarmanlage</li>
<li>AMG Sperrdifferenzial</li>
<li>Bremsassistent PLUS / Notbremsassistent</li>
<li>Crash-aktive NECK-PRO-Kopfstützen vorn</li>
<li>DYNAMIC SELECT Fahrmodusschalter</li>
<li>Luftfederung</li>
<li>Niveauregulierung</li>
<li>PRE-SAFE</li>
<li>Sportfahrwerk</li>
</ul>
<p><strong class='title'>Komfort &amp; Klima:</strong></p>
<ul>
<li>Airscarf (Kopfraumheizung)</li>
<li>elektrische Parkbremse</li>
<li>Innen-/Aussenspiegel automatisch abblendend</li>
<li>Keyless Go System / Keyless Drive</li>
<li>Klimaautomatik</li>
<li>Memory Paket</li>
<li>Servoschliessung</li>
<li>Sitzbelüftung</li>
<li>Sitzheizung</li>
<li>Sportsitz(e)</li>
<li>Telematik/Notrufsystem (Vorbereitung)</li>
</ul>
<p><strong class='title'>Reifen &amp; Felgen:</strong></p>
<ul>
<li>Alufelgen 20 Zoll</li>
<li>Alufelgen 21 Zoll</li>
</ul>
<p><strong class='title'>Exterieur &amp; Design:</strong></p>
<ul>
<li>AMG SPEEDSHIFT PLUS</li>
<li>AMG Styling</li>
</ul>
<p><strong class='title'>Interieur &amp; Design:</strong></p>
<ul>
<li>Ambientebeleuchtung</li>
<li>AMG Performance Lenkrad</li>
<li>beleuchtete Einstiegsleisten</li>
<li>E-Verdeck</li>
<li>Getränkehalter</li>
</ul>
<p><strong class='title'>Gepäck- / Ladehilfen:</strong></p>
<ul>
<li>Fernentriegelung für Gepäckraumklappe</li>
<li>Gepäckraumklappe mit automatischer Öffnung / Sensorsteuerung</li>
</ul>
<p><strong class='title'>Umwelt &amp; Laden:</strong></p>
<ul>
<li>Effizienzklasse F</li>
<li>EURO VI</li>
<li>Katalysator</li>
<li>Umweltplakette 4</li>
</ul>
<p><strong class='title'>Getriebe:</strong></p>
<ul>
<li>7G-Tronic (Mercedes Benz)</li>
</ul>
<p><strong class='title'>Weitere Informationen:</strong></p>
<ul>
<li>Im Kundenauftrag</li>
<li>Scheckheft</li>
<li>unfallfrei</li>
</ul>
<p></p>
<hr/>
<p>Zwischenverkauf und Irrtümer vorbehalten. Die Fahrzeugbeschreibung dient ausschließlich der allgemeinen Identifikation des Fahrzeugs und stellt keine rechtsverbindliche Gewährleistung dar. Verbindlich sind nur die Vereinbarungen im Kaufvertrag und der Auftragsbestätigung. Bitte beachten Sie, dass bestimmte Sonderausstattungen zusätzliche Kosten verursachen können. Detaillierte Informationen zum Ausstattungsumfang erhalten Sie von unserem Verkaufspersonal.</p>
