{"id":598192,"date":"2026-05-02T07:00:15","date_gmt":"2026-05-02T07:00:15","guid":{"rendered":"http:\/\/cf-motors.de\/de\/listing\/ferrari-roma-jbl-360-pdis-leds-daytona\/"},"modified":"2026-05-02T07:00:15","modified_gmt":"2026-05-02T07:00:15","slug":"ferrari-roma-jbl-360-pdis-leds-daytona","status":"publish","type":"vehica_car","link":"https:\/\/cf-motors.de\/de\/listing\/ferrari-roma-jbl-360-pdis-leds-daytona\/","title":{"rendered":"FERRARI Roma JBL, 360, PDIS, LEDS, DAYTONA"},"content":{"rendered":"<p>##VIELEN DANK F\u00dcR IHR INTERESSE AN EINEM UNSERER FAHRZEUGE##<br \/>Wir freuen uns, Ihnen einen wundersch\u00f6nen Ferrari Roma im Neuwagenzustand pr\u00e4sentieren zu d\u00fcrfen. Bei Fragen stehen wir Ihnen gerne jederzeit zur Verf\u00fcgung!<br \/>Exterieur: Nero Daytona<br \/>Interieur: Nero<br \/><strong class='title'>Code\/Option:<\/strong><\/p>\n<ul>\n<li>ACPL Apple CarPlay<\/li>\n<li>BRAD Toterwinkelassistent<\/li>\n<li>CALY Bremss\u00e4ttel in giallo modena<\/li>\n<li>CLDT Streifen auf Sitzen in Farbe: Giallo<\/li>\n<li>CLDX Streifen auf Sitz &amp; Armaturenbrett in Farbe: Giallo<\/li>\n<li>CSB1 Sicherheitsgurte in Farbe: Giallo<\/li>\n<li>DAYT Lederpolsterung in Daytona-Steppung<\/li>\n<li>EMPH Cavallino-Rampante auf den Kopfst\u00fctzen in Farbe: Giallo<\/li>\n<li>EXAB Sportabgasanlage in matt schwarz Keramik (Blende)<\/li>\n<li>FCAM Frontkamera mit Verkehrszeichenerkennung<\/li>\n<li>FLMA Fu\u00dfmatten mit gesticktem Schriftzug<\/li>\n<li>LEDS Lenkrad mit Carbon und LEDS<\/li>\n<li>LOGO Scuderia Ferrari Embleme<\/li>\n<li>MADM Magneride Dual-Mode-Suspension<\/li>\n<li>MIR3 Au\u00dfenspiegel (selbstabblendend)<\/li>\n<li>PDIS Display Beifahrerseite<\/li>\n<li>PLAL Fu\u00dfablage (Fu\u00dfraum) in aluminium<\/li>\n<li>RSFD 20&#8243; geschmiedete Felge in diamant cut grigio<\/li>\n<li>RSFV Vollelektrisch verstellbare Sitze bel\u00fcftet<\/li>\n<li>SNDB Premium Hi-Fi System<\/li>\n<li>STC2 N\u00e4hte (verst\u00e4rkt) in Farbe: Giallo<\/li>\n<li>SURR 360\u00b0 Kamera (Surround View)<\/li>\n<li>XLED Aktiv-Matrix-LED-Scheinwerfer<\/li>\n<\/ul>\n<p><strong>VIELEN DANK F\u00dcR IHR INTERESSE AN EINEM UNSERER FAHRZEUGE<\/strong><\/p>\n<hr\/>\n<p><strong>Garantie &amp; Qualit\u00e4tssiegel:<\/strong><\/p>\n<ul>\n<li>Gebrauchtwagengarantie<\/li>\n<\/ul>\n<p><strong class='title'>Assistenzsysteme:<\/strong><\/p>\n<ul>\n<li>360-Grad-Kamera<\/li>\n<li>Einparkhilfe hinten<\/li>\n<li>Einparkhilfe vorne<\/li>\n<li>Frontkamera<\/li>\n<li>R\u00fcckfahrkamera<\/li>\n<li>Totwinkel-Assistent<\/li>\n<\/ul>\n<p><strong class='title'>Licht:<\/strong><\/p>\n<ul>\n<li>LED Scheinwerfer<\/li>\n<li>LED Tagfahrlicht<\/li>\n<li>Matrix LED Scheinwerfer<\/li>\n<\/ul>\n<p><strong class='title'>Media &amp; Infotainment:<\/strong><\/p>\n<ul>\n<li>Apple Car Play \/ Vorbereitung<\/li>\n<li>Bluetooth Schnittstelle<\/li>\n<li>iPod\u00ae\/iPhone\u00ae\/Android Schnittstelle<\/li>\n<li>Soundsystem JBL<\/li>\n<li>Touchscreen-Display<\/li>\n<\/ul>\n<p><strong class='title'>Komfort &amp; Klima:<\/strong><\/p>\n<ul>\n<li>elektrische Fensterheber<\/li>\n<li>elektrische Sitzverstellung Fahrer\/Beifahrer mit Fahrermemory<\/li>\n<li>Klimaautomatik<\/li>\n<li>Sitzheizung<\/li>\n<li>Sportsitz(e)<\/li>\n<\/ul>\n<p><strong class='title'>Reifen &amp; Felgen:<\/strong><\/p>\n<ul>\n<li>Alufelgen 20 Zoll<\/li>\n<\/ul>\n<p><strong class='title'>Exterieur &amp; Design:<\/strong><\/p>\n<ul>\n<li>Bremss\u00e4ttel gelb<\/li>\n<\/ul>\n<p><strong class='title'>Interieur &amp; Design:<\/strong><\/p>\n<ul>\n<li>Beifahrer-Display<\/li>\n<li>Getr\u00e4nkehalter<\/li>\n<li>Kontrastn\u00e4hte<\/li>\n<li>Schaltwippen am Lenkrad<\/li>\n<li>Sportpedale Edelstahl<\/li>\n<li>virtuelle Instrumente<\/li>\n<\/ul>\n<p><strong class='title'>Umwelt &amp; Laden:<\/strong><\/p>\n<ul>\n<li>Effizienzklasse G<\/li>\n<li>EURO 6d<\/li>\n<li>Umweltplakette 4<\/li>\n<\/ul>\n<p><strong class='title'>Getriebe:<\/strong><\/p>\n<ul>\n<li>Doppelkupplungsgetriebe<\/li>\n<\/ul>\n<p><strong class='title'>Weitere Informationen:<\/strong><\/p>\n<ul>\n<li>Scheckheft<\/li>\n<li>unfallfrei<\/li>\n<\/ul>\n<p><\/p>\n<hr\/>\n<p>Zwischenverkauf und Irrt\u00fcmer vorbehalten. Die Fahrzeugbeschreibung dient ausschlie\u00dflich der allgemeinen Identifikation des Fahrzeugs und stellt keine rechtsverbindliche Gew\u00e4hrleistung dar. Verbindlich sind nur die Vereinbarungen im Kaufvertrag und der Auftragsbest\u00e4tigung. Bitte beachten Sie, dass bestimmte Sonderausstattungen zus\u00e4tzliche Kosten verursachen k\u00f6nnen. Detaillierte Informationen zum Ausstattungsumfang erhalten Sie von unserem Verkaufspersonal.<\/p>\n","protected":false},"author":95,"featured_media":0,"template":"","vehica_6654":[2073],"vehica_17481":[2452],"vehica_6655":[2476],"vehica_6659":[2716],"vehica_6660":[2725],"vehica_6657":[],"vehica_6661":[],"vehica_6662":[2483],"vehica_6663":[2107],"vehica_12974":[],"vehica_6666":[2374],"vehica_12770":[],"vehica_6670":[],"vehica_12723":[],"vehica_18854":[2500],"class_list":["post-598192","vehica_car","type-vehica_car","status-publish","hentry","vehica_6654-used","vehica_17481-car","vehica_6655-car","vehica_6659-ferrari","vehica_6660-roma","vehica_6662-automatic_gear","vehica_6663-petrol","vehica_6666-black","vehica_18854-euro6d"],"vehica_6656":{"vehica_currency_6656_2316":258825},"vehica_14696":"2022","vehica_6664":"800","vehica_6665":"3855","vehica_6671":"","vehica_6673":["https:\/\/cf-motors.de\/wp-content\/uploads\/cars_pictures\/2169071_1.jpg","https:\/\/cf-motors.de\/wp-content\/uploads\/cars_pictures\/2169071_2.jpg","https:\/\/cf-motors.de\/wp-content\/uploads\/cars_pictures\/2169071_3.jpg","https:\/\/cf-motors.de\/wp-content\/uploads\/cars_pictures\/2169071_4.jpg","https:\/\/cf-motors.de\/wp-content\/uploads\/cars_pictures\/2169071_5.jpg","https:\/\/cf-motors.de\/wp-content\/uploads\/cars_pictures\/2169071_6.jpg","https:\/\/cf-motors.de\/wp-content\/uploads\/cars_pictures\/2169071_7.jpg","https:\/\/cf-motors.de\/wp-content\/uploads\/cars_pictures\/2169071_8.jpg","https:\/\/cf-motors.de\/wp-content\/uploads\/cars_pictures\/2169071_9.jpg","https:\/\/cf-motors.de\/wp-content\/uploads\/cars_pictures\/2169071_10.jpg","https:\/\/cf-motors.de\/wp-content\/uploads\/cars_pictures\/2169071_11.jpg","https:\/\/cf-motors.de\/wp-content\/uploads\/cars_pictures\/2169071_12.jpg","https:\/\/cf-motors.de\/wp-content\/uploads\/cars_pictures\/2169071_13.jpg","https:\/\/cf-motors.de\/wp-content\/uploads\/cars_pictures\/2169071_14.jpg","https:\/\/cf-motors.de\/wp-content\/uploads\/cars_pictures\/2169071_15.jpg","https:\/\/cf-motors.de\/wp-content\/uploads\/cars_pictures\/2169071_16.jpg","https:\/\/cf-motors.de\/wp-content\/uploads\/cars_pictures\/2169071_17.jpg"],"vehica_6674":{"embed":"","url":""},"vehica_16721":"","vehica_18845":"Roma_black_Apr23","vehica_18846":"456 kW (620 PS)","vehica_18847":"234","vehica_18848":"","vehica_18849":"10.3","vehica_18850":"19","vehica_18851":"G","vehica_18852":"14.4","vehica_18853":"7.9","vehica_18855":"11\/2022","vehica_18856":"2022","vehica_18857":"","vehica_18858":"","vehica_22348":"3","vehica_22990":"620","vehica_346997":"0","vehica_437603":"G","vehica_439584":"","vehica_439585":"50;1755+115;4037+190;6669","vehica_439586":"1.85","vehica_439587":"2023","vehica_439588":"494","vehica_439589":"2858","vehica_449495":"234","vehica_449496":"10.3","vehica_449497":"","vehica_454484":"","vehica_454485":"","vehica_454486":"","vehica_454487":"","vehica_454488":"10.3","vehica_472325":"","vehica_472326":"","vehica_472327":"","vehica_472328":"234","vehica_472329":"G","vehica_472330":"","vehica_472331":"","vehica_472332":"","vehica_472333":"","vehica_472366":"","vehica_597916":"","_links":{"self":[{"href":"https:\/\/cf-motors.de\/de\/wp-json\/wp\/v2\/cars\/598192","targetHints":{"allow":["GET"]}}],"collection":[{"href":"https:\/\/cf-motors.de\/de\/wp-json\/wp\/v2\/cars"}],"about":[{"href":"https:\/\/cf-motors.de\/de\/wp-json\/wp\/v2\/types\/vehica_car"}],"author":[{"embeddable":true,"href":"https:\/\/cf-motors.de\/de\/wp-json\/wp\/v2\/users\/95"}],"wp:attachment":[{"href":"https:\/\/cf-motors.de\/de\/wp-json\/wp\/v2\/media?parent=598192"}],"wp:term":[{"taxonomy":"vehica_6654","embeddable":true,"href":"https:\/\/cf-motors.de\/de\/wp-json\/wp\/v2\/vehica_6654?post=598192"},{"taxonomy":"vehica_17481","embeddable":true,"href":"https:\/\/cf-motors.de\/de\/wp-json\/wp\/v2\/vehica_17481?post=598192"},{"taxonomy":"vehica_6655","embeddable":true,"href":"https:\/\/cf-motors.de\/de\/wp-json\/wp\/v2\/vehica_6655?post=598192"},{"taxonomy":"vehica_6659","embeddable":true,"href":"https:\/\/cf-motors.de\/de\/wp-json\/wp\/v2\/vehica_6659?post=598192"},{"taxonomy":"vehica_6660","embeddable":true,"href":"https:\/\/cf-motors.de\/de\/wp-json\/wp\/v2\/vehica_6660?post=598192"},{"taxonomy":"vehica_6657","embeddable":true,"href":"https:\/\/cf-motors.de\/de\/wp-json\/wp\/v2\/vehica_6657?post=598192"},{"taxonomy":"vehica_6661","embeddable":true,"href":"https:\/\/cf-motors.de\/de\/wp-json\/wp\/v2\/vehica_6661?post=598192"},{"taxonomy":"vehica_6662","embeddable":true,"href":"https:\/\/cf-motors.de\/de\/wp-json\/wp\/v2\/vehica_6662?post=598192"},{"taxonomy":"vehica_6663","embeddable":true,"href":"https:\/\/cf-motors.de\/de\/wp-json\/wp\/v2\/vehica_6663?post=598192"},{"taxonomy":"vehica_12974","embeddable":true,"href":"https:\/\/cf-motors.de\/de\/wp-json\/wp\/v2\/vehica_12974?post=598192"},{"taxonomy":"vehica_6666","embeddable":true,"href":"https:\/\/cf-motors.de\/de\/wp-json\/wp\/v2\/vehica_6666?post=598192"},{"taxonomy":"vehica_12770","embeddable":true,"href":"https:\/\/cf-motors.de\/de\/wp-json\/wp\/v2\/vehica_12770?post=598192"},{"taxonomy":"vehica_6670","embeddable":true,"href":"https:\/\/cf-motors.de\/de\/wp-json\/wp\/v2\/vehica_6670?post=598192"},{"taxonomy":"vehica_12723","embeddable":true,"href":"https:\/\/cf-motors.de\/de\/wp-json\/wp\/v2\/vehica_12723?post=598192"},{"taxonomy":"vehica_18854","embeddable":true,"href":"https:\/\/cf-motors.de\/de\/wp-json\/wp\/v2\/vehica_18854?post=598192"}],"curies":[{"name":"wp","href":"https:\/\/api.w.org\/{rel}","templated":true}]}}

<p>##VIELEN DANK FÜR IHR INTERESSE AN EINEM UNSERER FAHRZEUGE##<br />Wir freuen uns, Ihnen einen wunderschönen Ferrari Roma im Neuwagenzustand präsentieren zu dürfen. Bei Fragen stehen wir Ihnen gerne jederzeit zur Verfügung!<br />Exterieur: Nero Daytona<br />Interieur: Nero<br /><strong class='title'>Code/Option:</strong></p>
<ul>
<li>ACPL Apple CarPlay</li>
<li>BRAD Toterwinkelassistent</li>
<li>CALY Bremssättel in giallo modena</li>
<li>CLDT Streifen auf Sitzen in Farbe: Giallo</li>
<li>CLDX Streifen auf Sitz &amp; Armaturenbrett in Farbe: Giallo</li>
<li>CSB1 Sicherheitsgurte in Farbe: Giallo</li>
<li>DAYT Lederpolsterung in Daytona-Steppung</li>
<li>EMPH Cavallino-Rampante auf den Kopfstützen in Farbe: Giallo</li>
<li>EXAB Sportabgasanlage in matt schwarz Keramik (Blende)</li>
<li>FCAM Frontkamera mit Verkehrszeichenerkennung</li>
<li>FLMA Fußmatten mit gesticktem Schriftzug</li>
<li>LEDS Lenkrad mit Carbon und LEDS</li>
<li>LOGO Scuderia Ferrari Embleme</li>
<li>MADM Magneride Dual-Mode-Suspension</li>
<li>MIR3 Außenspiegel (selbstabblendend)</li>
<li>PDIS Display Beifahrerseite</li>
<li>PLAL Fußablage (Fußraum) in aluminium</li>
<li>RSFD 20&#8243; geschmiedete Felge in diamant cut grigio</li>
<li>RSFV Vollelektrisch verstellbare Sitze belüftet</li>
<li>SNDB Premium Hi-Fi System</li>
<li>STC2 Nähte (verstärkt) in Farbe: Giallo</li>
<li>SURR 360° Kamera (Surround View)</li>
<li>XLED Aktiv-Matrix-LED-Scheinwerfer</li>
</ul>
<p><strong>VIELEN DANK FÜR IHR INTERESSE AN EINEM UNSERER FAHRZEUGE</strong></p>
<hr/>
<p><strong>Garantie &amp; Qualitätssiegel:</strong></p>
<ul>
<li>Gebrauchtwagengarantie</li>
</ul>
<p><strong class='title'>Assistenzsysteme:</strong></p>
<ul>
<li>360-Grad-Kamera</li>
<li>Einparkhilfe hinten</li>
<li>Einparkhilfe vorne</li>
<li>Frontkamera</li>
<li>Rückfahrkamera</li>
<li>Totwinkel-Assistent</li>
</ul>
<p><strong class='title'>Licht:</strong></p>
<ul>
<li>LED Scheinwerfer</li>
<li>LED Tagfahrlicht</li>
<li>Matrix LED Scheinwerfer</li>
</ul>
<p><strong class='title'>Media &amp; Infotainment:</strong></p>
<ul>
<li>Apple Car Play / Vorbereitung</li>
<li>Bluetooth Schnittstelle</li>
<li>iPod®/iPhone®/Android Schnittstelle</li>
<li>Soundsystem JBL</li>
<li>Touchscreen-Display</li>
</ul>
<p><strong class='title'>Komfort &amp; Klima:</strong></p>
<ul>
<li>elektrische Fensterheber</li>
<li>elektrische Sitzverstellung Fahrer/Beifahrer mit Fahrermemory</li>
<li>Klimaautomatik</li>
<li>Sitzheizung</li>
<li>Sportsitz(e)</li>
</ul>
<p><strong class='title'>Reifen &amp; Felgen:</strong></p>
<ul>
<li>Alufelgen 20 Zoll</li>
</ul>
<p><strong class='title'>Exterieur &amp; Design:</strong></p>
<ul>
<li>Bremssättel gelb</li>
</ul>
<p><strong class='title'>Interieur &amp; Design:</strong></p>
<ul>
<li>Beifahrer-Display</li>
<li>Getränkehalter</li>
<li>Kontrastnähte</li>
<li>Schaltwippen am Lenkrad</li>
<li>Sportpedale Edelstahl</li>
<li>virtuelle Instrumente</li>
</ul>
<p><strong class='title'>Umwelt &amp; Laden:</strong></p>
<ul>
<li>Effizienzklasse G</li>
<li>EURO 6d</li>
<li>Umweltplakette 4</li>
</ul>
<p><strong class='title'>Getriebe:</strong></p>
<ul>
<li>Doppelkupplungsgetriebe</li>
</ul>
<p><strong class='title'>Weitere Informationen:</strong></p>
<ul>
<li>Scheckheft</li>
<li>unfallfrei</li>
</ul>
<p></p>
<hr/>
<p>Zwischenverkauf und Irrtümer vorbehalten. Die Fahrzeugbeschreibung dient ausschließlich der allgemeinen Identifikation des Fahrzeugs und stellt keine rechtsverbindliche Gewährleistung dar. Verbindlich sind nur die Vereinbarungen im Kaufvertrag und der Auftragsbestätigung. Bitte beachten Sie, dass bestimmte Sonderausstattungen zusätzliche Kosten verursachen können. Detaillierte Informationen zum Ausstattungsumfang erhalten Sie von unserem Verkaufspersonal.</p>
