{"id":598157,"date":"2026-04-30T09:00:19","date_gmt":"2026-04-30T09:00:19","guid":{"rendered":"http:\/\/cf-motors.de\/de\/listing\/mercedes-benz-g-500-4x4%c2%b2\/"},"modified":"2026-04-30T09:00:19","modified_gmt":"2026-04-30T09:00:19","slug":"mercedes-benz-g-500-4x4%c2%b2","status":"publish","type":"vehica_car","link":"https:\/\/cf-motors.de\/de\/listing\/mercedes-benz-g-500-4x4%c2%b2\/","title":{"rendered":"MERCEDES-BENZ G 500 4&#215;4\u00b2"},"content":{"rendered":"<p><strong>VIELEN DANK F\u00dcR IHR INTERESSE AN EINEM UNSERER FAHRZEUGE<\/strong><\/p>\n<hr\/>\n<p>Auszug aus der umfangreichen Ausstattung:<br \/>&#8211; Ablagenetz<br \/>&#8211; ADAPTIVE Brake<br \/>&#8211; Allradantrieb permanent, mit Differential-Ausgleichsgetriebe<br \/>&#8211; Ambientebeleuchtung<br \/>&#8211; AMG Sportsitze<br \/>&#8211; AMG Zierelemente Carbon<br \/>&#8211; Anbauteile und K\u00fchlergrill in Wagenfarbe lackiert<br \/>&#8211; Anh\u00e4ngersteckdose<br \/>&#8211; Au\u00dfenspiegel links und rechts beheizt, elektrisch verstellbar<br \/>&#8211; Bi-Xenon-Scheinwerfer<br \/>&#8211; Bremsassistent BAS<br \/>&#8211; Bremss\u00e4ttel und Federn vorne und hinten rot lackiert<br \/>&#8211; Chrom-Paket<br \/>&#8211; COMAND Controller<br \/>&#8211; COMAND Online mit DVD-Wechsler<br \/>&#8211; Dachspoiler vorne<br \/>&#8211; Designo Exklusiv-Paket<br \/>&#8211; Instrumententafel Leder schwarz<br \/>&#8211; Sitzkomfort-Paket<br \/>&#8211; Differentialsperren<br \/>&#8211; DINAMICA Interieur-Paket<br \/>&#8211; Einbruch- und Diebstahlwarnanlage<br \/>&#8211; Elektronisches Traktion-Sytem (4ETS)<br \/>&#8211; Fahrlicht-Assistent<br \/>&#8211; Fahrwerk mit Stahlfederung<br \/>&#8211; Feuerl\u00f6scher<br \/>&#8211; Fondsitzbank klappbar<br \/>&#8211; Garagentor\u00f6ffner<br \/>&#8211; Gel\u00e4ndeuntersetzung<br \/>&#8211; Harman Kardon Logic7 Surround-Soundsystem<br \/>&#8211; Lautsprecher 9-fach<br \/>&#8211; Hochleistungsbremsanlage<br \/>&#8211; Klimatisierungsautomatik THERMATIC<br \/>&#8211; Kraftstofftank ca. 96l<br \/>&#8211; Portalachsen<br \/>&#8211; Regensensor f\u00fcr Frontscheibenwischer<br \/>&#8211; Reifendruckkontrolle<br \/>&#8211; R\u00fcckfahrkamera<br \/>&#8211; Schiebedach elektrisch<br \/>&#8211; Sitzheizung Fahrer\/Beifahrer und Fondsitze<br \/>&#8211; Sportabgasanlage  mit 2 Doppelendrohrblenden<br \/>&#8211; Sportlenkrad mit DINAMICA\/Leder Applikation<br \/>&#8211; Standheizung<br \/>&#8211; TIREFIT<br \/>&#8211; TV-Tuner<br \/>&#8211; Unterfahrschutz 2-fach in Edelstahl, geb\u00fcrstet<br \/>&#8211; Upfront- und \u00dcberrollsensorik<br \/>&#8211; Verstelld\u00e4mpfung<br \/>&#8211; Elektrisch verstellbare Sitze Fahrer\/Beifahrer<br \/>&#8211; Warnsummer und Warnanzeige<br \/>&#8211; Windschutzscheibe heizbar<\/p>\n<hr\/>\n<p><strong>Ausstattungspakete:<\/strong><\/p>\n<ul>\n<li>Exklusiv Paket<\/li>\n<\/ul>\n<p><strong class='title'>Garantie &amp; Qualit\u00e4tssiegel:<\/strong><\/p>\n<ul>\n<li>Gebrauchtwagengarantie<\/li>\n<\/ul>\n<p><strong class='title'>Assistenzsysteme:<\/strong><\/p>\n<ul>\n<li>Lichtsensor<\/li>\n<li>Regensensor<\/li>\n<li>R\u00fcckfahrkamera<\/li>\n<\/ul>\n<p><strong class='title'>Licht:<\/strong><\/p>\n<ul>\n<li>adaptives Bremslicht<\/li>\n<li>Bi-Xenon<\/li>\n<li>Blinkleuchten seitlich in die Au\u00dfenspiegel integriert<\/li>\n<li>LED Tagfahrlicht<\/li>\n<li>Nebelscheinwerfer-\/Funktion<\/li>\n<\/ul>\n<p><strong class='title'>Media &amp; Infotainment:<\/strong><\/p>\n<ul>\n<li>Bluetooth Schnittstelle<\/li>\n<li>CD-Player<\/li>\n<li>COMAND Online<\/li>\n<li>Controller auf Mittelkonsole<\/li>\n<li>Freisprecheinrichtung<\/li>\n<li>Harman Kardon Logic 7 Surround-Soundsystem<\/li>\n<li>Navigation \/ Online Navigation<\/li>\n<li>SD-Kartenschacht<\/li>\n<li>Telefonvorbereitung mit Bluetooth<\/li>\n<li>USB-Schnittstelle\/Anschluss<\/li>\n<\/ul>\n<p><strong class='title'>Sicherheit &amp; Technik:<\/strong><\/p>\n<ul>\n<li>Alarmanlage<\/li>\n<li>Antiblockiersystem (ABS)<\/li>\n<li>Antriebsschlupfregelung (ASR)<\/li>\n<li>Beifahrerairbag<\/li>\n<li>Bremsassistent (BAS)<\/li>\n<li>Diff.-Sperre<\/li>\n<li>elektronisches Stabilit\u00e4ts Programm (ESP)<\/li>\n<li>elektronisches Traktionssystem (ETS)<\/li>\n<li>Fahrerairbag<\/li>\n<li>Fahrwerk mit erh\u00f6hter Bodenfreiheit<\/li>\n<li>Gurtanlegekontrolle<\/li>\n<li>Kopfairbagsystem<\/li>\n<li>Pelvisbag<\/li>\n<li>Seitenairbags vorn<\/li>\n<li>Wegfahrsperre<\/li>\n<\/ul>\n<p><strong class='title'>Komfort &amp; Klima:<\/strong><\/p>\n<ul>\n<li>4xSitzheizung<\/li>\n<li>12V Steckdose<\/li>\n<li>abgedunkelte Scheibe(n)<\/li>\n<li>ATA \/ Aussentemperaturanzeige<\/li>\n<li>Bordcomputer<\/li>\n<li>Center Lock Schalter<\/li>\n<li>Drehzahlmesser<\/li>\n<li>elektr. Spiegel beheizt<\/li>\n<li>elektrische Fensterheber<\/li>\n<li>elektrische Sitzverstellung Fahrer\/Beifahrer mit Fahrermemory<\/li>\n<li>Heckscheibenwischer<\/li>\n<li>Innenspiegel automatisch abblendend<\/li>\n<li>ISOFIX Kindersitzbefestigung<\/li>\n<li>Klimaautomatik<\/li>\n<li>Memory-Funktion f\u00fcr Beifahrersitz<\/li>\n<li>Mittelarmlehne<\/li>\n<li>Scheinwerferreinigungsanlage (SRA)<\/li>\n<li>Servolenkung<\/li>\n<li>Standheizung<\/li>\n<li>teilbare R\u00fccksitzbank\/-Lehne<\/li>\n<li>Telematik\/Notrufsystem (Vorbereitung)<\/li>\n<li>Zentralverriegelung mit Fernbedienung<\/li>\n<\/ul>\n<p><strong class='title'>Reifen &amp; Felgen:<\/strong><\/p>\n<ul>\n<li>Alufelgen 22 Zoll<\/li>\n<li>Reifendruck-Kontrolle<\/li>\n<\/ul>\n<p><strong class='title'>Exterieur &amp; Design:<\/strong><\/p>\n<ul>\n<li>Bremss\u00e4ttel rot<\/li>\n<li>Chrompaket<\/li>\n<li>Sportabgasanlage<\/li>\n<li>Trittbretter<\/li>\n<li>Unterfahr-\/Motorschutz<\/li>\n<\/ul>\n<p><strong class='title'>Interieur &amp; Design:<\/strong><\/p>\n<ul>\n<li>Ambientebeleuchtung<\/li>\n<li>Bedienelemente am Lenkrad<\/li>\n<li>Dachhimmel Microfaser Dinamica<\/li>\n<li>Einstiegsschienen mit Schriftzug Mercedes-Benz<\/li>\n<li>elektrische Lenkradverstellung<\/li>\n<li>elektrisches Hubstahlschiebedach<\/li>\n<li>Getr\u00e4nkehalter<\/li>\n<li>Multifunktionslenkrad<\/li>\n<li>Schaltwippen am Lenkrad<\/li>\n<\/ul>\n<p><strong class='title'>Gep\u00e4ck- \/ Ladehilfen:<\/strong><\/p>\n<ul>\n<li>Trennnetz<\/li>\n<li>Verzurr\u00f6sen<\/li>\n<\/ul>\n<p><strong class='title'>Umwelt &amp; Laden:<\/strong><\/p>\n<ul>\n<li>Effizienzklasse E<\/li>\n<li>EURO VI<\/li>\n<li>Katalysator<\/li>\n<li>Start\/Stopp Automatic<\/li>\n<li>Umweltplakette 4<\/li>\n<\/ul>\n<p><strong class='title'>Getriebe:<\/strong><\/p>\n<ul>\n<li>7G-Tronic Plus<\/li>\n<\/ul>\n<p><strong class='title'>Weitere Informationen:<\/strong><\/p>\n<ul>\n<li>Im Kundenauftrag<\/li>\n<li>Scheckheft<\/li>\n<li>unfallfrei<\/li>\n<\/ul>\n<p><\/p>\n<hr\/>\n<p>Zwischenverkauf und Irrt\u00fcmer vorbehalten. Die Fahrzeugbeschreibung dient ausschlie\u00dflich der allgemeinen Identifikation des Fahrzeugs und stellt keine rechtsverbindliche Gew\u00e4hrleistung dar. Verbindlich sind nur die Vereinbarungen im Kaufvertrag und der Auftragsbest\u00e4tigung. Bitte beachten Sie, dass bestimmte Sonderausstattungen zus\u00e4tzliche Kosten verursachen k\u00f6nnen. Detaillierte Informationen zum Ausstattungsumfang erhalten Sie von unserem Verkaufspersonal.<\/p>\n","protected":false},"author":95,"featured_media":0,"template":"","vehica_6654":[2073],"vehica_17481":[2452],"vehica_6655":[2476],"vehica_6659":[2720],"vehica_6660":[2721],"vehica_6657":[],"vehica_6661":[],"vehica_6662":[2483],"vehica_6663":[2107],"vehica_12974":[],"vehica_6666":[2328],"vehica_12770":[],"vehica_6670":[],"vehica_12723":[],"vehica_18854":[2480],"class_list":["post-598157","vehica_car","type-vehica_car","status-publish","hentry","vehica_6654-used","vehica_17481-car","vehica_6655-car","vehica_6659-mercedes-benz","vehica_6660-g-500","vehica_6662-automatic_gear","vehica_6663-petrol","vehica_6666-white","vehica_18854-euro6"],"vehica_6656":{"vehica_currency_6656_2316":199900},"vehica_14696":"2017","vehica_6664":"880","vehica_6665":"3982","vehica_6671":"","vehica_6673":["https:\/\/cf-motors.de\/wp-content\/uploads\/cars_pictures\/2065884_1.jpg","https:\/\/cf-motors.de\/wp-content\/uploads\/cars_pictures\/2065884_2.jpg","https:\/\/cf-motors.de\/wp-content\/uploads\/cars_pictures\/2065884_3.jpg","https:\/\/cf-motors.de\/wp-content\/uploads\/cars_pictures\/2065884_4.jpg","https:\/\/cf-motors.de\/wp-content\/uploads\/cars_pictures\/2065884_5.jpg","https:\/\/cf-motors.de\/wp-content\/uploads\/cars_pictures\/2065884_6.jpg","https:\/\/cf-motors.de\/wp-content\/uploads\/cars_pictures\/2065884_7.jpg","https:\/\/cf-motors.de\/wp-content\/uploads\/cars_pictures\/2065884_8.jpg","https:\/\/cf-motors.de\/wp-content\/uploads\/cars_pictures\/2065884_9.jpg","https:\/\/cf-motors.de\/wp-content\/uploads\/cars_pictures\/2065884_10.jpg","https:\/\/cf-motors.de\/wp-content\/uploads\/cars_pictures\/2065884_11.jpg","https:\/\/cf-motors.de\/wp-content\/uploads\/cars_pictures\/2065884_12.jpg","https:\/\/cf-motors.de\/wp-content\/uploads\/cars_pictures\/2065884_13.jpg","https:\/\/cf-motors.de\/wp-content\/uploads\/cars_pictures\/2065884_14.jpg","https:\/\/cf-motors.de\/wp-content\/uploads\/cars_pictures\/2065884_15.jpg"],"vehica_6674":{"embed":"","url":""},"vehica_16721":"","vehica_18845":"G5004x4_white","vehica_18846":"310 kW (421 PS)","vehica_18847":"323","vehica_18848":"","vehica_18849":"13.8","vehica_18850":"19","vehica_18851":"E","vehica_18852":"16.3","vehica_18853":"12.3","vehica_18855":"07\/2017","vehica_18856":"2017","vehica_18857":"","vehica_18858":"","vehica_22348":"3","vehica_22990":"421","vehica_346997":"0","vehica_437603":"G","vehica_439584":"","vehica_439585":"50;2423+115;5572+190;9206","vehica_439586":"1.85","vehica_439587":"2023","vehica_439588":"536","vehica_439589":"3830","vehica_449495":"323","vehica_449496":"13.8","vehica_449497":"","vehica_454484":"","vehica_454485":"","vehica_454486":"","vehica_454487":"","vehica_454488":"13.8","vehica_472325":"","vehica_472326":"","vehica_472327":"","vehica_472328":"323","vehica_472329":"G","vehica_472330":"","vehica_472331":"","vehica_472332":"","vehica_472333":"","vehica_472366":"","vehica_597916":"","_links":{"self":[{"href":"https:\/\/cf-motors.de\/de\/wp-json\/wp\/v2\/cars\/598157","targetHints":{"allow":["GET"]}}],"collection":[{"href":"https:\/\/cf-motors.de\/de\/wp-json\/wp\/v2\/cars"}],"about":[{"href":"https:\/\/cf-motors.de\/de\/wp-json\/wp\/v2\/types\/vehica_car"}],"author":[{"embeddable":true,"href":"https:\/\/cf-motors.de\/de\/wp-json\/wp\/v2\/users\/95"}],"wp:attachment":[{"href":"https:\/\/cf-motors.de\/de\/wp-json\/wp\/v2\/media?parent=598157"}],"wp:term":[{"taxonomy":"vehica_6654","embeddable":true,"href":"https:\/\/cf-motors.de\/de\/wp-json\/wp\/v2\/vehica_6654?post=598157"},{"taxonomy":"vehica_17481","embeddable":true,"href":"https:\/\/cf-motors.de\/de\/wp-json\/wp\/v2\/vehica_17481?post=598157"},{"taxonomy":"vehica_6655","embeddable":true,"href":"https:\/\/cf-motors.de\/de\/wp-json\/wp\/v2\/vehica_6655?post=598157"},{"taxonomy":"vehica_6659","embeddable":true,"href":"https:\/\/cf-motors.de\/de\/wp-json\/wp\/v2\/vehica_6659?post=598157"},{"taxonomy":"vehica_6660","embeddable":true,"href":"https:\/\/cf-motors.de\/de\/wp-json\/wp\/v2\/vehica_6660?post=598157"},{"taxonomy":"vehica_6657","embeddable":true,"href":"https:\/\/cf-motors.de\/de\/wp-json\/wp\/v2\/vehica_6657?post=598157"},{"taxonomy":"vehica_6661","embeddable":true,"href":"https:\/\/cf-motors.de\/de\/wp-json\/wp\/v2\/vehica_6661?post=598157"},{"taxonomy":"vehica_6662","embeddable":true,"href":"https:\/\/cf-motors.de\/de\/wp-json\/wp\/v2\/vehica_6662?post=598157"},{"taxonomy":"vehica_6663","embeddable":true,"href":"https:\/\/cf-motors.de\/de\/wp-json\/wp\/v2\/vehica_6663?post=598157"},{"taxonomy":"vehica_12974","embeddable":true,"href":"https:\/\/cf-motors.de\/de\/wp-json\/wp\/v2\/vehica_12974?post=598157"},{"taxonomy":"vehica_6666","embeddable":true,"href":"https:\/\/cf-motors.de\/de\/wp-json\/wp\/v2\/vehica_6666?post=598157"},{"taxonomy":"vehica_12770","embeddable":true,"href":"https:\/\/cf-motors.de\/de\/wp-json\/wp\/v2\/vehica_12770?post=598157"},{"taxonomy":"vehica_6670","embeddable":true,"href":"https:\/\/cf-motors.de\/de\/wp-json\/wp\/v2\/vehica_6670?post=598157"},{"taxonomy":"vehica_12723","embeddable":true,"href":"https:\/\/cf-motors.de\/de\/wp-json\/wp\/v2\/vehica_12723?post=598157"},{"taxonomy":"vehica_18854","embeddable":true,"href":"https:\/\/cf-motors.de\/de\/wp-json\/wp\/v2\/vehica_18854?post=598157"}],"curies":[{"name":"wp","href":"https:\/\/api.w.org\/{rel}","templated":true}]}}

<p><strong>VIELEN DANK FÜR IHR INTERESSE AN EINEM UNSERER FAHRZEUGE</strong></p>
<hr/>
<p>Auszug aus der umfangreichen Ausstattung:<br />&#8211; Ablagenetz<br />&#8211; ADAPTIVE Brake<br />&#8211; Allradantrieb permanent, mit Differential-Ausgleichsgetriebe<br />&#8211; Ambientebeleuchtung<br />&#8211; AMG Sportsitze<br />&#8211; AMG Zierelemente Carbon<br />&#8211; Anbauteile und Kühlergrill in Wagenfarbe lackiert<br />&#8211; Anhängersteckdose<br />&#8211; Außenspiegel links und rechts beheizt, elektrisch verstellbar<br />&#8211; Bi-Xenon-Scheinwerfer<br />&#8211; Bremsassistent BAS<br />&#8211; Bremssättel und Federn vorne und hinten rot lackiert<br />&#8211; Chrom-Paket<br />&#8211; COMAND Controller<br />&#8211; COMAND Online mit DVD-Wechsler<br />&#8211; Dachspoiler vorne<br />&#8211; Designo Exklusiv-Paket<br />&#8211; Instrumententafel Leder schwarz<br />&#8211; Sitzkomfort-Paket<br />&#8211; Differentialsperren<br />&#8211; DINAMICA Interieur-Paket<br />&#8211; Einbruch- und Diebstahlwarnanlage<br />&#8211; Elektronisches Traktion-Sytem (4ETS)<br />&#8211; Fahrlicht-Assistent<br />&#8211; Fahrwerk mit Stahlfederung<br />&#8211; Feuerlöscher<br />&#8211; Fondsitzbank klappbar<br />&#8211; Garagentoröffner<br />&#8211; Geländeuntersetzung<br />&#8211; Harman Kardon Logic7 Surround-Soundsystem<br />&#8211; Lautsprecher 9-fach<br />&#8211; Hochleistungsbremsanlage<br />&#8211; Klimatisierungsautomatik THERMATIC<br />&#8211; Kraftstofftank ca. 96l<br />&#8211; Portalachsen<br />&#8211; Regensensor für Frontscheibenwischer<br />&#8211; Reifendruckkontrolle<br />&#8211; Rückfahrkamera<br />&#8211; Schiebedach elektrisch<br />&#8211; Sitzheizung Fahrer/Beifahrer und Fondsitze<br />&#8211; Sportabgasanlage  mit 2 Doppelendrohrblenden<br />&#8211; Sportlenkrad mit DINAMICA/Leder Applikation<br />&#8211; Standheizung<br />&#8211; TIREFIT<br />&#8211; TV-Tuner<br />&#8211; Unterfahrschutz 2-fach in Edelstahl, gebürstet<br />&#8211; Upfront- und Überrollsensorik<br />&#8211; Verstelldämpfung<br />&#8211; Elektrisch verstellbare Sitze Fahrer/Beifahrer<br />&#8211; Warnsummer und Warnanzeige<br />&#8211; Windschutzscheibe heizbar</p>
<hr/>
<p><strong>Ausstattungspakete:</strong></p>
<ul>
<li>Exklusiv Paket</li>
</ul>
<p><strong class='title'>Garantie &amp; Qualitätssiegel:</strong></p>
<ul>
<li>Gebrauchtwagengarantie</li>
</ul>
<p><strong class='title'>Assistenzsysteme:</strong></p>
<ul>
<li>Lichtsensor</li>
<li>Regensensor</li>
<li>Rückfahrkamera</li>
</ul>
<p><strong class='title'>Licht:</strong></p>
<ul>
<li>adaptives Bremslicht</li>
<li>Bi-Xenon</li>
<li>Blinkleuchten seitlich in die Außenspiegel integriert</li>
<li>LED Tagfahrlicht</li>
<li>Nebelscheinwerfer-/Funktion</li>
</ul>
<p><strong class='title'>Media &amp; Infotainment:</strong></p>
<ul>
<li>Bluetooth Schnittstelle</li>
<li>CD-Player</li>
<li>COMAND Online</li>
<li>Controller auf Mittelkonsole</li>
<li>Freisprecheinrichtung</li>
<li>Harman Kardon Logic 7 Surround-Soundsystem</li>
<li>Navigation / Online Navigation</li>
<li>SD-Kartenschacht</li>
<li>Telefonvorbereitung mit Bluetooth</li>
<li>USB-Schnittstelle/Anschluss</li>
</ul>
<p><strong class='title'>Sicherheit &amp; Technik:</strong></p>
<ul>
<li>Alarmanlage</li>
<li>Antiblockiersystem (ABS)</li>
<li>Antriebsschlupfregelung (ASR)</li>
<li>Beifahrerairbag</li>
<li>Bremsassistent (BAS)</li>
<li>Diff.-Sperre</li>
<li>elektronisches Stabilitäts Programm (ESP)</li>
<li>elektronisches Traktionssystem (ETS)</li>
<li>Fahrerairbag</li>
<li>Fahrwerk mit erhöhter Bodenfreiheit</li>
<li>Gurtanlegekontrolle</li>
<li>Kopfairbagsystem</li>
<li>Pelvisbag</li>
<li>Seitenairbags vorn</li>
<li>Wegfahrsperre</li>
</ul>
<p><strong class='title'>Komfort &amp; Klima:</strong></p>
<ul>
<li>4xSitzheizung</li>
<li>12V Steckdose</li>
<li>abgedunkelte Scheibe(n)</li>
<li>ATA / Aussentemperaturanzeige</li>
<li>Bordcomputer</li>
<li>Center Lock Schalter</li>
<li>Drehzahlmesser</li>
<li>elektr. Spiegel beheizt</li>
<li>elektrische Fensterheber</li>
<li>elektrische Sitzverstellung Fahrer/Beifahrer mit Fahrermemory</li>
<li>Heckscheibenwischer</li>
<li>Innenspiegel automatisch abblendend</li>
<li>ISOFIX Kindersitzbefestigung</li>
<li>Klimaautomatik</li>
<li>Memory-Funktion für Beifahrersitz</li>
<li>Mittelarmlehne</li>
<li>Scheinwerferreinigungsanlage (SRA)</li>
<li>Servolenkung</li>
<li>Standheizung</li>
<li>teilbare Rücksitzbank/-Lehne</li>
<li>Telematik/Notrufsystem (Vorbereitung)</li>
<li>Zentralverriegelung mit Fernbedienung</li>
</ul>
<p><strong class='title'>Reifen &amp; Felgen:</strong></p>
<ul>
<li>Alufelgen 22 Zoll</li>
<li>Reifendruck-Kontrolle</li>
</ul>
<p><strong class='title'>Exterieur &amp; Design:</strong></p>
<ul>
<li>Bremssättel rot</li>
<li>Chrompaket</li>
<li>Sportabgasanlage</li>
<li>Trittbretter</li>
<li>Unterfahr-/Motorschutz</li>
</ul>
<p><strong class='title'>Interieur &amp; Design:</strong></p>
<ul>
<li>Ambientebeleuchtung</li>
<li>Bedienelemente am Lenkrad</li>
<li>Dachhimmel Microfaser Dinamica</li>
<li>Einstiegsschienen mit Schriftzug Mercedes-Benz</li>
<li>elektrische Lenkradverstellung</li>
<li>elektrisches Hubstahlschiebedach</li>
<li>Getränkehalter</li>
<li>Multifunktionslenkrad</li>
<li>Schaltwippen am Lenkrad</li>
</ul>
<p><strong class='title'>Gepäck- / Ladehilfen:</strong></p>
<ul>
<li>Trennnetz</li>
<li>Verzurrösen</li>
</ul>
<p><strong class='title'>Umwelt &amp; Laden:</strong></p>
<ul>
<li>Effizienzklasse E</li>
<li>EURO VI</li>
<li>Katalysator</li>
<li>Start/Stopp Automatic</li>
<li>Umweltplakette 4</li>
</ul>
<p><strong class='title'>Getriebe:</strong></p>
<ul>
<li>7G-Tronic Plus</li>
</ul>
<p><strong class='title'>Weitere Informationen:</strong></p>
<ul>
<li>Im Kundenauftrag</li>
<li>Scheckheft</li>
<li>unfallfrei</li>
</ul>
<p></p>
<hr/>
<p>Zwischenverkauf und Irrtümer vorbehalten. Die Fahrzeugbeschreibung dient ausschließlich der allgemeinen Identifikation des Fahrzeugs und stellt keine rechtsverbindliche Gewährleistung dar. Verbindlich sind nur die Vereinbarungen im Kaufvertrag und der Auftragsbestätigung. Bitte beachten Sie, dass bestimmte Sonderausstattungen zusätzliche Kosten verursachen können. Detaillierte Informationen zum Ausstattungsumfang erhalten Sie von unserem Verkaufspersonal.</p>
